{"id":228324,"date":"2017-07-25T13:41:10","date_gmt":"2017-07-25T17:41:10","guid":{"rendered":"https:\/\/policyoptions.irpp.org\/podcast\/supporting-academic-freedom-globally-2\/"},"modified":"2025-08-26T01:04:40","modified_gmt":"2025-08-26T05:04:40","slug":"supporting-academic-freedom-globally-2","status":"publish","type":"podcast","link":"https:\/\/policyoptions.irpp.org\/fr\/podcast\/supporting-academic-freedom-globally-2\/","title":{"rendered":"Supporting academic freedom globally"},"content":{"rendered":"<p>En 2016, la professeure d\u2019anthropologie de l\u2019Universit\u00e9 Concordia Homa Hoodfar s\u2019est fait arr\u00eater en Iran lorsqu\u2019elle y menait des recherches sur le f\u00e9minisme et les questions de s\u00e9curit\u00e9. Durant les 112 jours qu\u2019elle a pass\u00e9s en prison, elle a r\u00e9fl\u00e9chi sur la libert\u00e9 universitaire et les facteurs menant \u00e0 l\u2019incarc\u00e9ration de chercheurs partout dans le monde.<\/p>\n<p>Dans une discussion au Congr\u00e8s de sciences humaines de 2017, dont <em><a href=\"https:\/\/policyoptions.irpp.org\/fr\/magazines\/july-2017\/academic-freedom-as-a-transnational-right\/\">Options publiques <\/a><\/em><a href=\"https:\/\/policyoptions.irpp.org\/fr\/magazines\/july-2017\/academic-freedom-as-a-transnational-right\/\">a publi\u00e9 un extrait<\/a>, Mme Hoodfar observe que la libert\u00e9 universitaire doit \u00eatre reconnue comme un droit transnational par les gouvernements partout dans le monde, ce qui favoriserait grandement la protection des universitaires et leur contribution au bien public. Dans ce balado, elle pr\u00e9cise les implications d\u2019une telle reconnaissance.<\/p>\n<p>Vous pouvez envoyer vos commentaires par Twitter \u00e0 @IRPP ou \u00e0 @AlexShadeed.<\/p>\n","protected":false},"excerpt":{"rendered":"<p>En 2016, la professeure d\u2019anthropologie de l\u2019Universit\u00e9 Concordia Homa Hoodfar s\u2019est fait arr\u00eater en Iran lorsqu\u2019elle y menait des recherches sur le f\u00e9minisme et les questions de s\u00e9curit\u00e9. Durant les 112 jours qu\u2019elle a pass\u00e9s en prison, elle a r\u00e9fl\u00e9chi sur la libert\u00e9 universitaire et les facteurs menant \u00e0 l\u2019incarc\u00e9ration de chercheurs partout dans le [&hellip;]<\/p>\n","protected":false},"featured_media":228318,"template":"","meta":{"_acf_changed":false,"content-type":"","ep_exclude_from_search":false},"categories":[9368,9381,9360,9372],"tags":[],"irpp-category":[4217,4352],"section":[],"irpp-tag":[],"class_list":["post-228324","podcast","type-podcast","status-publish","has-post-thumbnail","hentry","category-podcasts-fr","category-education-fr","category-international","category-recent-stories-fr","irpp-category-affaires-internationales","irpp-category-education"],"acf":[],"yoast_head":"<!-- This site is optimized with the Yoast SEO plugin v27.4 - https:\/\/yoast.com\/product\/yoast-seo-wordpress\/ -->\n<title>Supporting academic freedom globally - Policy Options<\/title>\n<meta name=\"robots\" content=\"index, follow, max-snippet:-1, max-image-preview:large, max-video-preview:-1\" \/>\n<link rel=\"canonical\" href=\"https:\/\/policyoptions.irpp.org\/fr\/podcast\/supporting-academic-freedom-globally-2\/\" \/>\n<meta property=\"og:locale\" content=\"fr_FR\" \/>\n<meta property=\"og:type\" content=\"article\" \/>\n<meta property=\"og:title\" content=\"Supporting academic freedom globally - Policy Options\" \/>\n<meta property=\"og:description\" content=\"En 2016, la professeure d\u2019anthropologie de l\u2019Universit\u00e9 Concordia Homa Hoodfar s\u2019est fait arr\u00eater en Iran lorsqu\u2019elle y menait des recherches sur le f\u00e9minisme et les questions de s\u00e9curit\u00e9. Durant les 112 jours qu\u2019elle a pass\u00e9s en prison, elle a r\u00e9fl\u00e9chi sur la libert\u00e9 universitaire et les facteurs menant \u00e0 l\u2019incarc\u00e9ration de chercheurs partout dans le [&hellip;]\" \/>\n<meta property=\"og:url\" content=\"https:\/\/policyoptions.irpp.org\/fr\/podcast\/supporting-academic-freedom-globally-2\/\" \/>\n<meta property=\"og:site_name\" content=\"Policy Options\" \/>\n<meta property=\"article:publisher\" content=\"https:\/\/www.facebook.com\/IRPP.org\" \/>\n<meta property=\"article:modified_time\" content=\"2025-08-26T05:04:40+00:00\" \/>\n<meta property=\"og:image\" content=\"https:\/\/policyoptions.irpp.org\/wp-content\/uploads\/2025\/08\/Podcast-Hoodfar-cover.jpg\" \/>\n\t<meta property=\"og:image:width\" content=\"2000\" \/>\n\t<meta property=\"og:image:height\" content=\"700\" \/>\n\t<meta property=\"og:image:type\" content=\"image\/jpeg\" \/>\n<meta name=\"twitter:card\" content=\"summary_large_image\" \/>\n<meta name=\"twitter:site\" content=\"@irpp\" \/>\n<meta name=\"twitter:label1\" content=\"Est. reading time\" \/>\n\t<meta name=\"twitter:data1\" content=\"1 minute\" \/>\n<script type=\"application\/ld+json\" class=\"yoast-schema-graph\">{\"@context\":\"https:\\\/\\\/schema.org\",\"@graph\":[{\"@type\":\"WebPage\",\"@id\":\"https:\\\/\\\/policyoptions.irpp.org\\\/fr\\\/podcast\\\/supporting-academic-freedom-globally-2\\\/\",\"url\":\"https:\\\/\\\/policyoptions.irpp.org\\\/fr\\\/podcast\\\/supporting-academic-freedom-globally-2\\\/\",\"name\":\"Supporting academic freedom globally - Policy Options\",\"isPartOf\":{\"@id\":\"https:\\\/\\\/policyoptions.irpp.org\\\/fr\\\/#website\"},\"primaryImageOfPage\":{\"@id\":\"https:\\\/\\\/policyoptions.irpp.org\\\/fr\\\/podcast\\\/supporting-academic-freedom-globally-2\\\/#primaryimage\"},\"image\":{\"@id\":\"https:\\\/\\\/policyoptions.irpp.org\\\/fr\\\/podcast\\\/supporting-academic-freedom-globally-2\\\/#primaryimage\"},\"thumbnailUrl\":\"https:\\\/\\\/policyoptions.irpp.org\\\/wp-content\\\/uploads\\\/2025\\\/08\\\/Podcast-Hoodfar-cover.jpg\",\"datePublished\":\"2017-07-25T17:41:10+00:00\",\"dateModified\":\"2025-08-26T05:04:40+00:00\",\"breadcrumb\":{\"@id\":\"https:\\\/\\\/policyoptions.irpp.org\\\/fr\\\/podcast\\\/supporting-academic-freedom-globally-2\\\/#breadcrumb\"},\"inLanguage\":\"fr-FR\",\"potentialAction\":[{\"@type\":\"ReadAction\",\"target\":[\"https:\\\/\\\/policyoptions.irpp.org\\\/fr\\\/podcast\\\/supporting-academic-freedom-globally-2\\\/\"]}]},{\"@type\":\"ImageObject\",\"inLanguage\":\"fr-FR\",\"@id\":\"https:\\\/\\\/policyoptions.irpp.org\\\/fr\\\/podcast\\\/supporting-academic-freedom-globally-2\\\/#primaryimage\",\"url\":\"https:\\\/\\\/policyoptions.irpp.org\\\/wp-content\\\/uploads\\\/2025\\\/08\\\/Podcast-Hoodfar-cover.jpg\",\"contentUrl\":\"https:\\\/\\\/policyoptions.irpp.org\\\/wp-content\\\/uploads\\\/2025\\\/08\\\/Podcast-Hoodfar-cover.jpg\",\"width\":2000,\"height\":700},{\"@type\":\"BreadcrumbList\",\"@id\":\"https:\\\/\\\/policyoptions.irpp.org\\\/fr\\\/podcast\\\/supporting-academic-freedom-globally-2\\\/#breadcrumb\",\"itemListElement\":[{\"@type\":\"ListItem\",\"position\":1,\"name\":\"Home\",\"item\":\"https:\\\/\\\/policyoptions.irpp.org\\\/fr\\\/\"},{\"@type\":\"ListItem\",\"position\":2,\"name\":\"Supporting academic freedom globally\"}]},{\"@type\":\"WebSite\",\"@id\":\"https:\\\/\\\/policyoptions.irpp.org\\\/fr\\\/#website\",\"url\":\"https:\\\/\\\/policyoptions.irpp.org\\\/fr\\\/\",\"name\":\"Policy Options\",\"description\":\"Institute for Research on Public Policy\",\"potentialAction\":[{\"@type\":\"SearchAction\",\"target\":{\"@type\":\"EntryPoint\",\"urlTemplate\":\"https:\\\/\\\/policyoptions.irpp.org\\\/fr\\\/?s={search_term_string}\"},\"query-input\":{\"@type\":\"PropertyValueSpecification\",\"valueRequired\":true,\"valueName\":\"search_term_string\"}}],\"inLanguage\":\"fr-FR\"}]}<\/script>\n<!-- \/ Yoast SEO plugin. -->","yoast_head_json":{"title":"Supporting academic freedom globally - Policy Options","robots":{"index":"index","follow":"follow","max-snippet":"max-snippet:-1","max-image-preview":"max-image-preview:large","max-video-preview":"max-video-preview:-1"},"canonical":"https:\/\/policyoptions.irpp.org\/fr\/podcast\/supporting-academic-freedom-globally-2\/","og_locale":"fr_FR","og_type":"article","og_title":"Supporting academic freedom globally - Policy Options","og_description":"En 2016, la professeure d\u2019anthropologie de l\u2019Universit\u00e9 Concordia Homa Hoodfar s\u2019est fait arr\u00eater en Iran lorsqu\u2019elle y menait des recherches sur le f\u00e9minisme et les questions de s\u00e9curit\u00e9. Durant les 112 jours qu\u2019elle a pass\u00e9s en prison, elle a r\u00e9fl\u00e9chi sur la libert\u00e9 universitaire et les facteurs menant \u00e0 l\u2019incarc\u00e9ration de chercheurs partout dans le [&hellip;]","og_url":"https:\/\/policyoptions.irpp.org\/fr\/podcast\/supporting-academic-freedom-globally-2\/","og_site_name":"Policy Options","article_publisher":"https:\/\/www.facebook.com\/IRPP.org","article_modified_time":"2025-08-26T05:04:40+00:00","og_image":[{"width":2000,"height":700,"url":"https:\/\/policyoptions.irpp.org\/wp-content\/uploads\/2025\/08\/Podcast-Hoodfar-cover.jpg","type":"image\/jpeg"}],"twitter_card":"summary_large_image","twitter_site":"@irpp","twitter_misc":{"Est. reading time":"1 minute"},"schema":{"@context":"https:\/\/schema.org","@graph":[{"@type":"WebPage","@id":"https:\/\/policyoptions.irpp.org\/fr\/podcast\/supporting-academic-freedom-globally-2\/","url":"https:\/\/policyoptions.irpp.org\/fr\/podcast\/supporting-academic-freedom-globally-2\/","name":"Supporting academic freedom globally - Policy Options","isPartOf":{"@id":"https:\/\/policyoptions.irpp.org\/fr\/#website"},"primaryImageOfPage":{"@id":"https:\/\/policyoptions.irpp.org\/fr\/podcast\/supporting-academic-freedom-globally-2\/#primaryimage"},"image":{"@id":"https:\/\/policyoptions.irpp.org\/fr\/podcast\/supporting-academic-freedom-globally-2\/#primaryimage"},"thumbnailUrl":"https:\/\/policyoptions.irpp.org\/wp-content\/uploads\/2025\/08\/Podcast-Hoodfar-cover.jpg","datePublished":"2017-07-25T17:41:10+00:00","dateModified":"2025-08-26T05:04:40+00:00","breadcrumb":{"@id":"https:\/\/policyoptions.irpp.org\/fr\/podcast\/supporting-academic-freedom-globally-2\/#breadcrumb"},"inLanguage":"fr-FR","potentialAction":[{"@type":"ReadAction","target":["https:\/\/policyoptions.irpp.org\/fr\/podcast\/supporting-academic-freedom-globally-2\/"]}]},{"@type":"ImageObject","inLanguage":"fr-FR","@id":"https:\/\/policyoptions.irpp.org\/fr\/podcast\/supporting-academic-freedom-globally-2\/#primaryimage","url":"https:\/\/policyoptions.irpp.org\/wp-content\/uploads\/2025\/08\/Podcast-Hoodfar-cover.jpg","contentUrl":"https:\/\/policyoptions.irpp.org\/wp-content\/uploads\/2025\/08\/Podcast-Hoodfar-cover.jpg","width":2000,"height":700},{"@type":"BreadcrumbList","@id":"https:\/\/policyoptions.irpp.org\/fr\/podcast\/supporting-academic-freedom-globally-2\/#breadcrumb","itemListElement":[{"@type":"ListItem","position":1,"name":"Home","item":"https:\/\/policyoptions.irpp.org\/fr\/"},{"@type":"ListItem","position":2,"name":"Supporting academic freedom globally"}]},{"@type":"WebSite","@id":"https:\/\/policyoptions.irpp.org\/fr\/#website","url":"https:\/\/policyoptions.irpp.org\/fr\/","name":"Policy Options","description":"Institute for Research on Public Policy","potentialAction":[{"@type":"SearchAction","target":{"@type":"EntryPoint","urlTemplate":"https:\/\/policyoptions.irpp.org\/fr\/?s={search_term_string}"},"query-input":{"@type":"PropertyValueSpecification","valueRequired":true,"valueName":"search_term_string"}}],"inLanguage":"fr-FR"}]}},"_links":{"self":[{"href":"https:\/\/policyoptions.irpp.org\/fr\/wp-json\/wp\/v2\/podcast\/228324","targetHints":{"allow":["GET"]}}],"collection":[{"href":"https:\/\/policyoptions.irpp.org\/fr\/wp-json\/wp\/v2\/podcast"}],"about":[{"href":"https:\/\/policyoptions.irpp.org\/fr\/wp-json\/wp\/v2\/types\/podcast"}],"wp:featuredmedia":[{"embeddable":true,"href":"https:\/\/policyoptions.irpp.org\/fr\/wp-json\/wp\/v2\/media\/228318"}],"wp:attachment":[{"href":"https:\/\/policyoptions.irpp.org\/fr\/wp-json\/wp\/v2\/media?parent=228324"}],"wp:term":[{"taxonomy":"category","embeddable":true,"href":"https:\/\/policyoptions.irpp.org\/fr\/wp-json\/wp\/v2\/categories?post=228324"},{"taxonomy":"post_tag","embeddable":true,"href":"https:\/\/policyoptions.irpp.org\/fr\/wp-json\/wp\/v2\/tags?post=228324"},{"taxonomy":"irpp-category","embeddable":true,"href":"https:\/\/policyoptions.irpp.org\/fr\/wp-json\/wp\/v2\/irpp-category?post=228324"},{"taxonomy":"section","embeddable":true,"href":"https:\/\/policyoptions.irpp.org\/fr\/wp-json\/wp\/v2\/section?post=228324"},{"taxonomy":"irpp-tag","embeddable":true,"href":"https:\/\/policyoptions.irpp.org\/fr\/wp-json\/wp\/v2\/irpp-tag?post=228324"}],"curies":[{"name":"wp","href":"https:\/\/api.w.org\/{rel}","templated":true}]}}

<p>En 2016, la professeure d’anthropologie de l’Université Concordia Homa Hoodfar s’est fait arrêter en Iran lorsqu’elle y menait des recherches sur le féminisme et les questions de sécurité. Durant les 112 jours qu’elle a passés en prison, elle a réfléchi sur la liberté universitaire et les facteurs menant à l’incarcération de chercheurs partout dans le monde.</p>
<p>Dans une discussion au Congrès de sciences humaines de 2017, dont <em><a href="https://policyoptions.irpp.org/fr/magazines/july-2017/academic-freedom-as-a-transnational-right/">Options publiques </a></em><a href="https://policyoptions.irpp.org/fr/magazines/july-2017/academic-freedom-as-a-transnational-right/">a publié un extrait</a>, Mme Hoodfar observe que la liberté universitaire doit être reconnue comme un droit transnational par les gouvernements partout dans le monde, ce qui favoriserait grandement la protection des universitaires et leur contribution au bien public. Dans ce balado, elle précise les implications d’une telle reconnaissance.</p>
<p>Vous pouvez envoyer vos commentaires par Twitter à @IRPP ou à @AlexShadeed.</p>

<p>En 2016, la professeure d’anthropologie de l’Université Concordia Homa Hoodfar s’est fait arrêter en Iran lorsqu’elle y menait des recherches sur le féminisme et les questions de sécurité. Durant les 112 jours qu’elle a passés en prison, elle a réfléchi sur la liberté universitaire et les facteurs menant à l’incarcération de chercheurs partout dans le [&hellip;]</p>

<!-- This site is optimized with the Yoast SEO plugin v27.4 - https://yoast.com/product/yoast-seo-wordpress/ -->
<title>Supporting academic freedom globally - Policy Options</title>
<meta name="robots" content="index, follow, max-snippet:-1, max-image-preview:large, max-video-preview:-1" />
<link rel="canonical" href="https://policyoptions.irpp.org/fr/podcast/supporting-academic-freedom-globally-2/" />
<meta property="og:locale" content="fr_FR" />
<meta property="og:type" content="article" />
<meta property="og:title" content="Supporting academic freedom globally - Policy Options" />
<meta property="og:description" content="En 2016, la professeure d’anthropologie de l’Université Concordia Homa Hoodfar s’est fait arrêter en Iran lorsqu’elle y menait des recherches sur le féminisme et les questions de sécurité. Durant les 112 jours qu’elle a passés en prison, elle a réfléchi sur la liberté universitaire et les facteurs menant à l’incarcération de chercheurs partout dans le [&hellip;]" />
<meta property="og:url" content="https://policyoptions.irpp.org/fr/podcast/supporting-academic-freedom-globally-2/" />
<meta property="og:site_name" content="Policy Options" />
<meta property="article:publisher" content="https://www.facebook.com/IRPP.org" />
<meta property="article:modified_time" content="2025-08-26T05:04:40+00:00" />
<meta property="og:image" content="https://policyoptions.irpp.org/wp-content/uploads/2025/08/Podcast-Hoodfar-cover.jpg" />
	<meta property="og:image:width" content="2000" />
	<meta property="og:image:height" content="700" />
	<meta property="og:image:type" content="image/jpeg" />
<meta name="twitter:card" content="summary_large_image" />
<meta name="twitter:site" content="@irpp" />
<meta name="twitter:label1" content="Est. reading time" />
	<meta name="twitter:data1" content="1 minute" />
<script type="application/ld+json" class="yoast-schema-graph">{"@context":"https:\/\/schema.org","@graph":[{"@type":"WebPage","@id":"https:\/\/policyoptions.irpp.org\/fr\/podcast\/supporting-academic-freedom-globally-2\/","url":"https:\/\/policyoptions.irpp.org\/fr\/podcast\/supporting-academic-freedom-globally-2\/","name":"Supporting academic freedom globally - Policy Options","isPartOf":{"@id":"https:\/\/policyoptions.irpp.org\/fr\/#website"},"primaryImageOfPage":{"@id":"https:\/\/policyoptions.irpp.org\/fr\/podcast\/supporting-academic-freedom-globally-2\/#primaryimage"},"image":{"@id":"https:\/\/policyoptions.irpp.org\/fr\/podcast\/supporting-academic-freedom-globally-2\/#primaryimage"},"thumbnailUrl":"https:\/\/policyoptions.irpp.org\/wp-content\/uploads\/2025\/08\/Podcast-Hoodfar-cover.jpg","datePublished":"2017-07-25T17:41:10+00:00","dateModified":"2025-08-26T05:04:40+00:00","breadcrumb":{"@id":"https:\/\/policyoptions.irpp.org\/fr\/podcast\/supporting-academic-freedom-globally-2\/#breadcrumb"},"inLanguage":"fr-FR","potentialAction":[{"@type":"ReadAction","target":["https:\/\/policyoptions.irpp.org\/fr\/podcast\/supporting-academic-freedom-globally-2\/"]}]},{"@type":"ImageObject","inLanguage":"fr-FR","@id":"https:\/\/policyoptions.irpp.org\/fr\/podcast\/supporting-academic-freedom-globally-2\/#primaryimage","url":"https:\/\/policyoptions.irpp.org\/wp-content\/uploads\/2025\/08\/Podcast-Hoodfar-cover.jpg","contentUrl":"https:\/\/policyoptions.irpp.org\/wp-content\/uploads\/2025\/08\/Podcast-Hoodfar-cover.jpg","width":2000,"height":700},{"@type":"BreadcrumbList","@id":"https:\/\/policyoptions.irpp.org\/fr\/podcast\/supporting-academic-freedom-globally-2\/#breadcrumb","itemListElement":[{"@type":"ListItem","position":1,"name":"Home","item":"https:\/\/policyoptions.irpp.org\/fr\/"},{"@type":"ListItem","position":2,"name":"Supporting academic freedom globally"}]},{"@type":"WebSite","@id":"https:\/\/policyoptions.irpp.org\/fr\/#website","url":"https:\/\/policyoptions.irpp.org\/fr\/","name":"Policy Options","description":"Institute for Research on Public Policy","potentialAction":[{"@type":"SearchAction","target":{"@type":"EntryPoint","urlTemplate":"https:\/\/policyoptions.irpp.org\/fr\/?s={search_term_string}"},"query-input":{"@type":"PropertyValueSpecification","valueRequired":true,"valueName":"search_term_string"}}],"inLanguage":"fr-FR"}]}</script>
<!-- / Yoast SEO plugin. -->

En 2016, la professeure d’anthropologie de l’Université Concordia Homa Hoodfar s’est fait arrêter en Iran lorsqu’elle y menait des recherches sur le féminisme et les questions de sécurité. Durant les 112 jours qu’elle a passés en prison, elle a réfléchi sur la liberté universitaire et les facteurs menant à l’incarcération de chercheurs partout dans le [&hellip;]
