{"id":290114,"date":"2023-09-22T15:17:28","date_gmt":"2023-09-22T19:17:28","guid":{"rendered":"https:\/\/policyoptions.irpp.org\/events\/conference-automne-irpp\/"},"modified":"2025-08-28T01:26:47","modified_gmt":"2025-08-28T05:26:47","slug":"conference-automne-irpp","status":"publish","type":"events","link":"https:\/\/policyoptions.irpp.org\/fr\/events\/conference-automne-irpp\/","title":{"rendered":"Conf\u00e9rence d\u2019automne de l\u2019IRPP"},"content":{"rendered":"<p>C\u2019\u00e9tait avec plaisir que l\u2019IRPP a tenu la <strong>conf\u00e9rence d\u2019automne 2023<\/strong> au Centre national des arts d\u2019Ottawa, le mercredi 8 novembre 2023.<\/p>\n<p>L\u2019\u00e9v\u00e9nement \u00e9tait marqu\u00e9 par l\u2019allocution d\u2019<strong>Akwasi Owusu-Bempah<\/strong>, professeur \u00e0 l\u2019Universit\u00e9 de Toronto et coauteur du livre Waiting to Inhale: Cannabis Legalization and the Fight for Racial Justice, paru en 2023. La conf\u00e9rence \u00e9tait suivie d\u2019un cocktail qui a donn\u00e9 l\u2019occasion de rencontrer la dynamique communaut\u00e9 des politiques publiques canadiennes. Nous avons profit\u00e9 de l\u2019occasion pour lancer officiellement l\u2019appel de candidatures pour la nouvelle bourse de recherche postdoctorale de l\u2019IRPP en appui aux chercheurs autochtones, noirs et racis\u00e9s.<\/p>\n<p>L\u2019acc\u00e8s \u00e0 l\u2019\u00e9v\u00e9nement est sans frais, mais les invit\u00e9s \u00e9taient encourag\u00e9 \u00e0 <strong><a href=\"https:\/\/www.canadahelps.org\/fr\/dn\/8525?v2=true\">faire un don \u00e0 la bourse<\/a><\/strong> qui aidera les leaders en politiques publiques en d\u00e9but de carri\u00e8re qui s\u2019identifient comme Noirs, Autochtones ou racis\u00e9s.<\/p>\n<p><strong>Vid\u00e9o<\/strong><\/p>\n<p><a href=\"https:\/\/cpac.ca\/dossier-public\/l-episode\/conf-de-lirpp-legalisation-du-cannabis-et-lutte-pour-la-justice-raciale?id=326f7346-29a2-4642-9e45-15dc6ddeef1d\" target=\"_blank\" rel=\"noopener\"><img fetchpriority=\"high\" decoding=\"async\" class=\"alignnone wp-image-18826 size-large\" src=\"https:\/\/policyoptions.irpp.org\/wp-content\/uploads\/2025\/08\/IRPP-Fall-Lecture-CPAC.png\" alt=\"\" width=\"1024\" height=\"574\" \/><\/a><\/p>\n<hr \/>\n<p><a href=\"https:\/\/policyoptions.irpp.org\/wp-content\/uploads\/2025\/08\/fundraising-fellowship-sponsors-4-1-scaled.png\"><img decoding=\"async\" class=\"alignnone wp-image-17658\" src=\"https:\/\/policyoptions.irpp.org\/wp-content\/uploads\/2025\/08\/fundraising-fellowship-sponsors-4-1-scaled.png\" alt=\"\" width=\"600\" height=\"381\" \/><\/a><\/p>\n","protected":false},"excerpt":{"rendered":"<p>C\u2019\u00e9tait avec plaisir que l\u2019IRPP a tenu la conf\u00e9rence d\u2019automne 2023 au Centre national des arts d\u2019Ottawa, le mercredi 8 novembre 2023. L\u2019\u00e9v\u00e9nement \u00e9tait marqu\u00e9 par l\u2019allocution d\u2019Akwasi Owusu-Bempah, professeur \u00e0 l\u2019Universit\u00e9 de Toronto et coauteur du livre Waiting to Inhale: Cannabis Legalization and the Fight for Racial Justice, paru en 2023. La conf\u00e9rence \u00e9tait [&hellip;]<\/p>\n","protected":false},"featured_media":289519,"parent":0,"template":"","meta":{"_acf_changed":false,"content-type":"","ep_exclude_from_search":false},"event-source":[9446],"event-type":[],"class_list":["post-290114","events","type-events","status-publish","has-post-thumbnail","hentry","event-source-irpp-fr"],"acf":[],"yoast_head":"<!-- This site is optimized with the Yoast SEO plugin v27.4 - https:\/\/yoast.com\/product\/yoast-seo-wordpress\/ -->\n<title>Conf\u00e9rence d\u2019automne de l\u2019IRPP - Policy Options<\/title>\n<meta name=\"robots\" content=\"index, follow, max-snippet:-1, max-image-preview:large, max-video-preview:-1\" \/>\n<link rel=\"canonical\" href=\"https:\/\/policyoptions.irpp.org\/fr\/events\/conference-automne-irpp\/\" \/>\n<meta property=\"og:locale\" content=\"fr_FR\" \/>\n<meta property=\"og:type\" content=\"article\" \/>\n<meta property=\"og:title\" content=\"Conf\u00e9rence d\u2019automne de l\u2019IRPP - Policy Options\" \/>\n<meta property=\"og:description\" content=\"C\u2019\u00e9tait avec plaisir que l\u2019IRPP a tenu la conf\u00e9rence d\u2019automne 2023 au Centre national des arts d\u2019Ottawa, le mercredi 8 novembre 2023. L\u2019\u00e9v\u00e9nement \u00e9tait marqu\u00e9 par l\u2019allocution d\u2019Akwasi Owusu-Bempah, professeur \u00e0 l\u2019Universit\u00e9 de Toronto et coauteur du livre Waiting to Inhale: Cannabis Legalization and the Fight for Racial Justice, paru en 2023. La conf\u00e9rence \u00e9tait [&hellip;]\" \/>\n<meta property=\"og:url\" content=\"https:\/\/policyoptions.irpp.org\/fr\/events\/conference-automne-irpp\/\" \/>\n<meta property=\"og:site_name\" content=\"Policy Options\" \/>\n<meta property=\"article:publisher\" content=\"https:\/\/www.facebook.com\/IRPP.org\" \/>\n<meta property=\"article:modified_time\" content=\"2025-08-28T05:26:47+00:00\" \/>\n<meta property=\"og:image\" content=\"https:\/\/policyoptions.irpp.org\/wp-content\/uploads\/2025\/08\/IRPP-2023-Fall-Lecture-1.jpg\" \/>\n\t<meta property=\"og:image:width\" content=\"1920\" \/>\n\t<meta property=\"og:image:height\" content=\"1080\" \/>\n\t<meta property=\"og:image:type\" content=\"image\/jpeg\" \/>\n<meta name=\"twitter:card\" content=\"summary_large_image\" \/>\n<meta name=\"twitter:site\" content=\"@irpp\" \/>\n<meta name=\"twitter:label1\" content=\"Est. reading time\" \/>\n\t<meta name=\"twitter:data1\" content=\"1 minute\" \/>\n<script type=\"application\/ld+json\" class=\"yoast-schema-graph\">{\"@context\":\"https:\\\/\\\/schema.org\",\"@graph\":[{\"@type\":\"WebPage\",\"@id\":\"https:\\\/\\\/policyoptions.irpp.org\\\/fr\\\/events\\\/conference-automne-irpp\\\/\",\"url\":\"https:\\\/\\\/policyoptions.irpp.org\\\/fr\\\/events\\\/conference-automne-irpp\\\/\",\"name\":\"Conf\u00e9rence d\u2019automne de l\u2019IRPP - Policy Options\",\"isPartOf\":{\"@id\":\"https:\\\/\\\/policyoptions.irpp.org\\\/fr\\\/#website\"},\"primaryImageOfPage\":{\"@id\":\"https:\\\/\\\/policyoptions.irpp.org\\\/fr\\\/events\\\/conference-automne-irpp\\\/#primaryimage\"},\"image\":{\"@id\":\"https:\\\/\\\/policyoptions.irpp.org\\\/fr\\\/events\\\/conference-automne-irpp\\\/#primaryimage\"},\"thumbnailUrl\":\"https:\\\/\\\/policyoptions.irpp.org\\\/wp-content\\\/uploads\\\/2025\\\/08\\\/IRPP-2023-Fall-Lecture-1.jpg\",\"datePublished\":\"2023-09-22T19:17:28+00:00\",\"dateModified\":\"2025-08-28T05:26:47+00:00\",\"breadcrumb\":{\"@id\":\"https:\\\/\\\/policyoptions.irpp.org\\\/fr\\\/events\\\/conference-automne-irpp\\\/#breadcrumb\"},\"inLanguage\":\"fr-FR\",\"potentialAction\":[{\"@type\":\"ReadAction\",\"target\":[\"https:\\\/\\\/policyoptions.irpp.org\\\/fr\\\/events\\\/conference-automne-irpp\\\/\"]}]},{\"@type\":\"ImageObject\",\"inLanguage\":\"fr-FR\",\"@id\":\"https:\\\/\\\/policyoptions.irpp.org\\\/fr\\\/events\\\/conference-automne-irpp\\\/#primaryimage\",\"url\":\"https:\\\/\\\/policyoptions.irpp.org\\\/wp-content\\\/uploads\\\/2025\\\/08\\\/IRPP-2023-Fall-Lecture-1.jpg\",\"contentUrl\":\"https:\\\/\\\/policyoptions.irpp.org\\\/wp-content\\\/uploads\\\/2025\\\/08\\\/IRPP-2023-Fall-Lecture-1.jpg\",\"width\":1920,\"height\":1080},{\"@type\":\"BreadcrumbList\",\"@id\":\"https:\\\/\\\/policyoptions.irpp.org\\\/fr\\\/events\\\/conference-automne-irpp\\\/#breadcrumb\",\"itemListElement\":[{\"@type\":\"ListItem\",\"position\":1,\"name\":\"Home\",\"item\":\"https:\\\/\\\/policyoptions.irpp.org\\\/fr\\\/\"},{\"@type\":\"ListItem\",\"position\":2,\"name\":\"Conf\u00e9rence d\u2019automne de l\u2019IRPP\"}]},{\"@type\":\"WebSite\",\"@id\":\"https:\\\/\\\/policyoptions.irpp.org\\\/fr\\\/#website\",\"url\":\"https:\\\/\\\/policyoptions.irpp.org\\\/fr\\\/\",\"name\":\"Policy Options\",\"description\":\"Institute for Research on Public Policy\",\"potentialAction\":[{\"@type\":\"SearchAction\",\"target\":{\"@type\":\"EntryPoint\",\"urlTemplate\":\"https:\\\/\\\/policyoptions.irpp.org\\\/fr\\\/?s={search_term_string}\"},\"query-input\":{\"@type\":\"PropertyValueSpecification\",\"valueRequired\":true,\"valueName\":\"search_term_string\"}}],\"inLanguage\":\"fr-FR\"}]}<\/script>\n<!-- \/ Yoast SEO plugin. -->","yoast_head_json":{"title":"Conf\u00e9rence d\u2019automne de l\u2019IRPP - Policy Options","robots":{"index":"index","follow":"follow","max-snippet":"max-snippet:-1","max-image-preview":"max-image-preview:large","max-video-preview":"max-video-preview:-1"},"canonical":"https:\/\/policyoptions.irpp.org\/fr\/events\/conference-automne-irpp\/","og_locale":"fr_FR","og_type":"article","og_title":"Conf\u00e9rence d\u2019automne de l\u2019IRPP - Policy Options","og_description":"C\u2019\u00e9tait avec plaisir que l\u2019IRPP a tenu la conf\u00e9rence d\u2019automne 2023 au Centre national des arts d\u2019Ottawa, le mercredi 8 novembre 2023. L\u2019\u00e9v\u00e9nement \u00e9tait marqu\u00e9 par l\u2019allocution d\u2019Akwasi Owusu-Bempah, professeur \u00e0 l\u2019Universit\u00e9 de Toronto et coauteur du livre Waiting to Inhale: Cannabis Legalization and the Fight for Racial Justice, paru en 2023. La conf\u00e9rence \u00e9tait [&hellip;]","og_url":"https:\/\/policyoptions.irpp.org\/fr\/events\/conference-automne-irpp\/","og_site_name":"Policy Options","article_publisher":"https:\/\/www.facebook.com\/IRPP.org","article_modified_time":"2025-08-28T05:26:47+00:00","og_image":[{"width":1920,"height":1080,"url":"https:\/\/policyoptions.irpp.org\/wp-content\/uploads\/2025\/08\/IRPP-2023-Fall-Lecture-1.jpg","type":"image\/jpeg"}],"twitter_card":"summary_large_image","twitter_site":"@irpp","twitter_misc":{"Est. reading time":"1 minute"},"schema":{"@context":"https:\/\/schema.org","@graph":[{"@type":"WebPage","@id":"https:\/\/policyoptions.irpp.org\/fr\/events\/conference-automne-irpp\/","url":"https:\/\/policyoptions.irpp.org\/fr\/events\/conference-automne-irpp\/","name":"Conf\u00e9rence d\u2019automne de l\u2019IRPP - Policy Options","isPartOf":{"@id":"https:\/\/policyoptions.irpp.org\/fr\/#website"},"primaryImageOfPage":{"@id":"https:\/\/policyoptions.irpp.org\/fr\/events\/conference-automne-irpp\/#primaryimage"},"image":{"@id":"https:\/\/policyoptions.irpp.org\/fr\/events\/conference-automne-irpp\/#primaryimage"},"thumbnailUrl":"https:\/\/policyoptions.irpp.org\/wp-content\/uploads\/2025\/08\/IRPP-2023-Fall-Lecture-1.jpg","datePublished":"2023-09-22T19:17:28+00:00","dateModified":"2025-08-28T05:26:47+00:00","breadcrumb":{"@id":"https:\/\/policyoptions.irpp.org\/fr\/events\/conference-automne-irpp\/#breadcrumb"},"inLanguage":"fr-FR","potentialAction":[{"@type":"ReadAction","target":["https:\/\/policyoptions.irpp.org\/fr\/events\/conference-automne-irpp\/"]}]},{"@type":"ImageObject","inLanguage":"fr-FR","@id":"https:\/\/policyoptions.irpp.org\/fr\/events\/conference-automne-irpp\/#primaryimage","url":"https:\/\/policyoptions.irpp.org\/wp-content\/uploads\/2025\/08\/IRPP-2023-Fall-Lecture-1.jpg","contentUrl":"https:\/\/policyoptions.irpp.org\/wp-content\/uploads\/2025\/08\/IRPP-2023-Fall-Lecture-1.jpg","width":1920,"height":1080},{"@type":"BreadcrumbList","@id":"https:\/\/policyoptions.irpp.org\/fr\/events\/conference-automne-irpp\/#breadcrumb","itemListElement":[{"@type":"ListItem","position":1,"name":"Home","item":"https:\/\/policyoptions.irpp.org\/fr\/"},{"@type":"ListItem","position":2,"name":"Conf\u00e9rence d\u2019automne de l\u2019IRPP"}]},{"@type":"WebSite","@id":"https:\/\/policyoptions.irpp.org\/fr\/#website","url":"https:\/\/policyoptions.irpp.org\/fr\/","name":"Policy Options","description":"Institute for Research on Public Policy","potentialAction":[{"@type":"SearchAction","target":{"@type":"EntryPoint","urlTemplate":"https:\/\/policyoptions.irpp.org\/fr\/?s={search_term_string}"},"query-input":{"@type":"PropertyValueSpecification","valueRequired":true,"valueName":"search_term_string"}}],"inLanguage":"fr-FR"}]}},"_links":{"self":[{"href":"https:\/\/policyoptions.irpp.org\/fr\/wp-json\/wp\/v2\/events\/290114","targetHints":{"allow":["GET"]}}],"collection":[{"href":"https:\/\/policyoptions.irpp.org\/fr\/wp-json\/wp\/v2\/events"}],"about":[{"href":"https:\/\/policyoptions.irpp.org\/fr\/wp-json\/wp\/v2\/types\/events"}],"wp:featuredmedia":[{"embeddable":true,"href":"https:\/\/policyoptions.irpp.org\/fr\/wp-json\/wp\/v2\/media\/289519"}],"wp:attachment":[{"href":"https:\/\/policyoptions.irpp.org\/fr\/wp-json\/wp\/v2\/media?parent=290114"}],"wp:term":[{"taxonomy":"event-source","embeddable":true,"href":"https:\/\/policyoptions.irpp.org\/fr\/wp-json\/wp\/v2\/event-source?post=290114"},{"taxonomy":"event-type","embeddable":true,"href":"https:\/\/policyoptions.irpp.org\/fr\/wp-json\/wp\/v2\/event-type?post=290114"}],"curies":[{"name":"wp","href":"https:\/\/api.w.org\/{rel}","templated":true}]}}

Conférence d’automne de l’IRPP

<p>C’était avec plaisir que l’IRPP a tenu la <strong>conférence d’automne 2023</strong> au Centre national des arts d’Ottawa, le mercredi 8 novembre 2023.</p>
<p>L’événement était marqué par l’allocution d’<strong>Akwasi Owusu-Bempah</strong>, professeur à l’Université de Toronto et coauteur du livre Waiting to Inhale: Cannabis Legalization and the Fight for Racial Justice, paru en 2023. La conférence était suivie d’un cocktail qui a donné l’occasion de rencontrer la dynamique communauté des politiques publiques canadiennes. Nous avons profité de l’occasion pour lancer officiellement l’appel de candidatures pour la nouvelle bourse de recherche postdoctorale de l’IRPP en appui aux chercheurs autochtones, noirs et racisés.</p>
<p>L’accès à l’événement est sans frais, mais les invités étaient encouragé à <strong><a href="https://www.canadahelps.org/fr/dn/8525?v2=true">faire un don à la bourse</a></strong> qui aidera les leaders en politiques publiques en début de carrière qui s’identifient comme Noirs, Autochtones ou racisés.</p>
<p><strong>Vidéo</strong></p>
<p><a href="https://cpac.ca/dossier-public/l-episode/conf-de-lirpp-legalisation-du-cannabis-et-lutte-pour-la-justice-raciale?id=326f7346-29a2-4642-9e45-15dc6ddeef1d" target="_blank" rel="noopener"><img fetchpriority="high" decoding="async" class="alignnone wp-image-18826 size-large" src="https://policyoptions.irpp.org/wp-content/uploads/2025/08/IRPP-Fall-Lecture-CPAC.png" alt="" width="1024" height="574" /></a></p>
<hr />
<p><a href="https://policyoptions.irpp.org/wp-content/uploads/2025/08/fundraising-fellowship-sponsors-4-1-scaled.png"><img decoding="async" class="alignnone wp-image-17658" src="https://policyoptions.irpp.org/wp-content/uploads/2025/08/fundraising-fellowship-sponsors-4-1-scaled.png" alt="" width="600" height="381" /></a></p>

<p>C’était avec plaisir que l’IRPP a tenu la conférence d’automne 2023 au Centre national des arts d’Ottawa, le mercredi 8 novembre 2023. L’événement était marqué par l’allocution d’Akwasi Owusu-Bempah, professeur à l’Université de Toronto et coauteur du livre Waiting to Inhale: Cannabis Legalization and the Fight for Racial Justice, paru en 2023. La conférence était [&hellip;]</p>

<!-- This site is optimized with the Yoast SEO plugin v27.4 - https://yoast.com/product/yoast-seo-wordpress/ -->
<title>Conférence d’automne de l’IRPP - Policy Options</title>
<meta name="robots" content="index, follow, max-snippet:-1, max-image-preview:large, max-video-preview:-1" />
<link rel="canonical" href="https://policyoptions.irpp.org/fr/events/conference-automne-irpp/" />
<meta property="og:locale" content="fr_FR" />
<meta property="og:type" content="article" />
<meta property="og:title" content="Conférence d’automne de l’IRPP - Policy Options" />
<meta property="og:description" content="C’était avec plaisir que l’IRPP a tenu la conférence d’automne 2023 au Centre national des arts d’Ottawa, le mercredi 8 novembre 2023. L’événement était marqué par l’allocution d’Akwasi Owusu-Bempah, professeur à l’Université de Toronto et coauteur du livre Waiting to Inhale: Cannabis Legalization and the Fight for Racial Justice, paru en 2023. La conférence était [&hellip;]" />
<meta property="og:url" content="https://policyoptions.irpp.org/fr/events/conference-automne-irpp/" />
<meta property="og:site_name" content="Policy Options" />
<meta property="article:publisher" content="https://www.facebook.com/IRPP.org" />
<meta property="article:modified_time" content="2025-08-28T05:26:47+00:00" />
<meta property="og:image" content="https://policyoptions.irpp.org/wp-content/uploads/2025/08/IRPP-2023-Fall-Lecture-1.jpg" />
	<meta property="og:image:width" content="1920" />
	<meta property="og:image:height" content="1080" />
	<meta property="og:image:type" content="image/jpeg" />
<meta name="twitter:card" content="summary_large_image" />
<meta name="twitter:site" content="@irpp" />
<meta name="twitter:label1" content="Est. reading time" />
	<meta name="twitter:data1" content="1 minute" />
<script type="application/ld+json" class="yoast-schema-graph">{"@context":"https:\/\/schema.org","@graph":[{"@type":"WebPage","@id":"https:\/\/policyoptions.irpp.org\/fr\/events\/conference-automne-irpp\/","url":"https:\/\/policyoptions.irpp.org\/fr\/events\/conference-automne-irpp\/","name":"Conférence d’automne de l’IRPP - Policy Options","isPartOf":{"@id":"https:\/\/policyoptions.irpp.org\/fr\/#website"},"primaryImageOfPage":{"@id":"https:\/\/policyoptions.irpp.org\/fr\/events\/conference-automne-irpp\/#primaryimage"},"image":{"@id":"https:\/\/policyoptions.irpp.org\/fr\/events\/conference-automne-irpp\/#primaryimage"},"thumbnailUrl":"https:\/\/policyoptions.irpp.org\/wp-content\/uploads\/2025\/08\/IRPP-2023-Fall-Lecture-1.jpg","datePublished":"2023-09-22T19:17:28+00:00","dateModified":"2025-08-28T05:26:47+00:00","breadcrumb":{"@id":"https:\/\/policyoptions.irpp.org\/fr\/events\/conference-automne-irpp\/#breadcrumb"},"inLanguage":"fr-FR","potentialAction":[{"@type":"ReadAction","target":["https:\/\/policyoptions.irpp.org\/fr\/events\/conference-automne-irpp\/"]}]},{"@type":"ImageObject","inLanguage":"fr-FR","@id":"https:\/\/policyoptions.irpp.org\/fr\/events\/conference-automne-irpp\/#primaryimage","url":"https:\/\/policyoptions.irpp.org\/wp-content\/uploads\/2025\/08\/IRPP-2023-Fall-Lecture-1.jpg","contentUrl":"https:\/\/policyoptions.irpp.org\/wp-content\/uploads\/2025\/08\/IRPP-2023-Fall-Lecture-1.jpg","width":1920,"height":1080},{"@type":"BreadcrumbList","@id":"https:\/\/policyoptions.irpp.org\/fr\/events\/conference-automne-irpp\/#breadcrumb","itemListElement":[{"@type":"ListItem","position":1,"name":"Home","item":"https:\/\/policyoptions.irpp.org\/fr\/"},{"@type":"ListItem","position":2,"name":"Conférence d’automne de l’IRPP"}]},{"@type":"WebSite","@id":"https:\/\/policyoptions.irpp.org\/fr\/#website","url":"https:\/\/policyoptions.irpp.org\/fr\/","name":"Policy Options","description":"Institute for Research on Public Policy","potentialAction":[{"@type":"SearchAction","target":{"@type":"EntryPoint","urlTemplate":"https:\/\/policyoptions.irpp.org\/fr\/?s={search_term_string}"},"query-input":{"@type":"PropertyValueSpecification","valueRequired":true,"valueName":"search_term_string"}}],"inLanguage":"fr-FR"}]}</script>
<!-- / Yoast SEO plugin. -->

Conférence d’automne de l’IRPP - Policy Options

C’était avec plaisir que l’IRPP a tenu la conférence d’automne 2023 au Centre national des arts d’Ottawa, le mercredi 8 novembre 2023. L’événement était marqué par l’allocution d’Akwasi Owusu-Bempah, professeur à l’Université de Toronto et coauteur du livre Waiting to Inhale: Cannabis Legalization and the Fight for Racial Justice, paru en 2023. La conférence était [&hellip;]
