{"id":289967,"date":"2019-11-29T16:52:37","date_gmt":"2019-11-29T21:52:37","guid":{"rendered":"https:\/\/policyoptions.irpp.org\/events\/dejeuner-causerie-hausser-lage-dadmissibilite-au-rrq\/"},"modified":"2019-11-29T16:52:37","modified_gmt":"2019-11-29T21:52:37","slug":"dejeuner-causerie-hausser-lage-dadmissibilite-au-rrq","status":"publish","type":"events","link":"https:\/\/policyoptions.irpp.org\/fr\/events\/dejeuner-causerie-hausser-lage-dadmissibilite-au-rrq\/","title":{"rendered":"D\u00e9jeuner-causerie \u2013 Hausser l\u2019\u00e2ge d&#8217;admissibilit\u00e9 au RRQ ?"},"content":{"rendered":"<p>L&#8217;Institut de recherche en politiques publiques et\u00a0l&#8217;<a href=\"https:\/\/ire.hec.ca\/?mc_cid=a0e5c5d5b1&amp;mc_eid=%5bUNIQID%5d\">Institut sur la retraite et l&#8217;\u00e9pargne de HEC Montr\u00e9al<\/a> ont organis\u00e9 un d\u00e9jeuner-causerie sur la possibilit\u00e9 de hausser l&#8217;\u00e2ge d&#8217;admissibilit\u00e9 au R\u00e9gime de rentes du Qu\u00e9bec et au R\u00e9gime de pensions du Canada.<\/p>\n<p>Au Qu\u00e9bec comme ailleurs au Canada, les gens vivent de plus en plus longtemps, mais la plupart d\u2019entre eux \u2014 surtout au Qu\u00e9bec \u2014 demandent leur rente du RRQ ou du RPC au d\u00e9but de la soixantaine. Devrions-nous modifier l&#8217;\u00e2ge d\u2019admissibilit\u00e9 minimal aux pensions publiques, comme certains le proposent ?<\/p>\n<p>Lors de l&#8217;\u00e9v\u00e9nement, <strong>Pierre-Carl Michaud<\/strong>, auteur d\u2019une nouvelle analyse des intentions et des comportements des futurs retrait\u00e9s, a pr\u00e9sent\u00e9 les effets possibles qu\u2019aurait un changement de l\u2019\u00e2ge d\u2019admissibilit\u00e9 aux prestations. Puis, des experts renomm\u00e9s ont d\u00e9battu des conclusions de l\u2019analyse et de la complexit\u00e9 des probl\u00e8mes de politiques que cette modification soul\u00e8ve.<\/p>\n<p>Ce d\u00e9bat a \u00e9t\u00e9 mod\u00e9r\u00e9 par <strong>Bernard Morency<\/strong>,\u00a0professeur associ\u00e9 \u00e0 l&#8217;Institut sur la retraite et l\u2019\u00e9pargne de HEC Montr\u00e9al, membre actif de l\u2019Institut canadien des actuaires et ancien premier vice-pr\u00e9sident de la Caisse de d\u00e9p\u00f4t et placement du Qu\u00e9bec.<\/p>\n<p><a href=\"https:\/\/irpp.org\/fr\/podcast\/hausser-lage-dadmissibilite-au-rrq\/\">Audio<\/a><\/p>\n","protected":false},"excerpt":{"rendered":"<p>D\u00e9jeuner-causerie sur la possibilit\u00e9 de hausser l&#8217;\u00e2ge d&#8217;admissibilit\u00e9 minimal au R\u00e9gime de rentes du Qu\u00e9bec et au R\u00e9gime de pensions du Canada.<\/p>\n","protected":false},"featured_media":288679,"parent":0,"template":"","meta":{"_acf_changed":false,"content-type":"","ep_exclude_from_search":false},"event-source":[9446],"event-type":[],"class_list":["post-289967","events","type-events","status-publish","has-post-thumbnail","hentry","event-source-irpp-fr"],"acf":[],"yoast_head":"<!-- This site is optimized with the Yoast SEO plugin v27.4 - https:\/\/yoast.com\/product\/yoast-seo-wordpress\/ -->\n<title>D\u00e9jeuner-causerie \u2013 Hausser l\u2019\u00e2ge d&#039;admissibilit\u00e9 au RRQ ? - Policy Options<\/title>\n<meta name=\"robots\" content=\"index, follow, max-snippet:-1, max-image-preview:large, max-video-preview:-1\" \/>\n<link rel=\"canonical\" href=\"https:\/\/policyoptions.irpp.org\/fr\/events\/dejeuner-causerie-hausser-lage-dadmissibilite-au-rrq\/\" \/>\n<meta property=\"og:locale\" content=\"fr_FR\" \/>\n<meta property=\"og:type\" content=\"article\" \/>\n<meta property=\"og:title\" content=\"D\u00e9jeuner-causerie \u2013 Hausser l\u2019\u00e2ge d&#039;admissibilit\u00e9 au RRQ ? - Policy Options\" \/>\n<meta property=\"og:description\" content=\"D\u00e9jeuner-causerie sur la possibilit\u00e9 de hausser l&#039;\u00e2ge d&#039;admissibilit\u00e9 minimal au R\u00e9gime de rentes du Qu\u00e9bec et au R\u00e9gime de pensions du Canada.\" \/>\n<meta property=\"og:url\" content=\"https:\/\/policyoptions.irpp.org\/fr\/events\/dejeuner-causerie-hausser-lage-dadmissibilite-au-rrq\/\" \/>\n<meta property=\"og:site_name\" content=\"Policy Options\" \/>\n<meta property=\"article:publisher\" content=\"https:\/\/www.facebook.com\/IRPP.org\" \/>\n<meta property=\"og:image\" content=\"https:\/\/policyoptions.irpp.org\/wp-content\/uploads\/2025\/08\/Hausser-lage-minimal-de-retraite-anticipee-2.jpg\" \/>\n\t<meta property=\"og:image:width\" content=\"2000\" \/>\n\t<meta property=\"og:image:height\" content=\"700\" \/>\n\t<meta property=\"og:image:type\" content=\"image\/jpeg\" \/>\n<meta name=\"twitter:card\" content=\"summary_large_image\" \/>\n<meta name=\"twitter:site\" content=\"@irpp\" \/>\n<meta name=\"twitter:label1\" content=\"Est. reading time\" \/>\n\t<meta name=\"twitter:data1\" content=\"1 minute\" \/>\n<script type=\"application\/ld+json\" class=\"yoast-schema-graph\">{\"@context\":\"https:\\\/\\\/schema.org\",\"@graph\":[{\"@type\":\"WebPage\",\"@id\":\"https:\\\/\\\/policyoptions.irpp.org\\\/fr\\\/events\\\/dejeuner-causerie-hausser-lage-dadmissibilite-au-rrq\\\/\",\"url\":\"https:\\\/\\\/policyoptions.irpp.org\\\/fr\\\/events\\\/dejeuner-causerie-hausser-lage-dadmissibilite-au-rrq\\\/\",\"name\":\"D\u00e9jeuner-causerie \u2013 Hausser l\u2019\u00e2ge d'admissibilit\u00e9 au RRQ ? - Policy Options\",\"isPartOf\":{\"@id\":\"https:\\\/\\\/policyoptions.irpp.org\\\/fr\\\/#website\"},\"primaryImageOfPage\":{\"@id\":\"https:\\\/\\\/policyoptions.irpp.org\\\/fr\\\/events\\\/dejeuner-causerie-hausser-lage-dadmissibilite-au-rrq\\\/#primaryimage\"},\"image\":{\"@id\":\"https:\\\/\\\/policyoptions.irpp.org\\\/fr\\\/events\\\/dejeuner-causerie-hausser-lage-dadmissibilite-au-rrq\\\/#primaryimage\"},\"thumbnailUrl\":\"https:\\\/\\\/policyoptions.irpp.org\\\/wp-content\\\/uploads\\\/2025\\\/08\\\/Hausser-lage-minimal-de-retraite-anticipee-2.jpg\",\"datePublished\":\"2019-11-29T21:52:37+00:00\",\"breadcrumb\":{\"@id\":\"https:\\\/\\\/policyoptions.irpp.org\\\/fr\\\/events\\\/dejeuner-causerie-hausser-lage-dadmissibilite-au-rrq\\\/#breadcrumb\"},\"inLanguage\":\"fr-FR\",\"potentialAction\":[{\"@type\":\"ReadAction\",\"target\":[\"https:\\\/\\\/policyoptions.irpp.org\\\/fr\\\/events\\\/dejeuner-causerie-hausser-lage-dadmissibilite-au-rrq\\\/\"]}]},{\"@type\":\"ImageObject\",\"inLanguage\":\"fr-FR\",\"@id\":\"https:\\\/\\\/policyoptions.irpp.org\\\/fr\\\/events\\\/dejeuner-causerie-hausser-lage-dadmissibilite-au-rrq\\\/#primaryimage\",\"url\":\"https:\\\/\\\/policyoptions.irpp.org\\\/wp-content\\\/uploads\\\/2025\\\/08\\\/Hausser-lage-minimal-de-retraite-anticipee-2.jpg\",\"contentUrl\":\"https:\\\/\\\/policyoptions.irpp.org\\\/wp-content\\\/uploads\\\/2025\\\/08\\\/Hausser-lage-minimal-de-retraite-anticipee-2.jpg\",\"width\":2000,\"height\":700},{\"@type\":\"BreadcrumbList\",\"@id\":\"https:\\\/\\\/policyoptions.irpp.org\\\/fr\\\/events\\\/dejeuner-causerie-hausser-lage-dadmissibilite-au-rrq\\\/#breadcrumb\",\"itemListElement\":[{\"@type\":\"ListItem\",\"position\":1,\"name\":\"Home\",\"item\":\"https:\\\/\\\/policyoptions.irpp.org\\\/fr\\\/\"},{\"@type\":\"ListItem\",\"position\":2,\"name\":\"D\u00e9jeuner-causerie \u2013 Hausser l\u2019\u00e2ge d&#8217;admissibilit\u00e9 au RRQ ?\"}]},{\"@type\":\"WebSite\",\"@id\":\"https:\\\/\\\/policyoptions.irpp.org\\\/fr\\\/#website\",\"url\":\"https:\\\/\\\/policyoptions.irpp.org\\\/fr\\\/\",\"name\":\"Policy Options\",\"description\":\"Institute for Research on Public Policy\",\"potentialAction\":[{\"@type\":\"SearchAction\",\"target\":{\"@type\":\"EntryPoint\",\"urlTemplate\":\"https:\\\/\\\/policyoptions.irpp.org\\\/fr\\\/?s={search_term_string}\"},\"query-input\":{\"@type\":\"PropertyValueSpecification\",\"valueRequired\":true,\"valueName\":\"search_term_string\"}}],\"inLanguage\":\"fr-FR\"}]}<\/script>\n<!-- \/ Yoast SEO plugin. -->","yoast_head_json":{"title":"D\u00e9jeuner-causerie \u2013 Hausser l\u2019\u00e2ge d'admissibilit\u00e9 au RRQ ? - Policy Options","robots":{"index":"index","follow":"follow","max-snippet":"max-snippet:-1","max-image-preview":"max-image-preview:large","max-video-preview":"max-video-preview:-1"},"canonical":"https:\/\/policyoptions.irpp.org\/fr\/events\/dejeuner-causerie-hausser-lage-dadmissibilite-au-rrq\/","og_locale":"fr_FR","og_type":"article","og_title":"D\u00e9jeuner-causerie \u2013 Hausser l\u2019\u00e2ge d'admissibilit\u00e9 au RRQ ? - Policy Options","og_description":"D\u00e9jeuner-causerie sur la possibilit\u00e9 de hausser l'\u00e2ge d'admissibilit\u00e9 minimal au R\u00e9gime de rentes du Qu\u00e9bec et au R\u00e9gime de pensions du Canada.","og_url":"https:\/\/policyoptions.irpp.org\/fr\/events\/dejeuner-causerie-hausser-lage-dadmissibilite-au-rrq\/","og_site_name":"Policy Options","article_publisher":"https:\/\/www.facebook.com\/IRPP.org","og_image":[{"width":2000,"height":700,"url":"https:\/\/policyoptions.irpp.org\/wp-content\/uploads\/2025\/08\/Hausser-lage-minimal-de-retraite-anticipee-2.jpg","type":"image\/jpeg"}],"twitter_card":"summary_large_image","twitter_site":"@irpp","twitter_misc":{"Est. reading time":"1 minute"},"schema":{"@context":"https:\/\/schema.org","@graph":[{"@type":"WebPage","@id":"https:\/\/policyoptions.irpp.org\/fr\/events\/dejeuner-causerie-hausser-lage-dadmissibilite-au-rrq\/","url":"https:\/\/policyoptions.irpp.org\/fr\/events\/dejeuner-causerie-hausser-lage-dadmissibilite-au-rrq\/","name":"D\u00e9jeuner-causerie \u2013 Hausser l\u2019\u00e2ge d'admissibilit\u00e9 au RRQ ? - Policy Options","isPartOf":{"@id":"https:\/\/policyoptions.irpp.org\/fr\/#website"},"primaryImageOfPage":{"@id":"https:\/\/policyoptions.irpp.org\/fr\/events\/dejeuner-causerie-hausser-lage-dadmissibilite-au-rrq\/#primaryimage"},"image":{"@id":"https:\/\/policyoptions.irpp.org\/fr\/events\/dejeuner-causerie-hausser-lage-dadmissibilite-au-rrq\/#primaryimage"},"thumbnailUrl":"https:\/\/policyoptions.irpp.org\/wp-content\/uploads\/2025\/08\/Hausser-lage-minimal-de-retraite-anticipee-2.jpg","datePublished":"2019-11-29T21:52:37+00:00","breadcrumb":{"@id":"https:\/\/policyoptions.irpp.org\/fr\/events\/dejeuner-causerie-hausser-lage-dadmissibilite-au-rrq\/#breadcrumb"},"inLanguage":"fr-FR","potentialAction":[{"@type":"ReadAction","target":["https:\/\/policyoptions.irpp.org\/fr\/events\/dejeuner-causerie-hausser-lage-dadmissibilite-au-rrq\/"]}]},{"@type":"ImageObject","inLanguage":"fr-FR","@id":"https:\/\/policyoptions.irpp.org\/fr\/events\/dejeuner-causerie-hausser-lage-dadmissibilite-au-rrq\/#primaryimage","url":"https:\/\/policyoptions.irpp.org\/wp-content\/uploads\/2025\/08\/Hausser-lage-minimal-de-retraite-anticipee-2.jpg","contentUrl":"https:\/\/policyoptions.irpp.org\/wp-content\/uploads\/2025\/08\/Hausser-lage-minimal-de-retraite-anticipee-2.jpg","width":2000,"height":700},{"@type":"BreadcrumbList","@id":"https:\/\/policyoptions.irpp.org\/fr\/events\/dejeuner-causerie-hausser-lage-dadmissibilite-au-rrq\/#breadcrumb","itemListElement":[{"@type":"ListItem","position":1,"name":"Home","item":"https:\/\/policyoptions.irpp.org\/fr\/"},{"@type":"ListItem","position":2,"name":"D\u00e9jeuner-causerie \u2013 Hausser l\u2019\u00e2ge d&#8217;admissibilit\u00e9 au RRQ ?"}]},{"@type":"WebSite","@id":"https:\/\/policyoptions.irpp.org\/fr\/#website","url":"https:\/\/policyoptions.irpp.org\/fr\/","name":"Policy Options","description":"Institute for Research on Public Policy","potentialAction":[{"@type":"SearchAction","target":{"@type":"EntryPoint","urlTemplate":"https:\/\/policyoptions.irpp.org\/fr\/?s={search_term_string}"},"query-input":{"@type":"PropertyValueSpecification","valueRequired":true,"valueName":"search_term_string"}}],"inLanguage":"fr-FR"}]}},"_links":{"self":[{"href":"https:\/\/policyoptions.irpp.org\/fr\/wp-json\/wp\/v2\/events\/289967","targetHints":{"allow":["GET"]}}],"collection":[{"href":"https:\/\/policyoptions.irpp.org\/fr\/wp-json\/wp\/v2\/events"}],"about":[{"href":"https:\/\/policyoptions.irpp.org\/fr\/wp-json\/wp\/v2\/types\/events"}],"wp:featuredmedia":[{"embeddable":true,"href":"https:\/\/policyoptions.irpp.org\/fr\/wp-json\/wp\/v2\/media\/288679"}],"wp:attachment":[{"href":"https:\/\/policyoptions.irpp.org\/fr\/wp-json\/wp\/v2\/media?parent=289967"}],"wp:term":[{"taxonomy":"event-source","embeddable":true,"href":"https:\/\/policyoptions.irpp.org\/fr\/wp-json\/wp\/v2\/event-source?post=289967"},{"taxonomy":"event-type","embeddable":true,"href":"https:\/\/policyoptions.irpp.org\/fr\/wp-json\/wp\/v2\/event-type?post=289967"}],"curies":[{"name":"wp","href":"https:\/\/api.w.org\/{rel}","templated":true}]}}

Déjeuner-causerie – Hausser l’âge d&#8217;admissibilité au RRQ ?

<p>L&#8217;Institut de recherche en politiques publiques et l&#8217;<a href="https://ire.hec.ca/?mc_cid=a0e5c5d5b1&amp;mc_eid=%5bUNIQID%5d">Institut sur la retraite et l&#8217;épargne de HEC Montréal</a> ont organisé un déjeuner-causerie sur la possibilité de hausser l&#8217;âge d&#8217;admissibilité au Régime de rentes du Québec et au Régime de pensions du Canada.</p>
<p>Au Québec comme ailleurs au Canada, les gens vivent de plus en plus longtemps, mais la plupart d’entre eux — surtout au Québec — demandent leur rente du RRQ ou du RPC au début de la soixantaine. Devrions-nous modifier l&#8217;âge d’admissibilité minimal aux pensions publiques, comme certains le proposent ?</p>
<p>Lors de l&#8217;événement, <strong>Pierre-Carl Michaud</strong>, auteur d’une nouvelle analyse des intentions et des comportements des futurs retraités, a présenté les effets possibles qu’aurait un changement de l’âge d’admissibilité aux prestations. Puis, des experts renommés ont débattu des conclusions de l’analyse et de la complexité des problèmes de politiques que cette modification soulève.</p>
<p>Ce débat a été modéré par <strong>Bernard Morency</strong>, professeur associé à l&#8217;Institut sur la retraite et l’épargne de HEC Montréal, membre actif de l’Institut canadien des actuaires et ancien premier vice-président de la Caisse de dépôt et placement du Québec.</p>
<p><a href="https://irpp.org/fr/podcast/hausser-lage-dadmissibilite-au-rrq/">Audio</a></p>

<p>Déjeuner-causerie sur la possibilité de hausser l&#8217;âge d&#8217;admissibilité minimal au Régime de rentes du Québec et au Régime de pensions du Canada.</p>

<!-- This site is optimized with the Yoast SEO plugin v27.4 - https://yoast.com/product/yoast-seo-wordpress/ -->
<title>Déjeuner-causerie – Hausser l’âge d&#039;admissibilité au RRQ ? - Policy Options</title>
<meta name="robots" content="index, follow, max-snippet:-1, max-image-preview:large, max-video-preview:-1" />
<link rel="canonical" href="https://policyoptions.irpp.org/fr/events/dejeuner-causerie-hausser-lage-dadmissibilite-au-rrq/" />
<meta property="og:locale" content="fr_FR" />
<meta property="og:type" content="article" />
<meta property="og:title" content="Déjeuner-causerie – Hausser l’âge d&#039;admissibilité au RRQ ? - Policy Options" />
<meta property="og:description" content="Déjeuner-causerie sur la possibilité de hausser l&#039;âge d&#039;admissibilité minimal au Régime de rentes du Québec et au Régime de pensions du Canada." />
<meta property="og:url" content="https://policyoptions.irpp.org/fr/events/dejeuner-causerie-hausser-lage-dadmissibilite-au-rrq/" />
<meta property="og:site_name" content="Policy Options" />
<meta property="article:publisher" content="https://www.facebook.com/IRPP.org" />
<meta property="og:image" content="https://policyoptions.irpp.org/wp-content/uploads/2025/08/Hausser-lage-minimal-de-retraite-anticipee-2.jpg" />
	<meta property="og:image:width" content="2000" />
	<meta property="og:image:height" content="700" />
	<meta property="og:image:type" content="image/jpeg" />
<meta name="twitter:card" content="summary_large_image" />
<meta name="twitter:site" content="@irpp" />
<meta name="twitter:label1" content="Est. reading time" />
	<meta name="twitter:data1" content="1 minute" />
<script type="application/ld+json" class="yoast-schema-graph">{"@context":"https:\/\/schema.org","@graph":[{"@type":"WebPage","@id":"https:\/\/policyoptions.irpp.org\/fr\/events\/dejeuner-causerie-hausser-lage-dadmissibilite-au-rrq\/","url":"https:\/\/policyoptions.irpp.org\/fr\/events\/dejeuner-causerie-hausser-lage-dadmissibilite-au-rrq\/","name":"Déjeuner-causerie – Hausser l’âge d'admissibilité au RRQ ? - Policy Options","isPartOf":{"@id":"https:\/\/policyoptions.irpp.org\/fr\/#website"},"primaryImageOfPage":{"@id":"https:\/\/policyoptions.irpp.org\/fr\/events\/dejeuner-causerie-hausser-lage-dadmissibilite-au-rrq\/#primaryimage"},"image":{"@id":"https:\/\/policyoptions.irpp.org\/fr\/events\/dejeuner-causerie-hausser-lage-dadmissibilite-au-rrq\/#primaryimage"},"thumbnailUrl":"https:\/\/policyoptions.irpp.org\/wp-content\/uploads\/2025\/08\/Hausser-lage-minimal-de-retraite-anticipee-2.jpg","datePublished":"2019-11-29T21:52:37+00:00","breadcrumb":{"@id":"https:\/\/policyoptions.irpp.org\/fr\/events\/dejeuner-causerie-hausser-lage-dadmissibilite-au-rrq\/#breadcrumb"},"inLanguage":"fr-FR","potentialAction":[{"@type":"ReadAction","target":["https:\/\/policyoptions.irpp.org\/fr\/events\/dejeuner-causerie-hausser-lage-dadmissibilite-au-rrq\/"]}]},{"@type":"ImageObject","inLanguage":"fr-FR","@id":"https:\/\/policyoptions.irpp.org\/fr\/events\/dejeuner-causerie-hausser-lage-dadmissibilite-au-rrq\/#primaryimage","url":"https:\/\/policyoptions.irpp.org\/wp-content\/uploads\/2025\/08\/Hausser-lage-minimal-de-retraite-anticipee-2.jpg","contentUrl":"https:\/\/policyoptions.irpp.org\/wp-content\/uploads\/2025\/08\/Hausser-lage-minimal-de-retraite-anticipee-2.jpg","width":2000,"height":700},{"@type":"BreadcrumbList","@id":"https:\/\/policyoptions.irpp.org\/fr\/events\/dejeuner-causerie-hausser-lage-dadmissibilite-au-rrq\/#breadcrumb","itemListElement":[{"@type":"ListItem","position":1,"name":"Home","item":"https:\/\/policyoptions.irpp.org\/fr\/"},{"@type":"ListItem","position":2,"name":"Déjeuner-causerie – Hausser l’âge d&#8217;admissibilité au RRQ ?"}]},{"@type":"WebSite","@id":"https:\/\/policyoptions.irpp.org\/fr\/#website","url":"https:\/\/policyoptions.irpp.org\/fr\/","name":"Policy Options","description":"Institute for Research on Public Policy","potentialAction":[{"@type":"SearchAction","target":{"@type":"EntryPoint","urlTemplate":"https:\/\/policyoptions.irpp.org\/fr\/?s={search_term_string}"},"query-input":{"@type":"PropertyValueSpecification","valueRequired":true,"valueName":"search_term_string"}}],"inLanguage":"fr-FR"}]}</script>
<!-- / Yoast SEO plugin. -->

Déjeuner-causerie – Hausser l’âge d'admissibilité au RRQ ? - Policy Options

Déjeuner-causerie sur la possibilité de hausser l'âge d'admissibilité minimal au Régime de rentes du Québec et au Régime de pensions du Canada.
