{"id":289913,"date":"2015-05-29T20:01:55","date_gmt":"2015-05-30T00:01:55","guid":{"rendered":"https:\/\/policyoptions.irpp.org\/events\/congres-annuel-de-lassociation-canadienne-deconomique\/"},"modified":"2015-05-29T20:01:55","modified_gmt":"2015-05-30T00:01:55","slug":"congres-annuel-de-lassociation-canadienne-deconomique","status":"publish","type":"events","link":"https:\/\/policyoptions.irpp.org\/fr\/events\/congres-annuel-de-lassociation-canadienne-deconomique\/","title":{"rendered":"Congr\u00e8s annuel de l&#8217;Association canadienne d&#8217;\u00e9conomique"},"content":{"rendered":"<p>Au congr\u00e8s annuel de l&#8217;Association canadienne d&#8217;\u00e9conomique (ACE), Stephen Tapp, Ari Van Assche et Robert Wolfe ont pr\u00e9sent\u00e9 les r\u00e9sultats de r\u00e9centes recherches sur le lien entre productivit\u00e9 et activit\u00e9 commerciale, les cha\u00eenes de valeur mondiales et les politiques commerciales du Canada, tout en donnant un aper\u00e7u des \u00e9tudes \u00e0 venir de l&#8217;IRPP dans le domaine des \u00e9changes commerciaux canadiens.<\/p>\n<p>Ces recherches seront rassembl\u00e9es dans un ouvrage \u00e0 para\u00eetre, intitul\u00e9 <em><a href=\"https:\/\/irpp.org\/fr\/recherche\/en-fr\/\">Redesigning Canadian Trade Policies for New Global Realities<\/a><\/em>, dirig\u00e9 par les trois pr\u00e9sentateurs.<\/p>\n<p><strong>Pr\u00e9sentation<\/strong><\/p>\n<p><iframe id=\"doc_42852\" class=\"scribd_iframe_embed\" src=\"https:\/\/www.scribd.com\/embeds\/267801918\/content?start_page=1&amp;view_mode=scroll&amp;access_key=key-giSLnCzLmVcV5pDoEeWL&amp;show_recommendations=false\" width=\"100%\" height=\"600\" frameborder=\"0\" scrolling=\"no\" data-auto-height=\"false\" data-aspect-ratio=\"1.3323485967503692\"><\/iframe><\/p>\n","protected":false},"excerpt":{"rendered":"<p>Au congr\u00e8s annuel de l&#8217;Association canadienne d&#8217;\u00e9conomique (ACE), Stephen Tapp, Ari Van Assche et Robert Wolfe ont pr\u00e9sent\u00e9 les r\u00e9sultats de r\u00e9centes recherches sur le lien entre productivit\u00e9 et activit\u00e9 commerciale, les cha\u00eenes de valeur mondiales et les politiques commerciales du Canada, tout en donnant un aper\u00e7u des \u00e9tudes \u00e0 venir de l&#8217;IRPP dans le [&hellip;]<\/p>\n","protected":false},"featured_media":288196,"parent":0,"template":"","meta":{"_acf_changed":false,"content-type":"","ep_exclude_from_search":false},"event-source":[9446],"event-type":[],"class_list":["post-289913","events","type-events","status-publish","has-post-thumbnail","hentry","event-source-irpp-fr"],"acf":[],"yoast_head":"<!-- This site is optimized with the Yoast SEO plugin v27.4 - https:\/\/yoast.com\/product\/yoast-seo-wordpress\/ -->\n<title>Congr\u00e8s annuel de l&#039;Association canadienne d&#039;\u00e9conomique - Policy Options<\/title>\n<meta name=\"robots\" content=\"index, follow, max-snippet:-1, max-image-preview:large, max-video-preview:-1\" \/>\n<link rel=\"canonical\" href=\"https:\/\/policyoptions.irpp.org\/fr\/events\/congres-annuel-de-lassociation-canadienne-deconomique\/\" \/>\n<meta property=\"og:locale\" content=\"fr_FR\" \/>\n<meta property=\"og:type\" content=\"article\" \/>\n<meta property=\"og:title\" content=\"Congr\u00e8s annuel de l&#039;Association canadienne d&#039;\u00e9conomique - Policy Options\" \/>\n<meta property=\"og:description\" content=\"Au congr\u00e8s annuel de l&#8217;Association canadienne d&#8217;\u00e9conomique (ACE), Stephen Tapp, Ari Van Assche et Robert Wolfe ont pr\u00e9sent\u00e9 les r\u00e9sultats de r\u00e9centes recherches sur le lien entre productivit\u00e9 et activit\u00e9 commerciale, les cha\u00eenes de valeur mondiales et les politiques commerciales du Canada, tout en donnant un aper\u00e7u des \u00e9tudes \u00e0 venir de l&#8217;IRPP dans le [&hellip;]\" \/>\n<meta property=\"og:url\" content=\"https:\/\/policyoptions.irpp.org\/fr\/events\/congres-annuel-de-lassociation-canadienne-deconomique\/\" \/>\n<meta property=\"og:site_name\" content=\"Policy Options\" \/>\n<meta property=\"article:publisher\" content=\"https:\/\/www.facebook.com\/IRPP.org\" \/>\n<meta property=\"og:image\" content=\"https:\/\/policyoptions.irpp.org\/wp-content\/uploads\/2025\/08\/crowd-of-people.jpg\" \/>\n\t<meta property=\"og:image:width\" content=\"2000\" \/>\n\t<meta property=\"og:image:height\" content=\"700\" \/>\n\t<meta property=\"og:image:type\" content=\"image\/jpeg\" \/>\n<meta name=\"twitter:card\" content=\"summary_large_image\" \/>\n<meta name=\"twitter:site\" content=\"@irpp\" \/>\n<script type=\"application\/ld+json\" class=\"yoast-schema-graph\">{\"@context\":\"https:\\\/\\\/schema.org\",\"@graph\":[{\"@type\":\"WebPage\",\"@id\":\"https:\\\/\\\/policyoptions.irpp.org\\\/fr\\\/events\\\/congres-annuel-de-lassociation-canadienne-deconomique\\\/\",\"url\":\"https:\\\/\\\/policyoptions.irpp.org\\\/fr\\\/events\\\/congres-annuel-de-lassociation-canadienne-deconomique\\\/\",\"name\":\"Congr\u00e8s annuel de l'Association canadienne d'\u00e9conomique - Policy Options\",\"isPartOf\":{\"@id\":\"https:\\\/\\\/policyoptions.irpp.org\\\/fr\\\/#website\"},\"primaryImageOfPage\":{\"@id\":\"https:\\\/\\\/policyoptions.irpp.org\\\/fr\\\/events\\\/congres-annuel-de-lassociation-canadienne-deconomique\\\/#primaryimage\"},\"image\":{\"@id\":\"https:\\\/\\\/policyoptions.irpp.org\\\/fr\\\/events\\\/congres-annuel-de-lassociation-canadienne-deconomique\\\/#primaryimage\"},\"thumbnailUrl\":\"https:\\\/\\\/policyoptions.irpp.org\\\/wp-content\\\/uploads\\\/2025\\\/08\\\/crowd-of-people.jpg\",\"datePublished\":\"2015-05-30T00:01:55+00:00\",\"breadcrumb\":{\"@id\":\"https:\\\/\\\/policyoptions.irpp.org\\\/fr\\\/events\\\/congres-annuel-de-lassociation-canadienne-deconomique\\\/#breadcrumb\"},\"inLanguage\":\"fr-FR\",\"potentialAction\":[{\"@type\":\"ReadAction\",\"target\":[\"https:\\\/\\\/policyoptions.irpp.org\\\/fr\\\/events\\\/congres-annuel-de-lassociation-canadienne-deconomique\\\/\"]}]},{\"@type\":\"ImageObject\",\"inLanguage\":\"fr-FR\",\"@id\":\"https:\\\/\\\/policyoptions.irpp.org\\\/fr\\\/events\\\/congres-annuel-de-lassociation-canadienne-deconomique\\\/#primaryimage\",\"url\":\"https:\\\/\\\/policyoptions.irpp.org\\\/wp-content\\\/uploads\\\/2025\\\/08\\\/crowd-of-people.jpg\",\"contentUrl\":\"https:\\\/\\\/policyoptions.irpp.org\\\/wp-content\\\/uploads\\\/2025\\\/08\\\/crowd-of-people.jpg\",\"width\":2000,\"height\":700},{\"@type\":\"BreadcrumbList\",\"@id\":\"https:\\\/\\\/policyoptions.irpp.org\\\/fr\\\/events\\\/congres-annuel-de-lassociation-canadienne-deconomique\\\/#breadcrumb\",\"itemListElement\":[{\"@type\":\"ListItem\",\"position\":1,\"name\":\"Home\",\"item\":\"https:\\\/\\\/policyoptions.irpp.org\\\/fr\\\/\"},{\"@type\":\"ListItem\",\"position\":2,\"name\":\"Congr\u00e8s annuel de l&#8217;Association canadienne d&#8217;\u00e9conomique\"}]},{\"@type\":\"WebSite\",\"@id\":\"https:\\\/\\\/policyoptions.irpp.org\\\/fr\\\/#website\",\"url\":\"https:\\\/\\\/policyoptions.irpp.org\\\/fr\\\/\",\"name\":\"Policy Options\",\"description\":\"Institute for Research on Public Policy\",\"potentialAction\":[{\"@type\":\"SearchAction\",\"target\":{\"@type\":\"EntryPoint\",\"urlTemplate\":\"https:\\\/\\\/policyoptions.irpp.org\\\/fr\\\/?s={search_term_string}\"},\"query-input\":{\"@type\":\"PropertyValueSpecification\",\"valueRequired\":true,\"valueName\":\"search_term_string\"}}],\"inLanguage\":\"fr-FR\"}]}<\/script>\n<!-- \/ Yoast SEO plugin. -->","yoast_head_json":{"title":"Congr\u00e8s annuel de l'Association canadienne d'\u00e9conomique - Policy Options","robots":{"index":"index","follow":"follow","max-snippet":"max-snippet:-1","max-image-preview":"max-image-preview:large","max-video-preview":"max-video-preview:-1"},"canonical":"https:\/\/policyoptions.irpp.org\/fr\/events\/congres-annuel-de-lassociation-canadienne-deconomique\/","og_locale":"fr_FR","og_type":"article","og_title":"Congr\u00e8s annuel de l'Association canadienne d'\u00e9conomique - Policy Options","og_description":"Au congr\u00e8s annuel de l&#8217;Association canadienne d&#8217;\u00e9conomique (ACE), Stephen Tapp, Ari Van Assche et Robert Wolfe ont pr\u00e9sent\u00e9 les r\u00e9sultats de r\u00e9centes recherches sur le lien entre productivit\u00e9 et activit\u00e9 commerciale, les cha\u00eenes de valeur mondiales et les politiques commerciales du Canada, tout en donnant un aper\u00e7u des \u00e9tudes \u00e0 venir de l&#8217;IRPP dans le [&hellip;]","og_url":"https:\/\/policyoptions.irpp.org\/fr\/events\/congres-annuel-de-lassociation-canadienne-deconomique\/","og_site_name":"Policy Options","article_publisher":"https:\/\/www.facebook.com\/IRPP.org","og_image":[{"width":2000,"height":700,"url":"https:\/\/policyoptions.irpp.org\/wp-content\/uploads\/2025\/08\/crowd-of-people.jpg","type":"image\/jpeg"}],"twitter_card":"summary_large_image","twitter_site":"@irpp","schema":{"@context":"https:\/\/schema.org","@graph":[{"@type":"WebPage","@id":"https:\/\/policyoptions.irpp.org\/fr\/events\/congres-annuel-de-lassociation-canadienne-deconomique\/","url":"https:\/\/policyoptions.irpp.org\/fr\/events\/congres-annuel-de-lassociation-canadienne-deconomique\/","name":"Congr\u00e8s annuel de l'Association canadienne d'\u00e9conomique - Policy Options","isPartOf":{"@id":"https:\/\/policyoptions.irpp.org\/fr\/#website"},"primaryImageOfPage":{"@id":"https:\/\/policyoptions.irpp.org\/fr\/events\/congres-annuel-de-lassociation-canadienne-deconomique\/#primaryimage"},"image":{"@id":"https:\/\/policyoptions.irpp.org\/fr\/events\/congres-annuel-de-lassociation-canadienne-deconomique\/#primaryimage"},"thumbnailUrl":"https:\/\/policyoptions.irpp.org\/wp-content\/uploads\/2025\/08\/crowd-of-people.jpg","datePublished":"2015-05-30T00:01:55+00:00","breadcrumb":{"@id":"https:\/\/policyoptions.irpp.org\/fr\/events\/congres-annuel-de-lassociation-canadienne-deconomique\/#breadcrumb"},"inLanguage":"fr-FR","potentialAction":[{"@type":"ReadAction","target":["https:\/\/policyoptions.irpp.org\/fr\/events\/congres-annuel-de-lassociation-canadienne-deconomique\/"]}]},{"@type":"ImageObject","inLanguage":"fr-FR","@id":"https:\/\/policyoptions.irpp.org\/fr\/events\/congres-annuel-de-lassociation-canadienne-deconomique\/#primaryimage","url":"https:\/\/policyoptions.irpp.org\/wp-content\/uploads\/2025\/08\/crowd-of-people.jpg","contentUrl":"https:\/\/policyoptions.irpp.org\/wp-content\/uploads\/2025\/08\/crowd-of-people.jpg","width":2000,"height":700},{"@type":"BreadcrumbList","@id":"https:\/\/policyoptions.irpp.org\/fr\/events\/congres-annuel-de-lassociation-canadienne-deconomique\/#breadcrumb","itemListElement":[{"@type":"ListItem","position":1,"name":"Home","item":"https:\/\/policyoptions.irpp.org\/fr\/"},{"@type":"ListItem","position":2,"name":"Congr\u00e8s annuel de l&#8217;Association canadienne d&#8217;\u00e9conomique"}]},{"@type":"WebSite","@id":"https:\/\/policyoptions.irpp.org\/fr\/#website","url":"https:\/\/policyoptions.irpp.org\/fr\/","name":"Policy Options","description":"Institute for Research on Public Policy","potentialAction":[{"@type":"SearchAction","target":{"@type":"EntryPoint","urlTemplate":"https:\/\/policyoptions.irpp.org\/fr\/?s={search_term_string}"},"query-input":{"@type":"PropertyValueSpecification","valueRequired":true,"valueName":"search_term_string"}}],"inLanguage":"fr-FR"}]}},"_links":{"self":[{"href":"https:\/\/policyoptions.irpp.org\/fr\/wp-json\/wp\/v2\/events\/289913","targetHints":{"allow":["GET"]}}],"collection":[{"href":"https:\/\/policyoptions.irpp.org\/fr\/wp-json\/wp\/v2\/events"}],"about":[{"href":"https:\/\/policyoptions.irpp.org\/fr\/wp-json\/wp\/v2\/types\/events"}],"wp:featuredmedia":[{"embeddable":true,"href":"https:\/\/policyoptions.irpp.org\/fr\/wp-json\/wp\/v2\/media\/288196"}],"wp:attachment":[{"href":"https:\/\/policyoptions.irpp.org\/fr\/wp-json\/wp\/v2\/media?parent=289913"}],"wp:term":[{"taxonomy":"event-source","embeddable":true,"href":"https:\/\/policyoptions.irpp.org\/fr\/wp-json\/wp\/v2\/event-source?post=289913"},{"taxonomy":"event-type","embeddable":true,"href":"https:\/\/policyoptions.irpp.org\/fr\/wp-json\/wp\/v2\/event-type?post=289913"}],"curies":[{"name":"wp","href":"https:\/\/api.w.org\/{rel}","templated":true}]}}

Congrès annuel de l&#8217;Association canadienne d&#8217;économique

<p>Au congrès annuel de l&#8217;Association canadienne d&#8217;économique (ACE), Stephen Tapp, Ari Van Assche et Robert Wolfe ont présenté les résultats de récentes recherches sur le lien entre productivité et activité commerciale, les chaînes de valeur mondiales et les politiques commerciales du Canada, tout en donnant un aperçu des études à venir de l&#8217;IRPP dans le domaine des échanges commerciaux canadiens.</p>
<p>Ces recherches seront rassemblées dans un ouvrage à paraître, intitulé <em><a href="https://irpp.org/fr/recherche/en-fr/">Redesigning Canadian Trade Policies for New Global Realities</a></em>, dirigé par les trois présentateurs.</p>
<p><strong>Présentation</strong></p>
<p><iframe id="doc_42852" class="scribd_iframe_embed" src="https://www.scribd.com/embeds/267801918/content?start_page=1&amp;view_mode=scroll&amp;access_key=key-giSLnCzLmVcV5pDoEeWL&amp;show_recommendations=false" width="100%" height="600" frameborder="0" scrolling="no" data-auto-height="false" data-aspect-ratio="1.3323485967503692"></iframe></p>

<p>Au congrès annuel de l&#8217;Association canadienne d&#8217;économique (ACE), Stephen Tapp, Ari Van Assche et Robert Wolfe ont présenté les résultats de récentes recherches sur le lien entre productivité et activité commerciale, les chaînes de valeur mondiales et les politiques commerciales du Canada, tout en donnant un aperçu des études à venir de l&#8217;IRPP dans le [&hellip;]</p>

<!-- This site is optimized with the Yoast SEO plugin v27.4 - https://yoast.com/product/yoast-seo-wordpress/ -->
<title>Congrès annuel de l&#039;Association canadienne d&#039;économique - Policy Options</title>
<meta name="robots" content="index, follow, max-snippet:-1, max-image-preview:large, max-video-preview:-1" />
<link rel="canonical" href="https://policyoptions.irpp.org/fr/events/congres-annuel-de-lassociation-canadienne-deconomique/" />
<meta property="og:locale" content="fr_FR" />
<meta property="og:type" content="article" />
<meta property="og:title" content="Congrès annuel de l&#039;Association canadienne d&#039;économique - Policy Options" />
<meta property="og:description" content="Au congrès annuel de l&#8217;Association canadienne d&#8217;économique (ACE), Stephen Tapp, Ari Van Assche et Robert Wolfe ont présenté les résultats de récentes recherches sur le lien entre productivité et activité commerciale, les chaînes de valeur mondiales et les politiques commerciales du Canada, tout en donnant un aperçu des études à venir de l&#8217;IRPP dans le [&hellip;]" />
<meta property="og:url" content="https://policyoptions.irpp.org/fr/events/congres-annuel-de-lassociation-canadienne-deconomique/" />
<meta property="og:site_name" content="Policy Options" />
<meta property="article:publisher" content="https://www.facebook.com/IRPP.org" />
<meta property="og:image" content="https://policyoptions.irpp.org/wp-content/uploads/2025/08/crowd-of-people.jpg" />
	<meta property="og:image:width" content="2000" />
	<meta property="og:image:height" content="700" />
	<meta property="og:image:type" content="image/jpeg" />
<meta name="twitter:card" content="summary_large_image" />
<meta name="twitter:site" content="@irpp" />
<script type="application/ld+json" class="yoast-schema-graph">{"@context":"https:\/\/schema.org","@graph":[{"@type":"WebPage","@id":"https:\/\/policyoptions.irpp.org\/fr\/events\/congres-annuel-de-lassociation-canadienne-deconomique\/","url":"https:\/\/policyoptions.irpp.org\/fr\/events\/congres-annuel-de-lassociation-canadienne-deconomique\/","name":"Congrès annuel de l'Association canadienne d'économique - Policy Options","isPartOf":{"@id":"https:\/\/policyoptions.irpp.org\/fr\/#website"},"primaryImageOfPage":{"@id":"https:\/\/policyoptions.irpp.org\/fr\/events\/congres-annuel-de-lassociation-canadienne-deconomique\/#primaryimage"},"image":{"@id":"https:\/\/policyoptions.irpp.org\/fr\/events\/congres-annuel-de-lassociation-canadienne-deconomique\/#primaryimage"},"thumbnailUrl":"https:\/\/policyoptions.irpp.org\/wp-content\/uploads\/2025\/08\/crowd-of-people.jpg","datePublished":"2015-05-30T00:01:55+00:00","breadcrumb":{"@id":"https:\/\/policyoptions.irpp.org\/fr\/events\/congres-annuel-de-lassociation-canadienne-deconomique\/#breadcrumb"},"inLanguage":"fr-FR","potentialAction":[{"@type":"ReadAction","target":["https:\/\/policyoptions.irpp.org\/fr\/events\/congres-annuel-de-lassociation-canadienne-deconomique\/"]}]},{"@type":"ImageObject","inLanguage":"fr-FR","@id":"https:\/\/policyoptions.irpp.org\/fr\/events\/congres-annuel-de-lassociation-canadienne-deconomique\/#primaryimage","url":"https:\/\/policyoptions.irpp.org\/wp-content\/uploads\/2025\/08\/crowd-of-people.jpg","contentUrl":"https:\/\/policyoptions.irpp.org\/wp-content\/uploads\/2025\/08\/crowd-of-people.jpg","width":2000,"height":700},{"@type":"BreadcrumbList","@id":"https:\/\/policyoptions.irpp.org\/fr\/events\/congres-annuel-de-lassociation-canadienne-deconomique\/#breadcrumb","itemListElement":[{"@type":"ListItem","position":1,"name":"Home","item":"https:\/\/policyoptions.irpp.org\/fr\/"},{"@type":"ListItem","position":2,"name":"Congrès annuel de l&#8217;Association canadienne d&#8217;économique"}]},{"@type":"WebSite","@id":"https:\/\/policyoptions.irpp.org\/fr\/#website","url":"https:\/\/policyoptions.irpp.org\/fr\/","name":"Policy Options","description":"Institute for Research on Public Policy","potentialAction":[{"@type":"SearchAction","target":{"@type":"EntryPoint","urlTemplate":"https:\/\/policyoptions.irpp.org\/fr\/?s={search_term_string}"},"query-input":{"@type":"PropertyValueSpecification","valueRequired":true,"valueName":"search_term_string"}}],"inLanguage":"fr-FR"}]}</script>
<!-- / Yoast SEO plugin. -->

Congrès annuel de l'Association canadienne d'économique - Policy Options

Au congrès annuel de l&#8217;Association canadienne d&#8217;économique (ACE), Stephen Tapp, Ari Van Assche et Robert Wolfe ont présenté les résultats de récentes recherches sur le lien entre productivité et activité commerciale, les chaînes de valeur mondiales et les politiques commerciales du Canada, tout en donnant un aperçu des études à venir de l&#8217;IRPP dans le [&hellip;]
