{"id":289908,"date":"2014-01-22T19:52:21","date_gmt":"2014-01-23T00:52:21","guid":{"rendered":"https:\/\/policyoptions.irpp.org\/events\/is-it-time-to-reinvent-employment-insurance\/"},"modified":"2014-01-22T19:52:21","modified_gmt":"2014-01-23T00:52:21","slug":"is-it-time-to-reinvent-employment-insurance","status":"publish","type":"events","link":"https:\/\/policyoptions.irpp.org\/fr\/events\/is-it-time-to-reinvent-employment-insurance\/","title":{"rendered":"Is It Time to Reinvent Employment Insurance?"},"content":{"rendered":"<p>L&#8217;assurance-emploi est un facteur cl\u00e9 des politiques canadiennes li\u00e9es au march\u00e9 du travail. Face aux changements qu&#8217;il subit actuellement, au ralentissement de la croissance de la population active et aux pr\u00e9occupations de nombreux employeurs devant la p\u00e9nurie anticip\u00e9e de travailleurs qualifi\u00e9s dans certains secteurs, quel r\u00f4le devrait jouer le programme d&#8217;assurance-emploi dans l&#8217;avenir ? Faudrait-il le r\u00e9inventer ? L&#8217;IRPP a lanc\u00e9 un d\u00e9bat sur ces questions \u00e0 l&#8217;occasion d&#8217;une conf\u00e9rence dont les pan\u00e9listes \u00e9taient\u00a0:<\/p>\n<p style=\"text-align: center;\">\n","protected":false},"excerpt":{"rendered":"<p>Quel r\u00f4le devrait jouer le programme d&#8217;assurance-emploi dans l&#8217;avenir ? Faudrait-il le r\u00e9inventer ?<\/p>\n","protected":false},"featured_media":288124,"parent":0,"template":"","meta":{"_acf_changed":false,"content-type":"","ep_exclude_from_search":false},"event-source":[9446],"event-type":[],"class_list":["post-289908","events","type-events","status-publish","has-post-thumbnail","hentry","event-source-irpp-fr"],"acf":[],"yoast_head":"<!-- This site is optimized with the Yoast SEO plugin v27.4 - https:\/\/yoast.com\/product\/yoast-seo-wordpress\/ -->\n<title>Is It Time to Reinvent Employment Insurance? - Policy Options<\/title>\n<meta name=\"robots\" content=\"index, follow, max-snippet:-1, max-image-preview:large, max-video-preview:-1\" \/>\n<link rel=\"canonical\" href=\"https:\/\/policyoptions.irpp.org\/fr\/events\/is-it-time-to-reinvent-employment-insurance\/\" \/>\n<meta property=\"og:locale\" content=\"fr_FR\" \/>\n<meta property=\"og:type\" content=\"article\" \/>\n<meta property=\"og:title\" content=\"Is It Time to Reinvent Employment Insurance? - Policy Options\" \/>\n<meta property=\"og:description\" content=\"Quel r\u00f4le devrait jouer le programme d&#039;assurance-emploi dans l&#039;avenir ? Faudrait-il le r\u00e9inventer ?\" \/>\n<meta property=\"og:url\" content=\"https:\/\/policyoptions.irpp.org\/fr\/events\/is-it-time-to-reinvent-employment-insurance\/\" \/>\n<meta property=\"og:site_name\" content=\"Policy Options\" \/>\n<meta property=\"article:publisher\" content=\"https:\/\/www.facebook.com\/IRPP.org\" \/>\n<meta property=\"og:image\" content=\"https:\/\/policyoptions.irpp.org\/wp-content\/uploads\/2025\/08\/diverse-people.jpg\" \/>\n\t<meta property=\"og:image:width\" content=\"2000\" \/>\n\t<meta property=\"og:image:height\" content=\"700\" \/>\n\t<meta property=\"og:image:type\" content=\"image\/jpeg\" \/>\n<meta name=\"twitter:card\" content=\"summary_large_image\" \/>\n<meta name=\"twitter:site\" content=\"@irpp\" \/>\n<script type=\"application\/ld+json\" class=\"yoast-schema-graph\">{\"@context\":\"https:\\\/\\\/schema.org\",\"@graph\":[{\"@type\":\"WebPage\",\"@id\":\"https:\\\/\\\/policyoptions.irpp.org\\\/fr\\\/events\\\/is-it-time-to-reinvent-employment-insurance\\\/\",\"url\":\"https:\\\/\\\/policyoptions.irpp.org\\\/fr\\\/events\\\/is-it-time-to-reinvent-employment-insurance\\\/\",\"name\":\"Is It Time to Reinvent Employment Insurance? - Policy Options\",\"isPartOf\":{\"@id\":\"https:\\\/\\\/policyoptions.irpp.org\\\/fr\\\/#website\"},\"primaryImageOfPage\":{\"@id\":\"https:\\\/\\\/policyoptions.irpp.org\\\/fr\\\/events\\\/is-it-time-to-reinvent-employment-insurance\\\/#primaryimage\"},\"image\":{\"@id\":\"https:\\\/\\\/policyoptions.irpp.org\\\/fr\\\/events\\\/is-it-time-to-reinvent-employment-insurance\\\/#primaryimage\"},\"thumbnailUrl\":\"https:\\\/\\\/policyoptions.irpp.org\\\/wp-content\\\/uploads\\\/2025\\\/08\\\/diverse-people.jpg\",\"datePublished\":\"2014-01-23T00:52:21+00:00\",\"breadcrumb\":{\"@id\":\"https:\\\/\\\/policyoptions.irpp.org\\\/fr\\\/events\\\/is-it-time-to-reinvent-employment-insurance\\\/#breadcrumb\"},\"inLanguage\":\"fr-FR\",\"potentialAction\":[{\"@type\":\"ReadAction\",\"target\":[\"https:\\\/\\\/policyoptions.irpp.org\\\/fr\\\/events\\\/is-it-time-to-reinvent-employment-insurance\\\/\"]}]},{\"@type\":\"ImageObject\",\"inLanguage\":\"fr-FR\",\"@id\":\"https:\\\/\\\/policyoptions.irpp.org\\\/fr\\\/events\\\/is-it-time-to-reinvent-employment-insurance\\\/#primaryimage\",\"url\":\"https:\\\/\\\/policyoptions.irpp.org\\\/wp-content\\\/uploads\\\/2025\\\/08\\\/diverse-people.jpg\",\"contentUrl\":\"https:\\\/\\\/policyoptions.irpp.org\\\/wp-content\\\/uploads\\\/2025\\\/08\\\/diverse-people.jpg\",\"width\":2000,\"height\":700},{\"@type\":\"BreadcrumbList\",\"@id\":\"https:\\\/\\\/policyoptions.irpp.org\\\/fr\\\/events\\\/is-it-time-to-reinvent-employment-insurance\\\/#breadcrumb\",\"itemListElement\":[{\"@type\":\"ListItem\",\"position\":1,\"name\":\"Home\",\"item\":\"https:\\\/\\\/policyoptions.irpp.org\\\/fr\\\/\"},{\"@type\":\"ListItem\",\"position\":2,\"name\":\"Is It Time to Reinvent Employment Insurance?\"}]},{\"@type\":\"WebSite\",\"@id\":\"https:\\\/\\\/policyoptions.irpp.org\\\/fr\\\/#website\",\"url\":\"https:\\\/\\\/policyoptions.irpp.org\\\/fr\\\/\",\"name\":\"Policy Options\",\"description\":\"Institute for Research on Public Policy\",\"potentialAction\":[{\"@type\":\"SearchAction\",\"target\":{\"@type\":\"EntryPoint\",\"urlTemplate\":\"https:\\\/\\\/policyoptions.irpp.org\\\/fr\\\/?s={search_term_string}\"},\"query-input\":{\"@type\":\"PropertyValueSpecification\",\"valueRequired\":true,\"valueName\":\"search_term_string\"}}],\"inLanguage\":\"fr-FR\"}]}<\/script>\n<!-- \/ Yoast SEO plugin. -->","yoast_head_json":{"title":"Is It Time to Reinvent Employment Insurance? - Policy Options","robots":{"index":"index","follow":"follow","max-snippet":"max-snippet:-1","max-image-preview":"max-image-preview:large","max-video-preview":"max-video-preview:-1"},"canonical":"https:\/\/policyoptions.irpp.org\/fr\/events\/is-it-time-to-reinvent-employment-insurance\/","og_locale":"fr_FR","og_type":"article","og_title":"Is It Time to Reinvent Employment Insurance? - Policy Options","og_description":"Quel r\u00f4le devrait jouer le programme d'assurance-emploi dans l'avenir ? Faudrait-il le r\u00e9inventer ?","og_url":"https:\/\/policyoptions.irpp.org\/fr\/events\/is-it-time-to-reinvent-employment-insurance\/","og_site_name":"Policy Options","article_publisher":"https:\/\/www.facebook.com\/IRPP.org","og_image":[{"width":2000,"height":700,"url":"https:\/\/policyoptions.irpp.org\/wp-content\/uploads\/2025\/08\/diverse-people.jpg","type":"image\/jpeg"}],"twitter_card":"summary_large_image","twitter_site":"@irpp","schema":{"@context":"https:\/\/schema.org","@graph":[{"@type":"WebPage","@id":"https:\/\/policyoptions.irpp.org\/fr\/events\/is-it-time-to-reinvent-employment-insurance\/","url":"https:\/\/policyoptions.irpp.org\/fr\/events\/is-it-time-to-reinvent-employment-insurance\/","name":"Is It Time to Reinvent Employment Insurance? - Policy Options","isPartOf":{"@id":"https:\/\/policyoptions.irpp.org\/fr\/#website"},"primaryImageOfPage":{"@id":"https:\/\/policyoptions.irpp.org\/fr\/events\/is-it-time-to-reinvent-employment-insurance\/#primaryimage"},"image":{"@id":"https:\/\/policyoptions.irpp.org\/fr\/events\/is-it-time-to-reinvent-employment-insurance\/#primaryimage"},"thumbnailUrl":"https:\/\/policyoptions.irpp.org\/wp-content\/uploads\/2025\/08\/diverse-people.jpg","datePublished":"2014-01-23T00:52:21+00:00","breadcrumb":{"@id":"https:\/\/policyoptions.irpp.org\/fr\/events\/is-it-time-to-reinvent-employment-insurance\/#breadcrumb"},"inLanguage":"fr-FR","potentialAction":[{"@type":"ReadAction","target":["https:\/\/policyoptions.irpp.org\/fr\/events\/is-it-time-to-reinvent-employment-insurance\/"]}]},{"@type":"ImageObject","inLanguage":"fr-FR","@id":"https:\/\/policyoptions.irpp.org\/fr\/events\/is-it-time-to-reinvent-employment-insurance\/#primaryimage","url":"https:\/\/policyoptions.irpp.org\/wp-content\/uploads\/2025\/08\/diverse-people.jpg","contentUrl":"https:\/\/policyoptions.irpp.org\/wp-content\/uploads\/2025\/08\/diverse-people.jpg","width":2000,"height":700},{"@type":"BreadcrumbList","@id":"https:\/\/policyoptions.irpp.org\/fr\/events\/is-it-time-to-reinvent-employment-insurance\/#breadcrumb","itemListElement":[{"@type":"ListItem","position":1,"name":"Home","item":"https:\/\/policyoptions.irpp.org\/fr\/"},{"@type":"ListItem","position":2,"name":"Is It Time to Reinvent Employment Insurance?"}]},{"@type":"WebSite","@id":"https:\/\/policyoptions.irpp.org\/fr\/#website","url":"https:\/\/policyoptions.irpp.org\/fr\/","name":"Policy Options","description":"Institute for Research on Public Policy","potentialAction":[{"@type":"SearchAction","target":{"@type":"EntryPoint","urlTemplate":"https:\/\/policyoptions.irpp.org\/fr\/?s={search_term_string}"},"query-input":{"@type":"PropertyValueSpecification","valueRequired":true,"valueName":"search_term_string"}}],"inLanguage":"fr-FR"}]}},"_links":{"self":[{"href":"https:\/\/policyoptions.irpp.org\/fr\/wp-json\/wp\/v2\/events\/289908","targetHints":{"allow":["GET"]}}],"collection":[{"href":"https:\/\/policyoptions.irpp.org\/fr\/wp-json\/wp\/v2\/events"}],"about":[{"href":"https:\/\/policyoptions.irpp.org\/fr\/wp-json\/wp\/v2\/types\/events"}],"wp:featuredmedia":[{"embeddable":true,"href":"https:\/\/policyoptions.irpp.org\/fr\/wp-json\/wp\/v2\/media\/288124"}],"wp:attachment":[{"href":"https:\/\/policyoptions.irpp.org\/fr\/wp-json\/wp\/v2\/media?parent=289908"}],"wp:term":[{"taxonomy":"event-source","embeddable":true,"href":"https:\/\/policyoptions.irpp.org\/fr\/wp-json\/wp\/v2\/event-source?post=289908"},{"taxonomy":"event-type","embeddable":true,"href":"https:\/\/policyoptions.irpp.org\/fr\/wp-json\/wp\/v2\/event-type?post=289908"}],"curies":[{"name":"wp","href":"https:\/\/api.w.org\/{rel}","templated":true}]}}

<p>L&#8217;assurance-emploi est un facteur clé des politiques canadiennes liées au marché du travail. Face aux changements qu&#8217;il subit actuellement, au ralentissement de la croissance de la population active et aux préoccupations de nombreux employeurs devant la pénurie anticipée de travailleurs qualifiés dans certains secteurs, quel rôle devrait jouer le programme d&#8217;assurance-emploi dans l&#8217;avenir ? Faudrait-il le réinventer ? L&#8217;IRPP a lancé un débat sur ces questions à l&#8217;occasion d&#8217;une conférence dont les panélistes étaient :</p>
<p style="text-align: center;">

<p>Quel rôle devrait jouer le programme d&#8217;assurance-emploi dans l&#8217;avenir ? Faudrait-il le réinventer ?</p>

<!-- This site is optimized with the Yoast SEO plugin v27.4 - https://yoast.com/product/yoast-seo-wordpress/ -->
<title>Is It Time to Reinvent Employment Insurance? - Policy Options</title>
<meta name="robots" content="index, follow, max-snippet:-1, max-image-preview:large, max-video-preview:-1" />
<link rel="canonical" href="https://policyoptions.irpp.org/fr/events/is-it-time-to-reinvent-employment-insurance/" />
<meta property="og:locale" content="fr_FR" />
<meta property="og:type" content="article" />
<meta property="og:title" content="Is It Time to Reinvent Employment Insurance? - Policy Options" />
<meta property="og:description" content="Quel rôle devrait jouer le programme d&#039;assurance-emploi dans l&#039;avenir ? Faudrait-il le réinventer ?" />
<meta property="og:url" content="https://policyoptions.irpp.org/fr/events/is-it-time-to-reinvent-employment-insurance/" />
<meta property="og:site_name" content="Policy Options" />
<meta property="article:publisher" content="https://www.facebook.com/IRPP.org" />
<meta property="og:image" content="https://policyoptions.irpp.org/wp-content/uploads/2025/08/diverse-people.jpg" />
	<meta property="og:image:width" content="2000" />
	<meta property="og:image:height" content="700" />
	<meta property="og:image:type" content="image/jpeg" />
<meta name="twitter:card" content="summary_large_image" />
<meta name="twitter:site" content="@irpp" />
<script type="application/ld+json" class="yoast-schema-graph">{"@context":"https:\/\/schema.org","@graph":[{"@type":"WebPage","@id":"https:\/\/policyoptions.irpp.org\/fr\/events\/is-it-time-to-reinvent-employment-insurance\/","url":"https:\/\/policyoptions.irpp.org\/fr\/events\/is-it-time-to-reinvent-employment-insurance\/","name":"Is It Time to Reinvent Employment Insurance? - Policy Options","isPartOf":{"@id":"https:\/\/policyoptions.irpp.org\/fr\/#website"},"primaryImageOfPage":{"@id":"https:\/\/policyoptions.irpp.org\/fr\/events\/is-it-time-to-reinvent-employment-insurance\/#primaryimage"},"image":{"@id":"https:\/\/policyoptions.irpp.org\/fr\/events\/is-it-time-to-reinvent-employment-insurance\/#primaryimage"},"thumbnailUrl":"https:\/\/policyoptions.irpp.org\/wp-content\/uploads\/2025\/08\/diverse-people.jpg","datePublished":"2014-01-23T00:52:21+00:00","breadcrumb":{"@id":"https:\/\/policyoptions.irpp.org\/fr\/events\/is-it-time-to-reinvent-employment-insurance\/#breadcrumb"},"inLanguage":"fr-FR","potentialAction":[{"@type":"ReadAction","target":["https:\/\/policyoptions.irpp.org\/fr\/events\/is-it-time-to-reinvent-employment-insurance\/"]}]},{"@type":"ImageObject","inLanguage":"fr-FR","@id":"https:\/\/policyoptions.irpp.org\/fr\/events\/is-it-time-to-reinvent-employment-insurance\/#primaryimage","url":"https:\/\/policyoptions.irpp.org\/wp-content\/uploads\/2025\/08\/diverse-people.jpg","contentUrl":"https:\/\/policyoptions.irpp.org\/wp-content\/uploads\/2025\/08\/diverse-people.jpg","width":2000,"height":700},{"@type":"BreadcrumbList","@id":"https:\/\/policyoptions.irpp.org\/fr\/events\/is-it-time-to-reinvent-employment-insurance\/#breadcrumb","itemListElement":[{"@type":"ListItem","position":1,"name":"Home","item":"https:\/\/policyoptions.irpp.org\/fr\/"},{"@type":"ListItem","position":2,"name":"Is It Time to Reinvent Employment Insurance?"}]},{"@type":"WebSite","@id":"https:\/\/policyoptions.irpp.org\/fr\/#website","url":"https:\/\/policyoptions.irpp.org\/fr\/","name":"Policy Options","description":"Institute for Research on Public Policy","potentialAction":[{"@type":"SearchAction","target":{"@type":"EntryPoint","urlTemplate":"https:\/\/policyoptions.irpp.org\/fr\/?s={search_term_string}"},"query-input":{"@type":"PropertyValueSpecification","valueRequired":true,"valueName":"search_term_string"}}],"inLanguage":"fr-FR"}]}</script>
<!-- / Yoast SEO plugin. -->

Quel rôle devrait jouer le programme d'assurance-emploi dans l'avenir ? Faudrait-il le réinventer ?
