{"id":289904,"date":"2013-10-25T19:47:38","date_gmt":"2013-10-25T23:47:38","guid":{"rendered":"https:\/\/policyoptions.irpp.org\/events\/electoral-and-civic-involvement-of-canadas-immigrant-communities\/"},"modified":"2013-10-25T19:47:38","modified_gmt":"2013-10-25T23:47:38","slug":"electoral-and-civic-involvement-of-canadas-immigrant-communities","status":"publish","type":"events","link":"https:\/\/policyoptions.irpp.org\/fr\/events\/electoral-and-civic-involvement-of-canadas-immigrant-communities\/","title":{"rendered":"Electoral and Civic Involvement of Canada&#8217;s Immigrant Communities"},"content":{"rendered":"<p style=\"color: #000000;\">Le 25 octobre 2013, l&#8217;IRPP a tenu un atelier sur la participation \u00e9lectorale et civique des communaut\u00e9s d&#8217;immigrants au Canada, appuy\u00e9 par \u00c9lections Canada, Samara, la Fondation Maytree et le Centre pour l&#8217;\u00e9tude de la citoyennet\u00e9 d\u00e9mocratique de l&#8217;Universit\u00e9 McGill. Sp\u00e9cialistes universitaires, d\u00e9l\u00e9gu\u00e9s des gouvernements, anciens militants de partis politiques et repr\u00e9sentants d&#8217;organisations gouvernementales \u2013 en tout plus de 30 participants \u2013 s&#8217;\u00e9taient r\u00e9unis dans les bureaux de Samara \u00e0 Toronto.<\/p>\n<p style=\"color: #000000;\"><strong>Pr\u00e9sentations:<\/strong><\/p>\n<p><iframe id=\"doc_97434\" class=\"scribd_iframe_embed\" src=\"https:\/\/www.scribd.com\/embeds\/312008579\/content?start_page=1&amp;view_mode=scroll&amp;access_key=key-ADRWdDgh01FpoazHa24F&amp;show_recommendations=true\" width=\"100%\" height=\"600\" frameborder=\"0\" scrolling=\"no\" data-auto-height=\"false\" data-aspect-ratio=\"1.3323485967503692\"><\/iframe><\/p>\n<p style=\"color: #000000;\"><strong>Session 1: Trends in Minority Representation and Public Attitudes<\/strong><\/p>\n<p style=\"color: #000000;\">Karen Bird<\/p>\n<p style=\"color: #000000;\">Antoine Bilodeau<\/p>\n<p style=\"color: #000000;\">Livianna Tossutti and\u00a0Jane Hilderman<\/p>\n<p style=\"color: #000000;\"><strong>Session 2: City Council Representativeness and Local Dynamics<\/strong><\/p>\n<p style=\"color: #000000;\">Myer Siemiatycki<\/p>\n<p style=\"color: #000000;\">Wendy Cukier<\/p>\n<p style=\"color: #000000;\">Chima Nkemdirim<\/p>\n<p style=\"color: #000000;\"><strong>Session 3: Recruitment and Candidate Selection<\/strong><\/p>\n<p style=\"color: #000000;\">Greg Sorbara<\/p>\n<p style=\"color: #000000;\">Raj Sihota<\/p>\n<p style=\"color: #000000;\">Alejandra Bravo<\/p>\n<p style=\"color: #000000;\">Matt Smith<\/p>\n<p style=\"color: #000000;\"><strong>Session 4: Civic Participation and the Role of Civil Society Organizations<\/strong><\/p>\n<p style=\"color: #000000;\">Alison Loat<\/p>\n<p style=\"color: #000000;\">Eyob Naizghi<\/p>\n<p style=\"color: #000000;\">Anne-Marie Pham<\/p>\n<p style=\"color: #000000;\">St\u00e9phanie Casimir<\/p>\n<p style=\"color: #000000;\"><strong>Session 5: Summing Up<\/strong><\/p>\n<p style=\"color: #000000;\">Ratna Omidvar<\/p>\n","protected":false},"excerpt":{"rendered":"<p>Le 25 octobre 2013, l&#8217;IRPP a tenu un atelier sur la participation \u00e9lectorale et civique des communaut\u00e9s d&#8217;immigrants au Canada.<\/p>\n","protected":false},"featured_media":288086,"parent":0,"template":"","meta":{"_acf_changed":false,"content-type":"","ep_exclude_from_search":false},"event-source":[9446],"event-type":[],"class_list":["post-289904","events","type-events","status-publish","has-post-thumbnail","hentry","event-source-irpp-fr"],"acf":[],"yoast_head":"<!-- This site is optimized with the Yoast SEO plugin v27.4 - https:\/\/yoast.com\/product\/yoast-seo-wordpress\/ -->\n<title>Electoral and Civic Involvement of Canada&#039;s Immigrant Communities - Policy Options<\/title>\n<meta name=\"robots\" content=\"index, follow, max-snippet:-1, max-image-preview:large, max-video-preview:-1\" \/>\n<link rel=\"canonical\" href=\"https:\/\/policyoptions.irpp.org\/fr\/events\/electoral-and-civic-involvement-of-canadas-immigrant-communities\/\" \/>\n<meta property=\"og:locale\" content=\"fr_FR\" \/>\n<meta property=\"og:type\" content=\"article\" \/>\n<meta property=\"og:title\" content=\"Electoral and Civic Involvement of Canada&#039;s Immigrant Communities - Policy Options\" \/>\n<meta property=\"og:description\" content=\"Le 25 octobre 2013, l&#039;IRPP a tenu un atelier sur la participation \u00e9lectorale et civique des communaut\u00e9s d&#039;immigrants au Canada.\" \/>\n<meta property=\"og:url\" content=\"https:\/\/policyoptions.irpp.org\/fr\/events\/electoral-and-civic-involvement-of-canadas-immigrant-communities\/\" \/>\n<meta property=\"og:site_name\" content=\"Policy Options\" \/>\n<meta property=\"article:publisher\" content=\"https:\/\/www.facebook.com\/IRPP.org\" \/>\n<meta property=\"og:image\" content=\"https:\/\/policyoptions.irpp.org\/wp-content\/uploads\/2025\/08\/canadian-with-flag.jpg\" \/>\n\t<meta property=\"og:image:width\" content=\"2000\" \/>\n\t<meta property=\"og:image:height\" content=\"700\" \/>\n\t<meta property=\"og:image:type\" content=\"image\/jpeg\" \/>\n<meta name=\"twitter:card\" content=\"summary_large_image\" \/>\n<meta name=\"twitter:site\" content=\"@irpp\" \/>\n<meta name=\"twitter:label1\" content=\"Est. reading time\" \/>\n\t<meta name=\"twitter:data1\" content=\"1 minute\" \/>\n<script type=\"application\/ld+json\" class=\"yoast-schema-graph\">{\"@context\":\"https:\\\/\\\/schema.org\",\"@graph\":[{\"@type\":\"WebPage\",\"@id\":\"https:\\\/\\\/policyoptions.irpp.org\\\/fr\\\/events\\\/electoral-and-civic-involvement-of-canadas-immigrant-communities\\\/\",\"url\":\"https:\\\/\\\/policyoptions.irpp.org\\\/fr\\\/events\\\/electoral-and-civic-involvement-of-canadas-immigrant-communities\\\/\",\"name\":\"Electoral and Civic Involvement of Canada's Immigrant Communities - Policy Options\",\"isPartOf\":{\"@id\":\"https:\\\/\\\/policyoptions.irpp.org\\\/fr\\\/#website\"},\"primaryImageOfPage\":{\"@id\":\"https:\\\/\\\/policyoptions.irpp.org\\\/fr\\\/events\\\/electoral-and-civic-involvement-of-canadas-immigrant-communities\\\/#primaryimage\"},\"image\":{\"@id\":\"https:\\\/\\\/policyoptions.irpp.org\\\/fr\\\/events\\\/electoral-and-civic-involvement-of-canadas-immigrant-communities\\\/#primaryimage\"},\"thumbnailUrl\":\"https:\\\/\\\/policyoptions.irpp.org\\\/wp-content\\\/uploads\\\/2025\\\/08\\\/canadian-with-flag.jpg\",\"datePublished\":\"2013-10-25T23:47:38+00:00\",\"breadcrumb\":{\"@id\":\"https:\\\/\\\/policyoptions.irpp.org\\\/fr\\\/events\\\/electoral-and-civic-involvement-of-canadas-immigrant-communities\\\/#breadcrumb\"},\"inLanguage\":\"fr-FR\",\"potentialAction\":[{\"@type\":\"ReadAction\",\"target\":[\"https:\\\/\\\/policyoptions.irpp.org\\\/fr\\\/events\\\/electoral-and-civic-involvement-of-canadas-immigrant-communities\\\/\"]}]},{\"@type\":\"ImageObject\",\"inLanguage\":\"fr-FR\",\"@id\":\"https:\\\/\\\/policyoptions.irpp.org\\\/fr\\\/events\\\/electoral-and-civic-involvement-of-canadas-immigrant-communities\\\/#primaryimage\",\"url\":\"https:\\\/\\\/policyoptions.irpp.org\\\/wp-content\\\/uploads\\\/2025\\\/08\\\/canadian-with-flag.jpg\",\"contentUrl\":\"https:\\\/\\\/policyoptions.irpp.org\\\/wp-content\\\/uploads\\\/2025\\\/08\\\/canadian-with-flag.jpg\",\"width\":2000,\"height\":700},{\"@type\":\"BreadcrumbList\",\"@id\":\"https:\\\/\\\/policyoptions.irpp.org\\\/fr\\\/events\\\/electoral-and-civic-involvement-of-canadas-immigrant-communities\\\/#breadcrumb\",\"itemListElement\":[{\"@type\":\"ListItem\",\"position\":1,\"name\":\"Home\",\"item\":\"https:\\\/\\\/policyoptions.irpp.org\\\/fr\\\/\"},{\"@type\":\"ListItem\",\"position\":2,\"name\":\"Electoral and Civic Involvement of Canada&#8217;s Immigrant Communities\"}]},{\"@type\":\"WebSite\",\"@id\":\"https:\\\/\\\/policyoptions.irpp.org\\\/fr\\\/#website\",\"url\":\"https:\\\/\\\/policyoptions.irpp.org\\\/fr\\\/\",\"name\":\"Policy Options\",\"description\":\"Institute for Research on Public Policy\",\"potentialAction\":[{\"@type\":\"SearchAction\",\"target\":{\"@type\":\"EntryPoint\",\"urlTemplate\":\"https:\\\/\\\/policyoptions.irpp.org\\\/fr\\\/?s={search_term_string}\"},\"query-input\":{\"@type\":\"PropertyValueSpecification\",\"valueRequired\":true,\"valueName\":\"search_term_string\"}}],\"inLanguage\":\"fr-FR\"}]}<\/script>\n<!-- \/ Yoast SEO plugin. -->","yoast_head_json":{"title":"Electoral and Civic Involvement of Canada's Immigrant Communities - Policy Options","robots":{"index":"index","follow":"follow","max-snippet":"max-snippet:-1","max-image-preview":"max-image-preview:large","max-video-preview":"max-video-preview:-1"},"canonical":"https:\/\/policyoptions.irpp.org\/fr\/events\/electoral-and-civic-involvement-of-canadas-immigrant-communities\/","og_locale":"fr_FR","og_type":"article","og_title":"Electoral and Civic Involvement of Canada's Immigrant Communities - Policy Options","og_description":"Le 25 octobre 2013, l'IRPP a tenu un atelier sur la participation \u00e9lectorale et civique des communaut\u00e9s d'immigrants au Canada.","og_url":"https:\/\/policyoptions.irpp.org\/fr\/events\/electoral-and-civic-involvement-of-canadas-immigrant-communities\/","og_site_name":"Policy Options","article_publisher":"https:\/\/www.facebook.com\/IRPP.org","og_image":[{"width":2000,"height":700,"url":"https:\/\/policyoptions.irpp.org\/wp-content\/uploads\/2025\/08\/canadian-with-flag.jpg","type":"image\/jpeg"}],"twitter_card":"summary_large_image","twitter_site":"@irpp","twitter_misc":{"Est. reading time":"1 minute"},"schema":{"@context":"https:\/\/schema.org","@graph":[{"@type":"WebPage","@id":"https:\/\/policyoptions.irpp.org\/fr\/events\/electoral-and-civic-involvement-of-canadas-immigrant-communities\/","url":"https:\/\/policyoptions.irpp.org\/fr\/events\/electoral-and-civic-involvement-of-canadas-immigrant-communities\/","name":"Electoral and Civic Involvement of Canada's Immigrant Communities - Policy Options","isPartOf":{"@id":"https:\/\/policyoptions.irpp.org\/fr\/#website"},"primaryImageOfPage":{"@id":"https:\/\/policyoptions.irpp.org\/fr\/events\/electoral-and-civic-involvement-of-canadas-immigrant-communities\/#primaryimage"},"image":{"@id":"https:\/\/policyoptions.irpp.org\/fr\/events\/electoral-and-civic-involvement-of-canadas-immigrant-communities\/#primaryimage"},"thumbnailUrl":"https:\/\/policyoptions.irpp.org\/wp-content\/uploads\/2025\/08\/canadian-with-flag.jpg","datePublished":"2013-10-25T23:47:38+00:00","breadcrumb":{"@id":"https:\/\/policyoptions.irpp.org\/fr\/events\/electoral-and-civic-involvement-of-canadas-immigrant-communities\/#breadcrumb"},"inLanguage":"fr-FR","potentialAction":[{"@type":"ReadAction","target":["https:\/\/policyoptions.irpp.org\/fr\/events\/electoral-and-civic-involvement-of-canadas-immigrant-communities\/"]}]},{"@type":"ImageObject","inLanguage":"fr-FR","@id":"https:\/\/policyoptions.irpp.org\/fr\/events\/electoral-and-civic-involvement-of-canadas-immigrant-communities\/#primaryimage","url":"https:\/\/policyoptions.irpp.org\/wp-content\/uploads\/2025\/08\/canadian-with-flag.jpg","contentUrl":"https:\/\/policyoptions.irpp.org\/wp-content\/uploads\/2025\/08\/canadian-with-flag.jpg","width":2000,"height":700},{"@type":"BreadcrumbList","@id":"https:\/\/policyoptions.irpp.org\/fr\/events\/electoral-and-civic-involvement-of-canadas-immigrant-communities\/#breadcrumb","itemListElement":[{"@type":"ListItem","position":1,"name":"Home","item":"https:\/\/policyoptions.irpp.org\/fr\/"},{"@type":"ListItem","position":2,"name":"Electoral and Civic Involvement of Canada&#8217;s Immigrant Communities"}]},{"@type":"WebSite","@id":"https:\/\/policyoptions.irpp.org\/fr\/#website","url":"https:\/\/policyoptions.irpp.org\/fr\/","name":"Policy Options","description":"Institute for Research on Public Policy","potentialAction":[{"@type":"SearchAction","target":{"@type":"EntryPoint","urlTemplate":"https:\/\/policyoptions.irpp.org\/fr\/?s={search_term_string}"},"query-input":{"@type":"PropertyValueSpecification","valueRequired":true,"valueName":"search_term_string"}}],"inLanguage":"fr-FR"}]}},"_links":{"self":[{"href":"https:\/\/policyoptions.irpp.org\/fr\/wp-json\/wp\/v2\/events\/289904","targetHints":{"allow":["GET"]}}],"collection":[{"href":"https:\/\/policyoptions.irpp.org\/fr\/wp-json\/wp\/v2\/events"}],"about":[{"href":"https:\/\/policyoptions.irpp.org\/fr\/wp-json\/wp\/v2\/types\/events"}],"wp:featuredmedia":[{"embeddable":true,"href":"https:\/\/policyoptions.irpp.org\/fr\/wp-json\/wp\/v2\/media\/288086"}],"wp:attachment":[{"href":"https:\/\/policyoptions.irpp.org\/fr\/wp-json\/wp\/v2\/media?parent=289904"}],"wp:term":[{"taxonomy":"event-source","embeddable":true,"href":"https:\/\/policyoptions.irpp.org\/fr\/wp-json\/wp\/v2\/event-source?post=289904"},{"taxonomy":"event-type","embeddable":true,"href":"https:\/\/policyoptions.irpp.org\/fr\/wp-json\/wp\/v2\/event-type?post=289904"}],"curies":[{"name":"wp","href":"https:\/\/api.w.org\/{rel}","templated":true}]}}

<p style="color: #000000;">Le 25 octobre 2013, l&#8217;IRPP a tenu un atelier sur la participation électorale et civique des communautés d&#8217;immigrants au Canada, appuyé par Élections Canada, Samara, la Fondation Maytree et le Centre pour l&#8217;étude de la citoyenneté démocratique de l&#8217;Université McGill. Spécialistes universitaires, délégués des gouvernements, anciens militants de partis politiques et représentants d&#8217;organisations gouvernementales – en tout plus de 30 participants – s&#8217;étaient réunis dans les bureaux de Samara à Toronto.</p>
<p style="color: #000000;"><strong>Présentations:</strong></p>
<p><iframe id="doc_97434" class="scribd_iframe_embed" src="https://www.scribd.com/embeds/312008579/content?start_page=1&amp;view_mode=scroll&amp;access_key=key-ADRWdDgh01FpoazHa24F&amp;show_recommendations=true" width="100%" height="600" frameborder="0" scrolling="no" data-auto-height="false" data-aspect-ratio="1.3323485967503692"></iframe></p>
<p style="color: #000000;"><strong>Session 1: Trends in Minority Representation and Public Attitudes</strong></p>
<p style="color: #000000;">Karen Bird</p>
<p style="color: #000000;">Antoine Bilodeau</p>
<p style="color: #000000;">Livianna Tossutti and Jane Hilderman</p>
<p style="color: #000000;"><strong>Session 2: City Council Representativeness and Local Dynamics</strong></p>
<p style="color: #000000;">Myer Siemiatycki</p>
<p style="color: #000000;">Wendy Cukier</p>
<p style="color: #000000;">Chima Nkemdirim</p>
<p style="color: #000000;"><strong>Session 3: Recruitment and Candidate Selection</strong></p>
<p style="color: #000000;">Greg Sorbara</p>
<p style="color: #000000;">Raj Sihota</p>
<p style="color: #000000;">Alejandra Bravo</p>
<p style="color: #000000;">Matt Smith</p>
<p style="color: #000000;"><strong>Session 4: Civic Participation and the Role of Civil Society Organizations</strong></p>
<p style="color: #000000;">Alison Loat</p>
<p style="color: #000000;">Eyob Naizghi</p>
<p style="color: #000000;">Anne-Marie Pham</p>
<p style="color: #000000;">Stéphanie Casimir</p>
<p style="color: #000000;"><strong>Session 5: Summing Up</strong></p>
<p style="color: #000000;">Ratna Omidvar</p>

<p>Le 25 octobre 2013, l&#8217;IRPP a tenu un atelier sur la participation électorale et civique des communautés d&#8217;immigrants au Canada.</p>

<!-- This site is optimized with the Yoast SEO plugin v27.4 - https://yoast.com/product/yoast-seo-wordpress/ -->
<title>Electoral and Civic Involvement of Canada&#039;s Immigrant Communities - Policy Options</title>
<meta name="robots" content="index, follow, max-snippet:-1, max-image-preview:large, max-video-preview:-1" />
<link rel="canonical" href="https://policyoptions.irpp.org/fr/events/electoral-and-civic-involvement-of-canadas-immigrant-communities/" />
<meta property="og:locale" content="fr_FR" />
<meta property="og:type" content="article" />
<meta property="og:title" content="Electoral and Civic Involvement of Canada&#039;s Immigrant Communities - Policy Options" />
<meta property="og:description" content="Le 25 octobre 2013, l&#039;IRPP a tenu un atelier sur la participation électorale et civique des communautés d&#039;immigrants au Canada." />
<meta property="og:url" content="https://policyoptions.irpp.org/fr/events/electoral-and-civic-involvement-of-canadas-immigrant-communities/" />
<meta property="og:site_name" content="Policy Options" />
<meta property="article:publisher" content="https://www.facebook.com/IRPP.org" />
<meta property="og:image" content="https://policyoptions.irpp.org/wp-content/uploads/2025/08/canadian-with-flag.jpg" />
	<meta property="og:image:width" content="2000" />
	<meta property="og:image:height" content="700" />
	<meta property="og:image:type" content="image/jpeg" />
<meta name="twitter:card" content="summary_large_image" />
<meta name="twitter:site" content="@irpp" />
<meta name="twitter:label1" content="Est. reading time" />
	<meta name="twitter:data1" content="1 minute" />
<script type="application/ld+json" class="yoast-schema-graph">{"@context":"https:\/\/schema.org","@graph":[{"@type":"WebPage","@id":"https:\/\/policyoptions.irpp.org\/fr\/events\/electoral-and-civic-involvement-of-canadas-immigrant-communities\/","url":"https:\/\/policyoptions.irpp.org\/fr\/events\/electoral-and-civic-involvement-of-canadas-immigrant-communities\/","name":"Electoral and Civic Involvement of Canada's Immigrant Communities - Policy Options","isPartOf":{"@id":"https:\/\/policyoptions.irpp.org\/fr\/#website"},"primaryImageOfPage":{"@id":"https:\/\/policyoptions.irpp.org\/fr\/events\/electoral-and-civic-involvement-of-canadas-immigrant-communities\/#primaryimage"},"image":{"@id":"https:\/\/policyoptions.irpp.org\/fr\/events\/electoral-and-civic-involvement-of-canadas-immigrant-communities\/#primaryimage"},"thumbnailUrl":"https:\/\/policyoptions.irpp.org\/wp-content\/uploads\/2025\/08\/canadian-with-flag.jpg","datePublished":"2013-10-25T23:47:38+00:00","breadcrumb":{"@id":"https:\/\/policyoptions.irpp.org\/fr\/events\/electoral-and-civic-involvement-of-canadas-immigrant-communities\/#breadcrumb"},"inLanguage":"fr-FR","potentialAction":[{"@type":"ReadAction","target":["https:\/\/policyoptions.irpp.org\/fr\/events\/electoral-and-civic-involvement-of-canadas-immigrant-communities\/"]}]},{"@type":"ImageObject","inLanguage":"fr-FR","@id":"https:\/\/policyoptions.irpp.org\/fr\/events\/electoral-and-civic-involvement-of-canadas-immigrant-communities\/#primaryimage","url":"https:\/\/policyoptions.irpp.org\/wp-content\/uploads\/2025\/08\/canadian-with-flag.jpg","contentUrl":"https:\/\/policyoptions.irpp.org\/wp-content\/uploads\/2025\/08\/canadian-with-flag.jpg","width":2000,"height":700},{"@type":"BreadcrumbList","@id":"https:\/\/policyoptions.irpp.org\/fr\/events\/electoral-and-civic-involvement-of-canadas-immigrant-communities\/#breadcrumb","itemListElement":[{"@type":"ListItem","position":1,"name":"Home","item":"https:\/\/policyoptions.irpp.org\/fr\/"},{"@type":"ListItem","position":2,"name":"Electoral and Civic Involvement of Canada&#8217;s Immigrant Communities"}]},{"@type":"WebSite","@id":"https:\/\/policyoptions.irpp.org\/fr\/#website","url":"https:\/\/policyoptions.irpp.org\/fr\/","name":"Policy Options","description":"Institute for Research on Public Policy","potentialAction":[{"@type":"SearchAction","target":{"@type":"EntryPoint","urlTemplate":"https:\/\/policyoptions.irpp.org\/fr\/?s={search_term_string}"},"query-input":{"@type":"PropertyValueSpecification","valueRequired":true,"valueName":"search_term_string"}}],"inLanguage":"fr-FR"}]}</script>
<!-- / Yoast SEO plugin. -->

Le 25 octobre 2013, l'IRPP a tenu un atelier sur la participation électorale et civique des communautés d'immigrants au Canada.
