{"id":303813,"date":"2026-03-17T15:53:05","date_gmt":"2026-03-17T19:53:05","guid":{"rendered":"https:\/\/policyoptions.irpp.org\/?post_type=authors&#038;p=303813"},"modified":"2026-03-17T15:53:05","modified_gmt":"2026-03-17T19:53:05","slug":"bibiana-pulido","status":"publish","type":"authors","link":"https:\/\/policyoptions.irpp.org\/fr\/authors\/bibiana-pulido\/","title":{"rendered":"Bibiana Pulido"},"content":{"rendered":"<p><a href=\"https:\/\/www.linkedin.com\/in\/bibianapulido\/\">Bibiana Pulido<\/a> est une entrepreneure sociale, charg\u00e9e de cours et leader en \u00e9quit\u00e9, diversit\u00e9 et inclusion (EDI). Fondatrice et <a href=\"https:\/\/rqedi.com\/en\/\">directrice g\u00e9n\u00e9rale<\/a> du R\u00e9seau interuniversitaire qu\u00e9b\u00e9cois pour l\u2019\u00e9quit\u00e9, la diversit\u00e9 et l\u2019inclusion, elle offre aux organisations des solutions rigoureuses, humaines et concr\u00e8tes pour relever les d\u00e9fis complexes d\u2019\u00e9quit\u00e9 et d\u2019inclusion en engageant leurs parties prenantes.<\/p>\n","protected":false},"featured_media":303812,"template":"","meta":{"_acf_changed":false,"content-type":"","ep_exclude_from_search":false},"class_list":["post-303813","authors","type-authors","status-publish","has-post-thumbnail","hentry"],"acf":[],"yoast_head":"<!-- This site is optimized with the Yoast SEO plugin v27.4 - https:\/\/yoast.com\/product\/yoast-seo-wordpress\/ -->\n<title>Bibiana Pulido<\/title>\n<meta name=\"description\" content=\"Bibiana Pulido est une entrepreneure sociale, charg\u00e9e de cours et leader en \u00e9quit\u00e9, diversit\u00e9 et inclusion (EDI).\" \/>\n<meta name=\"robots\" content=\"index, follow, max-snippet:-1, max-image-preview:large, max-video-preview:-1\" \/>\n<link rel=\"canonical\" href=\"https:\/\/policyoptions.irpp.org\/fr\/authors\/bibiana-pulido\/\" \/>\n<meta property=\"og:locale\" content=\"fr_FR\" \/>\n<meta property=\"og:type\" content=\"article\" \/>\n<meta property=\"og:title\" content=\"Bibiana Pulido\" \/>\n<meta property=\"og:description\" content=\"Bibiana Pulido est une entrepreneure sociale, charg\u00e9e de cours et leader en \u00e9quit\u00e9, diversit\u00e9 et inclusion (EDI).\" \/>\n<meta property=\"og:url\" content=\"https:\/\/policyoptions.irpp.org\/fr\/authors\/bibiana-pulido\/\" \/>\n<meta property=\"og:site_name\" content=\"Policy Options\" \/>\n<meta property=\"article:publisher\" content=\"https:\/\/www.facebook.com\/IRPP.org\" \/>\n<meta property=\"og:image\" content=\"https:\/\/policyoptions.irpp.org\/wp-content\/uploads\/2026\/03\/Bibiana-Pulido.jpg\" \/>\n\t<meta property=\"og:image:width\" content=\"387\" \/>\n\t<meta property=\"og:image:height\" content=\"461\" \/>\n\t<meta property=\"og:image:type\" content=\"image\/jpeg\" \/>\n<meta name=\"twitter:card\" content=\"summary_large_image\" \/>\n<meta name=\"twitter:site\" content=\"@irpp\" \/>\n<meta name=\"twitter:label1\" content=\"Est. reading time\" \/>\n\t<meta name=\"twitter:data1\" content=\"1 minute\" \/>\n<script type=\"application\/ld+json\" class=\"yoast-schema-graph\">{\"@context\":\"https:\\\/\\\/schema.org\",\"@graph\":[{\"@type\":\"WebPage\",\"@id\":\"https:\\\/\\\/policyoptions.irpp.org\\\/fr\\\/authors\\\/bibiana-pulido\\\/\",\"url\":\"https:\\\/\\\/policyoptions.irpp.org\\\/fr\\\/authors\\\/bibiana-pulido\\\/\",\"name\":\"Bibiana Pulido\",\"isPartOf\":{\"@id\":\"https:\\\/\\\/policyoptions.irpp.org\\\/fr\\\/#website\"},\"primaryImageOfPage\":{\"@id\":\"https:\\\/\\\/policyoptions.irpp.org\\\/fr\\\/authors\\\/bibiana-pulido\\\/#primaryimage\"},\"image\":{\"@id\":\"https:\\\/\\\/policyoptions.irpp.org\\\/fr\\\/authors\\\/bibiana-pulido\\\/#primaryimage\"},\"thumbnailUrl\":\"https:\\\/\\\/policyoptions.irpp.org\\\/wp-content\\\/uploads\\\/2026\\\/03\\\/Bibiana-Pulido.jpg\",\"datePublished\":\"2026-03-17T19:53:05+00:00\",\"description\":\"Bibiana Pulido est une entrepreneure sociale, charg\u00e9e de cours et leader en \u00e9quit\u00e9, diversit\u00e9 et inclusion (EDI).\",\"breadcrumb\":{\"@id\":\"https:\\\/\\\/policyoptions.irpp.org\\\/fr\\\/authors\\\/bibiana-pulido\\\/#breadcrumb\"},\"inLanguage\":\"fr-FR\",\"potentialAction\":[{\"@type\":\"ReadAction\",\"target\":[\"https:\\\/\\\/policyoptions.irpp.org\\\/fr\\\/authors\\\/bibiana-pulido\\\/\"]}]},{\"@type\":\"ImageObject\",\"inLanguage\":\"fr-FR\",\"@id\":\"https:\\\/\\\/policyoptions.irpp.org\\\/fr\\\/authors\\\/bibiana-pulido\\\/#primaryimage\",\"url\":\"https:\\\/\\\/policyoptions.irpp.org\\\/wp-content\\\/uploads\\\/2026\\\/03\\\/Bibiana-Pulido.jpg\",\"contentUrl\":\"https:\\\/\\\/policyoptions.irpp.org\\\/wp-content\\\/uploads\\\/2026\\\/03\\\/Bibiana-Pulido.jpg\",\"width\":387,\"height\":461},{\"@type\":\"BreadcrumbList\",\"@id\":\"https:\\\/\\\/policyoptions.irpp.org\\\/fr\\\/authors\\\/bibiana-pulido\\\/#breadcrumb\",\"itemListElement\":[{\"@type\":\"ListItem\",\"position\":1,\"name\":\"Home\",\"item\":\"https:\\\/\\\/policyoptions.irpp.org\\\/fr\\\/\"},{\"@type\":\"ListItem\",\"position\":2,\"name\":\"Authors\",\"item\":\"https:\\\/\\\/policyoptions.irpp.org\\\/authors\\\/\"},{\"@type\":\"ListItem\",\"position\":3,\"name\":\"Bibiana Pulido\"}]},{\"@type\":\"WebSite\",\"@id\":\"https:\\\/\\\/policyoptions.irpp.org\\\/fr\\\/#website\",\"url\":\"https:\\\/\\\/policyoptions.irpp.org\\\/fr\\\/\",\"name\":\"Policy Options\",\"description\":\"Institute for Research on Public Policy\",\"potentialAction\":[{\"@type\":\"SearchAction\",\"target\":{\"@type\":\"EntryPoint\",\"urlTemplate\":\"https:\\\/\\\/policyoptions.irpp.org\\\/fr\\\/?s={search_term_string}\"},\"query-input\":{\"@type\":\"PropertyValueSpecification\",\"valueRequired\":true,\"valueName\":\"search_term_string\"}}],\"inLanguage\":\"fr-FR\"}]}<\/script>\n<!-- \/ Yoast SEO plugin. -->","yoast_head_json":{"title":"Bibiana Pulido","description":"Bibiana Pulido est une entrepreneure sociale, charg\u00e9e de cours et leader en \u00e9quit\u00e9, diversit\u00e9 et inclusion (EDI).","robots":{"index":"index","follow":"follow","max-snippet":"max-snippet:-1","max-image-preview":"max-image-preview:large","max-video-preview":"max-video-preview:-1"},"canonical":"https:\/\/policyoptions.irpp.org\/fr\/authors\/bibiana-pulido\/","og_locale":"fr_FR","og_type":"article","og_title":"Bibiana Pulido","og_description":"Bibiana Pulido est une entrepreneure sociale, charg\u00e9e de cours et leader en \u00e9quit\u00e9, diversit\u00e9 et inclusion (EDI).","og_url":"https:\/\/policyoptions.irpp.org\/fr\/authors\/bibiana-pulido\/","og_site_name":"Policy Options","article_publisher":"https:\/\/www.facebook.com\/IRPP.org","og_image":[{"width":387,"height":461,"url":"https:\/\/policyoptions.irpp.org\/wp-content\/uploads\/2026\/03\/Bibiana-Pulido.jpg","type":"image\/jpeg"}],"twitter_card":"summary_large_image","twitter_site":"@irpp","twitter_misc":{"Est. reading time":"1 minute"},"schema":{"@context":"https:\/\/schema.org","@graph":[{"@type":"WebPage","@id":"https:\/\/policyoptions.irpp.org\/fr\/authors\/bibiana-pulido\/","url":"https:\/\/policyoptions.irpp.org\/fr\/authors\/bibiana-pulido\/","name":"Bibiana Pulido","isPartOf":{"@id":"https:\/\/policyoptions.irpp.org\/fr\/#website"},"primaryImageOfPage":{"@id":"https:\/\/policyoptions.irpp.org\/fr\/authors\/bibiana-pulido\/#primaryimage"},"image":{"@id":"https:\/\/policyoptions.irpp.org\/fr\/authors\/bibiana-pulido\/#primaryimage"},"thumbnailUrl":"https:\/\/policyoptions.irpp.org\/wp-content\/uploads\/2026\/03\/Bibiana-Pulido.jpg","datePublished":"2026-03-17T19:53:05+00:00","description":"Bibiana Pulido est une entrepreneure sociale, charg\u00e9e de cours et leader en \u00e9quit\u00e9, diversit\u00e9 et inclusion (EDI).","breadcrumb":{"@id":"https:\/\/policyoptions.irpp.org\/fr\/authors\/bibiana-pulido\/#breadcrumb"},"inLanguage":"fr-FR","potentialAction":[{"@type":"ReadAction","target":["https:\/\/policyoptions.irpp.org\/fr\/authors\/bibiana-pulido\/"]}]},{"@type":"ImageObject","inLanguage":"fr-FR","@id":"https:\/\/policyoptions.irpp.org\/fr\/authors\/bibiana-pulido\/#primaryimage","url":"https:\/\/policyoptions.irpp.org\/wp-content\/uploads\/2026\/03\/Bibiana-Pulido.jpg","contentUrl":"https:\/\/policyoptions.irpp.org\/wp-content\/uploads\/2026\/03\/Bibiana-Pulido.jpg","width":387,"height":461},{"@type":"BreadcrumbList","@id":"https:\/\/policyoptions.irpp.org\/fr\/authors\/bibiana-pulido\/#breadcrumb","itemListElement":[{"@type":"ListItem","position":1,"name":"Home","item":"https:\/\/policyoptions.irpp.org\/fr\/"},{"@type":"ListItem","position":2,"name":"Authors","item":"https:\/\/policyoptions.irpp.org\/authors\/"},{"@type":"ListItem","position":3,"name":"Bibiana Pulido"}]},{"@type":"WebSite","@id":"https:\/\/policyoptions.irpp.org\/fr\/#website","url":"https:\/\/policyoptions.irpp.org\/fr\/","name":"Policy Options","description":"Institute for Research on Public Policy","potentialAction":[{"@type":"SearchAction","target":{"@type":"EntryPoint","urlTemplate":"https:\/\/policyoptions.irpp.org\/fr\/?s={search_term_string}"},"query-input":{"@type":"PropertyValueSpecification","valueRequired":true,"valueName":"search_term_string"}}],"inLanguage":"fr-FR"}]}},"_links":{"self":[{"href":"https:\/\/policyoptions.irpp.org\/fr\/wp-json\/wp\/v2\/authors\/303813","targetHints":{"allow":["GET"]}}],"collection":[{"href":"https:\/\/policyoptions.irpp.org\/fr\/wp-json\/wp\/v2\/authors"}],"about":[{"href":"https:\/\/policyoptions.irpp.org\/fr\/wp-json\/wp\/v2\/types\/authors"}],"wp:featuredmedia":[{"embeddable":true,"href":"https:\/\/policyoptions.irpp.org\/fr\/wp-json\/wp\/v2\/media\/303812"}],"wp:attachment":[{"href":"https:\/\/policyoptions.irpp.org\/fr\/wp-json\/wp\/v2\/media?parent=303813"}],"curies":[{"name":"wp","href":"https:\/\/api.w.org\/{rel}","templated":true}]}}

<p><a href="https://www.linkedin.com/in/bibianapulido/">Bibiana Pulido</a> est une entrepreneure sociale, chargée de cours et leader en équité, diversité et inclusion (EDI). Fondatrice et <a href="https://rqedi.com/en/">directrice générale</a> du Réseau interuniversitaire québécois pour l’équité, la diversité et l’inclusion, elle offre aux organisations des solutions rigoureuses, humaines et concrètes pour relever les défis complexes d’équité et d’inclusion en engageant leurs parties prenantes.</p>

<!-- This site is optimized with the Yoast SEO plugin v27.4 - https://yoast.com/product/yoast-seo-wordpress/ -->
<title>Bibiana Pulido</title>
<meta name="description" content="Bibiana Pulido est une entrepreneure sociale, chargée de cours et leader en équité, diversité et inclusion (EDI)." />
<meta name="robots" content="index, follow, max-snippet:-1, max-image-preview:large, max-video-preview:-1" />
<link rel="canonical" href="https://policyoptions.irpp.org/fr/authors/bibiana-pulido/" />
<meta property="og:locale" content="fr_FR" />
<meta property="og:type" content="article" />
<meta property="og:title" content="Bibiana Pulido" />
<meta property="og:description" content="Bibiana Pulido est une entrepreneure sociale, chargée de cours et leader en équité, diversité et inclusion (EDI)." />
<meta property="og:url" content="https://policyoptions.irpp.org/fr/authors/bibiana-pulido/" />
<meta property="og:site_name" content="Policy Options" />
<meta property="article:publisher" content="https://www.facebook.com/IRPP.org" />
<meta property="og:image" content="https://policyoptions.irpp.org/wp-content/uploads/2026/03/Bibiana-Pulido.jpg" />
	<meta property="og:image:width" content="387" />
	<meta property="og:image:height" content="461" />
	<meta property="og:image:type" content="image/jpeg" />
<meta name="twitter:card" content="summary_large_image" />
<meta name="twitter:site" content="@irpp" />
<meta name="twitter:label1" content="Est. reading time" />
	<meta name="twitter:data1" content="1 minute" />
<script type="application/ld+json" class="yoast-schema-graph">{"@context":"https:\/\/schema.org","@graph":[{"@type":"WebPage","@id":"https:\/\/policyoptions.irpp.org\/fr\/authors\/bibiana-pulido\/","url":"https:\/\/policyoptions.irpp.org\/fr\/authors\/bibiana-pulido\/","name":"Bibiana Pulido","isPartOf":{"@id":"https:\/\/policyoptions.irpp.org\/fr\/#website"},"primaryImageOfPage":{"@id":"https:\/\/policyoptions.irpp.org\/fr\/authors\/bibiana-pulido\/#primaryimage"},"image":{"@id":"https:\/\/policyoptions.irpp.org\/fr\/authors\/bibiana-pulido\/#primaryimage"},"thumbnailUrl":"https:\/\/policyoptions.irpp.org\/wp-content\/uploads\/2026\/03\/Bibiana-Pulido.jpg","datePublished":"2026-03-17T19:53:05+00:00","description":"Bibiana Pulido est une entrepreneure sociale, chargée de cours et leader en équité, diversité et inclusion (EDI).","breadcrumb":{"@id":"https:\/\/policyoptions.irpp.org\/fr\/authors\/bibiana-pulido\/#breadcrumb"},"inLanguage":"fr-FR","potentialAction":[{"@type":"ReadAction","target":["https:\/\/policyoptions.irpp.org\/fr\/authors\/bibiana-pulido\/"]}]},{"@type":"ImageObject","inLanguage":"fr-FR","@id":"https:\/\/policyoptions.irpp.org\/fr\/authors\/bibiana-pulido\/#primaryimage","url":"https:\/\/policyoptions.irpp.org\/wp-content\/uploads\/2026\/03\/Bibiana-Pulido.jpg","contentUrl":"https:\/\/policyoptions.irpp.org\/wp-content\/uploads\/2026\/03\/Bibiana-Pulido.jpg","width":387,"height":461},{"@type":"BreadcrumbList","@id":"https:\/\/policyoptions.irpp.org\/fr\/authors\/bibiana-pulido\/#breadcrumb","itemListElement":[{"@type":"ListItem","position":1,"name":"Home","item":"https:\/\/policyoptions.irpp.org\/fr\/"},{"@type":"ListItem","position":2,"name":"Authors","item":"https:\/\/policyoptions.irpp.org\/authors\/"},{"@type":"ListItem","position":3,"name":"Bibiana Pulido"}]},{"@type":"WebSite","@id":"https:\/\/policyoptions.irpp.org\/fr\/#website","url":"https:\/\/policyoptions.irpp.org\/fr\/","name":"Policy Options","description":"Institute for Research on Public Policy","potentialAction":[{"@type":"SearchAction","target":{"@type":"EntryPoint","urlTemplate":"https:\/\/policyoptions.irpp.org\/fr\/?s={search_term_string}"},"query-input":{"@type":"PropertyValueSpecification","valueRequired":true,"valueName":"search_term_string"}}],"inLanguage":"fr-FR"}]}</script>
<!-- / Yoast SEO plugin. -->

Bibiana Pulido est une entrepreneure sociale, chargée de cours et leader en équité, diversité et inclusion (EDI).
