{"id":159605,"date":"2024-04-22T15:11:55","date_gmt":"2024-04-22T19:11:55","guid":{"rendered":"https:\/\/irpp-policy-options.local\/authors\/amely-paquet\/"},"modified":"2025-08-26T15:53:22","modified_gmt":"2025-08-26T19:53:22","slug":"amely-paquet","status":"publish","type":"authors","link":"https:\/\/policyoptions.irpp.org\/fr\/authors\/amely-paquet\/","title":{"rendered":"Am\u00e9ly Paquet"},"content":{"rendered":"<p>Apr\u00e8s avoir enseign\u00e9 le fran\u00e7ais au secondaire, <strong>Am\u00e9ly Paquet<\/strong> a rejoint CIVIX, une organisation d\u00e9di\u00e9e \u00e0 l\u2019\u00e9ducation civique chez les jeunes, en tant que r\u00e9dactrice de contenu p\u00e9dagogique francophone. Dans le cadre de son travail, Am\u00e9ly \u00e9labore du mat\u00e9riel \u00e9ducatif innovant et engageant pour les enseignants francophones du Canada et soutient les p\u00e9dagogues dans la mise en \u0153uvre des programmes d\u2019\u00e9ducation civique de l\u2019organisme.<\/p>\n","protected":false},"featured_media":287861,"template":"","meta":{"_acf_changed":false,"content-type":"","ep_exclude_from_search":false},"class_list":["post-159605","authors","type-authors","status-publish","has-post-thumbnail","hentry"],"acf":[],"yoast_head":"<!-- This site is optimized with the Yoast SEO plugin v27.4 - https:\/\/yoast.com\/product\/yoast-seo-wordpress\/ -->\n<title>Am\u00e9ly Paquet<\/title>\n<meta name=\"robots\" content=\"index, follow, max-snippet:-1, max-image-preview:large, max-video-preview:-1\" \/>\n<link rel=\"canonical\" href=\"https:\/\/policyoptions.irpp.org\/fr\/authors\/amely-paquet\/\" \/>\n<meta property=\"og:locale\" content=\"fr_FR\" \/>\n<meta property=\"og:type\" content=\"article\" \/>\n<meta property=\"og:title\" content=\"Am\u00e9ly Paquet\" \/>\n<meta property=\"og:description\" content=\"Apr\u00e8s avoir enseign\u00e9 le fran\u00e7ais au secondaire, Am\u00e9ly Paquet a rejoint CIVIX, une organisation d\u00e9di\u00e9e \u00e0 l\u2019\u00e9ducation civique chez les jeunes, en tant que r\u00e9dactrice de contenu p\u00e9dagogique francophone. Dans le cadre de son travail, Am\u00e9ly \u00e9labore du mat\u00e9riel \u00e9ducatif innovant et engageant pour les enseignants francophones du Canada et soutient les p\u00e9dagogues dans la [&hellip;]\" \/>\n<meta property=\"og:url\" content=\"https:\/\/policyoptions.irpp.org\/fr\/authors\/amely-paquet\/\" \/>\n<meta property=\"og:site_name\" content=\"Policy Options\" \/>\n<meta property=\"article:publisher\" content=\"https:\/\/www.facebook.com\/IRPP.org\" \/>\n<meta property=\"article:modified_time\" content=\"2025-08-26T19:53:22+00:00\" \/>\n<meta property=\"og:image\" content=\"https:\/\/policyoptions.irpp.org\/wp-content\/uploads\/2025\/03\/Amely-Paquet.jpg\" \/>\n\t<meta property=\"og:image:width\" content=\"500\" \/>\n\t<meta property=\"og:image:height\" content=\"500\" \/>\n\t<meta property=\"og:image:type\" content=\"image\/jpeg\" \/>\n<meta name=\"twitter:card\" content=\"summary_large_image\" \/>\n<meta name=\"twitter:site\" content=\"@irpp\" \/>\n<script type=\"application\/ld+json\" class=\"yoast-schema-graph\">{\"@context\":\"https:\\\/\\\/schema.org\",\"@graph\":[{\"@type\":\"WebPage\",\"@id\":\"https:\\\/\\\/policyoptions.irpp.org\\\/fr\\\/authors\\\/amely-paquet\\\/\",\"url\":\"https:\\\/\\\/policyoptions.irpp.org\\\/fr\\\/authors\\\/amely-paquet\\\/\",\"name\":\"Am\u00e9ly Paquet\",\"isPartOf\":{\"@id\":\"https:\\\/\\\/policyoptions.irpp.org\\\/fr\\\/#website\"},\"primaryImageOfPage\":{\"@id\":\"https:\\\/\\\/policyoptions.irpp.org\\\/fr\\\/authors\\\/amely-paquet\\\/#primaryimage\"},\"image\":{\"@id\":\"https:\\\/\\\/policyoptions.irpp.org\\\/fr\\\/authors\\\/amely-paquet\\\/#primaryimage\"},\"thumbnailUrl\":\"https:\\\/\\\/policyoptions.irpp.org\\\/wp-content\\\/uploads\\\/2025\\\/08\\\/Amely-Paquet.jpg\",\"datePublished\":\"2024-04-22T19:11:55+00:00\",\"dateModified\":\"2025-08-26T19:53:22+00:00\",\"breadcrumb\":{\"@id\":\"https:\\\/\\\/policyoptions.irpp.org\\\/fr\\\/authors\\\/amely-paquet\\\/#breadcrumb\"},\"inLanguage\":\"fr-FR\",\"potentialAction\":[{\"@type\":\"ReadAction\",\"target\":[\"https:\\\/\\\/policyoptions.irpp.org\\\/fr\\\/authors\\\/amely-paquet\\\/\"]}]},{\"@type\":\"ImageObject\",\"inLanguage\":\"fr-FR\",\"@id\":\"https:\\\/\\\/policyoptions.irpp.org\\\/fr\\\/authors\\\/amely-paquet\\\/#primaryimage\",\"url\":\"https:\\\/\\\/policyoptions.irpp.org\\\/wp-content\\\/uploads\\\/2025\\\/08\\\/Amely-Paquet.jpg\",\"contentUrl\":\"https:\\\/\\\/policyoptions.irpp.org\\\/wp-content\\\/uploads\\\/2025\\\/08\\\/Amely-Paquet.jpg\",\"width\":500,\"height\":500},{\"@type\":\"BreadcrumbList\",\"@id\":\"https:\\\/\\\/policyoptions.irpp.org\\\/fr\\\/authors\\\/amely-paquet\\\/#breadcrumb\",\"itemListElement\":[{\"@type\":\"ListItem\",\"position\":1,\"name\":\"Home\",\"item\":\"https:\\\/\\\/policyoptions.irpp.org\\\/fr\\\/\"},{\"@type\":\"ListItem\",\"position\":2,\"name\":\"Authors\",\"item\":\"https:\\\/\\\/policyoptions.irpp.org\\\/authors\\\/\"},{\"@type\":\"ListItem\",\"position\":3,\"name\":\"Am\u00e9ly Paquet\"}]},{\"@type\":\"WebSite\",\"@id\":\"https:\\\/\\\/policyoptions.irpp.org\\\/fr\\\/#website\",\"url\":\"https:\\\/\\\/policyoptions.irpp.org\\\/fr\\\/\",\"name\":\"Policy Options\",\"description\":\"Institute for Research on Public Policy\",\"potentialAction\":[{\"@type\":\"SearchAction\",\"target\":{\"@type\":\"EntryPoint\",\"urlTemplate\":\"https:\\\/\\\/policyoptions.irpp.org\\\/fr\\\/?s={search_term_string}\"},\"query-input\":{\"@type\":\"PropertyValueSpecification\",\"valueRequired\":true,\"valueName\":\"search_term_string\"}}],\"inLanguage\":\"fr-FR\"}]}<\/script>\n<!-- \/ Yoast SEO plugin. -->","yoast_head_json":{"title":"Am\u00e9ly Paquet","robots":{"index":"index","follow":"follow","max-snippet":"max-snippet:-1","max-image-preview":"max-image-preview:large","max-video-preview":"max-video-preview:-1"},"canonical":"https:\/\/policyoptions.irpp.org\/fr\/authors\/amely-paquet\/","og_locale":"fr_FR","og_type":"article","og_title":"Am\u00e9ly Paquet","og_description":"Apr\u00e8s avoir enseign\u00e9 le fran\u00e7ais au secondaire, Am\u00e9ly Paquet a rejoint CIVIX, une organisation d\u00e9di\u00e9e \u00e0 l\u2019\u00e9ducation civique chez les jeunes, en tant que r\u00e9dactrice de contenu p\u00e9dagogique francophone. Dans le cadre de son travail, Am\u00e9ly \u00e9labore du mat\u00e9riel \u00e9ducatif innovant et engageant pour les enseignants francophones du Canada et soutient les p\u00e9dagogues dans la [&hellip;]","og_url":"https:\/\/policyoptions.irpp.org\/fr\/authors\/amely-paquet\/","og_site_name":"Policy Options","article_publisher":"https:\/\/www.facebook.com\/IRPP.org","article_modified_time":"2025-08-26T19:53:22+00:00","og_image":[{"width":500,"height":500,"url":"https:\/\/policyoptions.irpp.org\/wp-content\/uploads\/2025\/03\/Amely-Paquet.jpg","type":"image\/jpeg"}],"twitter_card":"summary_large_image","twitter_site":"@irpp","schema":{"@context":"https:\/\/schema.org","@graph":[{"@type":"WebPage","@id":"https:\/\/policyoptions.irpp.org\/fr\/authors\/amely-paquet\/","url":"https:\/\/policyoptions.irpp.org\/fr\/authors\/amely-paquet\/","name":"Am\u00e9ly Paquet","isPartOf":{"@id":"https:\/\/policyoptions.irpp.org\/fr\/#website"},"primaryImageOfPage":{"@id":"https:\/\/policyoptions.irpp.org\/fr\/authors\/amely-paquet\/#primaryimage"},"image":{"@id":"https:\/\/policyoptions.irpp.org\/fr\/authors\/amely-paquet\/#primaryimage"},"thumbnailUrl":"https:\/\/policyoptions.irpp.org\/wp-content\/uploads\/2025\/08\/Amely-Paquet.jpg","datePublished":"2024-04-22T19:11:55+00:00","dateModified":"2025-08-26T19:53:22+00:00","breadcrumb":{"@id":"https:\/\/policyoptions.irpp.org\/fr\/authors\/amely-paquet\/#breadcrumb"},"inLanguage":"fr-FR","potentialAction":[{"@type":"ReadAction","target":["https:\/\/policyoptions.irpp.org\/fr\/authors\/amely-paquet\/"]}]},{"@type":"ImageObject","inLanguage":"fr-FR","@id":"https:\/\/policyoptions.irpp.org\/fr\/authors\/amely-paquet\/#primaryimage","url":"https:\/\/policyoptions.irpp.org\/wp-content\/uploads\/2025\/08\/Amely-Paquet.jpg","contentUrl":"https:\/\/policyoptions.irpp.org\/wp-content\/uploads\/2025\/08\/Amely-Paquet.jpg","width":500,"height":500},{"@type":"BreadcrumbList","@id":"https:\/\/policyoptions.irpp.org\/fr\/authors\/amely-paquet\/#breadcrumb","itemListElement":[{"@type":"ListItem","position":1,"name":"Home","item":"https:\/\/policyoptions.irpp.org\/fr\/"},{"@type":"ListItem","position":2,"name":"Authors","item":"https:\/\/policyoptions.irpp.org\/authors\/"},{"@type":"ListItem","position":3,"name":"Am\u00e9ly Paquet"}]},{"@type":"WebSite","@id":"https:\/\/policyoptions.irpp.org\/fr\/#website","url":"https:\/\/policyoptions.irpp.org\/fr\/","name":"Policy Options","description":"Institute for Research on Public Policy","potentialAction":[{"@type":"SearchAction","target":{"@type":"EntryPoint","urlTemplate":"https:\/\/policyoptions.irpp.org\/fr\/?s={search_term_string}"},"query-input":{"@type":"PropertyValueSpecification","valueRequired":true,"valueName":"search_term_string"}}],"inLanguage":"fr-FR"}]}},"_links":{"self":[{"href":"https:\/\/policyoptions.irpp.org\/fr\/wp-json\/wp\/v2\/authors\/159605","targetHints":{"allow":["GET"]}}],"collection":[{"href":"https:\/\/policyoptions.irpp.org\/fr\/wp-json\/wp\/v2\/authors"}],"about":[{"href":"https:\/\/policyoptions.irpp.org\/fr\/wp-json\/wp\/v2\/types\/authors"}],"wp:featuredmedia":[{"embeddable":true,"href":"https:\/\/policyoptions.irpp.org\/fr\/wp-json\/wp\/v2\/media\/287861"}],"wp:attachment":[{"href":"https:\/\/policyoptions.irpp.org\/fr\/wp-json\/wp\/v2\/media?parent=159605"}],"curies":[{"name":"wp","href":"https:\/\/api.w.org\/{rel}","templated":true}]}}

Amély Paquet

<p>Après avoir enseigné le français au secondaire, <strong>Amély Paquet</strong> a rejoint CIVIX, une organisation dédiée à l’éducation civique chez les jeunes, en tant que rédactrice de contenu pédagogique francophone. Dans le cadre de son travail, Amély élabore du matériel éducatif innovant et engageant pour les enseignants francophones du Canada et soutient les pédagogues dans la mise en œuvre des programmes d’éducation civique de l’organisme.</p>

<!-- This site is optimized with the Yoast SEO plugin v27.4 - https://yoast.com/product/yoast-seo-wordpress/ -->
<title>Amély Paquet</title>
<meta name="robots" content="index, follow, max-snippet:-1, max-image-preview:large, max-video-preview:-1" />
<link rel="canonical" href="https://policyoptions.irpp.org/fr/authors/amely-paquet/" />
<meta property="og:locale" content="fr_FR" />
<meta property="og:type" content="article" />
<meta property="og:title" content="Amély Paquet" />
<meta property="og:description" content="Après avoir enseigné le français au secondaire, Amély Paquet a rejoint CIVIX, une organisation dédiée à l’éducation civique chez les jeunes, en tant que rédactrice de contenu pédagogique francophone. Dans le cadre de son travail, Amély élabore du matériel éducatif innovant et engageant pour les enseignants francophones du Canada et soutient les pédagogues dans la [&hellip;]" />
<meta property="og:url" content="https://policyoptions.irpp.org/fr/authors/amely-paquet/" />
<meta property="og:site_name" content="Policy Options" />
<meta property="article:publisher" content="https://www.facebook.com/IRPP.org" />
<meta property="article:modified_time" content="2025-08-26T19:53:22+00:00" />
<meta property="og:image" content="https://policyoptions.irpp.org/wp-content/uploads/2025/03/Amely-Paquet.jpg" />
	<meta property="og:image:width" content="500" />
	<meta property="og:image:height" content="500" />
	<meta property="og:image:type" content="image/jpeg" />
<meta name="twitter:card" content="summary_large_image" />
<meta name="twitter:site" content="@irpp" />
<script type="application/ld+json" class="yoast-schema-graph">{"@context":"https:\/\/schema.org","@graph":[{"@type":"WebPage","@id":"https:\/\/policyoptions.irpp.org\/fr\/authors\/amely-paquet\/","url":"https:\/\/policyoptions.irpp.org\/fr\/authors\/amely-paquet\/","name":"Amély Paquet","isPartOf":{"@id":"https:\/\/policyoptions.irpp.org\/fr\/#website"},"primaryImageOfPage":{"@id":"https:\/\/policyoptions.irpp.org\/fr\/authors\/amely-paquet\/#primaryimage"},"image":{"@id":"https:\/\/policyoptions.irpp.org\/fr\/authors\/amely-paquet\/#primaryimage"},"thumbnailUrl":"https:\/\/policyoptions.irpp.org\/wp-content\/uploads\/2025\/08\/Amely-Paquet.jpg","datePublished":"2024-04-22T19:11:55+00:00","dateModified":"2025-08-26T19:53:22+00:00","breadcrumb":{"@id":"https:\/\/policyoptions.irpp.org\/fr\/authors\/amely-paquet\/#breadcrumb"},"inLanguage":"fr-FR","potentialAction":[{"@type":"ReadAction","target":["https:\/\/policyoptions.irpp.org\/fr\/authors\/amely-paquet\/"]}]},{"@type":"ImageObject","inLanguage":"fr-FR","@id":"https:\/\/policyoptions.irpp.org\/fr\/authors\/amely-paquet\/#primaryimage","url":"https:\/\/policyoptions.irpp.org\/wp-content\/uploads\/2025\/08\/Amely-Paquet.jpg","contentUrl":"https:\/\/policyoptions.irpp.org\/wp-content\/uploads\/2025\/08\/Amely-Paquet.jpg","width":500,"height":500},{"@type":"BreadcrumbList","@id":"https:\/\/policyoptions.irpp.org\/fr\/authors\/amely-paquet\/#breadcrumb","itemListElement":[{"@type":"ListItem","position":1,"name":"Home","item":"https:\/\/policyoptions.irpp.org\/fr\/"},{"@type":"ListItem","position":2,"name":"Authors","item":"https:\/\/policyoptions.irpp.org\/authors\/"},{"@type":"ListItem","position":3,"name":"Amély Paquet"}]},{"@type":"WebSite","@id":"https:\/\/policyoptions.irpp.org\/fr\/#website","url":"https:\/\/policyoptions.irpp.org\/fr\/","name":"Policy Options","description":"Institute for Research on Public Policy","potentialAction":[{"@type":"SearchAction","target":{"@type":"EntryPoint","urlTemplate":"https:\/\/policyoptions.irpp.org\/fr\/?s={search_term_string}"},"query-input":{"@type":"PropertyValueSpecification","valueRequired":true,"valueName":"search_term_string"}}],"inLanguage":"fr-FR"}]}</script>
<!-- / Yoast SEO plugin. -->

Après avoir enseigné le français au secondaire, Amély Paquet a rejoint CIVIX, une organisation dédiée à l’éducation civique chez les jeunes, en tant que rédactrice de contenu pédagogique francophone. Dans le cadre de son travail, Amély élabore du matériel éducatif innovant et engageant pour les enseignants francophones du Canada et soutient les pédagogues dans la [&hellip;]
