{"id":159604,"date":"2024-04-22T15:11:12","date_gmt":"2024-04-22T19:11:12","guid":{"rendered":"https:\/\/irpp-policy-options.local\/authors\/dana-cotnareanu\/"},"modified":"2025-08-26T15:53:21","modified_gmt":"2025-08-26T19:53:21","slug":"dana-cotnareanu","status":"publish","type":"authors","link":"https:\/\/policyoptions.irpp.org\/fr\/authors\/dana-cotnareanu\/","title":{"rendered":"Dana Cotnareanu"},"content":{"rendered":"<p>En tant que directrice de la programmation francophone chez CIVIX, <strong>Dana Cotnareanu<\/strong> contribue aux nombreux programmes de l\u2019organisation qui visent \u00e0 d\u00e9velopper les comp\u00e9tences et les habitudes d\u2019une citoyennet\u00e9 active et inform\u00e9e chez les jeunes. Depuis cinq ans, elle participe \u00e0 l\u2019\u00e9laboration des ressources pour les programmes de l\u2019organisme et a dirig\u00e9 de nombreuses sessions de d\u00e9veloppement professionnel pour les enseignants.<\/p>\n","protected":false},"featured_media":287860,"template":"","meta":{"_acf_changed":false,"content-type":"","ep_exclude_from_search":false},"class_list":["post-159604","authors","type-authors","status-publish","has-post-thumbnail","hentry"],"acf":[],"yoast_head":"<!-- This site is optimized with the Yoast SEO plugin v27.4 - https:\/\/yoast.com\/product\/yoast-seo-wordpress\/ -->\n<title>Dana Cotnareanu<\/title>\n<meta name=\"robots\" content=\"index, follow, max-snippet:-1, max-image-preview:large, max-video-preview:-1\" \/>\n<link rel=\"canonical\" href=\"https:\/\/policyoptions.irpp.org\/fr\/authors\/dana-cotnareanu\/\" \/>\n<meta property=\"og:locale\" content=\"fr_FR\" \/>\n<meta property=\"og:type\" content=\"article\" \/>\n<meta property=\"og:title\" content=\"Dana Cotnareanu\" \/>\n<meta property=\"og:description\" content=\"En tant que directrice de la programmation francophone chez CIVIX, Dana Cotnareanu contribue aux nombreux programmes de l\u2019organisation qui visent \u00e0 d\u00e9velopper les comp\u00e9tences et les habitudes d\u2019une citoyennet\u00e9 active et inform\u00e9e chez les jeunes. Depuis cinq ans, elle participe \u00e0 l\u2019\u00e9laboration des ressources pour les programmes de l\u2019organisme et a dirig\u00e9 de nombreuses sessions [&hellip;]\" \/>\n<meta property=\"og:url\" content=\"https:\/\/policyoptions.irpp.org\/fr\/authors\/dana-cotnareanu\/\" \/>\n<meta property=\"og:site_name\" content=\"Policy Options\" \/>\n<meta property=\"article:publisher\" content=\"https:\/\/www.facebook.com\/IRPP.org\" \/>\n<meta property=\"article:modified_time\" content=\"2025-08-26T19:53:21+00:00\" \/>\n<meta property=\"og:image\" content=\"https:\/\/policyoptions.irpp.org\/wp-content\/uploads\/2025\/03\/Dana-Cotnareanu.jpg\" \/>\n\t<meta property=\"og:image:width\" content=\"500\" \/>\n\t<meta property=\"og:image:height\" content=\"500\" \/>\n\t<meta property=\"og:image:type\" content=\"image\/jpeg\" \/>\n<meta name=\"twitter:card\" content=\"summary_large_image\" \/>\n<meta name=\"twitter:site\" content=\"@irpp\" \/>\n<script type=\"application\/ld+json\" class=\"yoast-schema-graph\">{\"@context\":\"https:\\\/\\\/schema.org\",\"@graph\":[{\"@type\":\"WebPage\",\"@id\":\"https:\\\/\\\/policyoptions.irpp.org\\\/fr\\\/authors\\\/dana-cotnareanu\\\/\",\"url\":\"https:\\\/\\\/policyoptions.irpp.org\\\/fr\\\/authors\\\/dana-cotnareanu\\\/\",\"name\":\"Dana Cotnareanu\",\"isPartOf\":{\"@id\":\"https:\\\/\\\/policyoptions.irpp.org\\\/fr\\\/#website\"},\"primaryImageOfPage\":{\"@id\":\"https:\\\/\\\/policyoptions.irpp.org\\\/fr\\\/authors\\\/dana-cotnareanu\\\/#primaryimage\"},\"image\":{\"@id\":\"https:\\\/\\\/policyoptions.irpp.org\\\/fr\\\/authors\\\/dana-cotnareanu\\\/#primaryimage\"},\"thumbnailUrl\":\"https:\\\/\\\/policyoptions.irpp.org\\\/wp-content\\\/uploads\\\/2025\\\/08\\\/Dana-Cotnareanu.jpg\",\"datePublished\":\"2024-04-22T19:11:12+00:00\",\"dateModified\":\"2025-08-26T19:53:21+00:00\",\"breadcrumb\":{\"@id\":\"https:\\\/\\\/policyoptions.irpp.org\\\/fr\\\/authors\\\/dana-cotnareanu\\\/#breadcrumb\"},\"inLanguage\":\"fr-FR\",\"potentialAction\":[{\"@type\":\"ReadAction\",\"target\":[\"https:\\\/\\\/policyoptions.irpp.org\\\/fr\\\/authors\\\/dana-cotnareanu\\\/\"]}]},{\"@type\":\"ImageObject\",\"inLanguage\":\"fr-FR\",\"@id\":\"https:\\\/\\\/policyoptions.irpp.org\\\/fr\\\/authors\\\/dana-cotnareanu\\\/#primaryimage\",\"url\":\"https:\\\/\\\/policyoptions.irpp.org\\\/wp-content\\\/uploads\\\/2025\\\/08\\\/Dana-Cotnareanu.jpg\",\"contentUrl\":\"https:\\\/\\\/policyoptions.irpp.org\\\/wp-content\\\/uploads\\\/2025\\\/08\\\/Dana-Cotnareanu.jpg\",\"width\":500,\"height\":500},{\"@type\":\"BreadcrumbList\",\"@id\":\"https:\\\/\\\/policyoptions.irpp.org\\\/fr\\\/authors\\\/dana-cotnareanu\\\/#breadcrumb\",\"itemListElement\":[{\"@type\":\"ListItem\",\"position\":1,\"name\":\"Home\",\"item\":\"https:\\\/\\\/policyoptions.irpp.org\\\/fr\\\/\"},{\"@type\":\"ListItem\",\"position\":2,\"name\":\"Authors\",\"item\":\"https:\\\/\\\/policyoptions.irpp.org\\\/authors\\\/\"},{\"@type\":\"ListItem\",\"position\":3,\"name\":\"Dana Cotnareanu\"}]},{\"@type\":\"WebSite\",\"@id\":\"https:\\\/\\\/policyoptions.irpp.org\\\/fr\\\/#website\",\"url\":\"https:\\\/\\\/policyoptions.irpp.org\\\/fr\\\/\",\"name\":\"Policy Options\",\"description\":\"Institute for Research on Public Policy\",\"potentialAction\":[{\"@type\":\"SearchAction\",\"target\":{\"@type\":\"EntryPoint\",\"urlTemplate\":\"https:\\\/\\\/policyoptions.irpp.org\\\/fr\\\/?s={search_term_string}\"},\"query-input\":{\"@type\":\"PropertyValueSpecification\",\"valueRequired\":true,\"valueName\":\"search_term_string\"}}],\"inLanguage\":\"fr-FR\"}]}<\/script>\n<!-- \/ Yoast SEO plugin. -->","yoast_head_json":{"title":"Dana Cotnareanu","robots":{"index":"index","follow":"follow","max-snippet":"max-snippet:-1","max-image-preview":"max-image-preview:large","max-video-preview":"max-video-preview:-1"},"canonical":"https:\/\/policyoptions.irpp.org\/fr\/authors\/dana-cotnareanu\/","og_locale":"fr_FR","og_type":"article","og_title":"Dana Cotnareanu","og_description":"En tant que directrice de la programmation francophone chez CIVIX, Dana Cotnareanu contribue aux nombreux programmes de l\u2019organisation qui visent \u00e0 d\u00e9velopper les comp\u00e9tences et les habitudes d\u2019une citoyennet\u00e9 active et inform\u00e9e chez les jeunes. Depuis cinq ans, elle participe \u00e0 l\u2019\u00e9laboration des ressources pour les programmes de l\u2019organisme et a dirig\u00e9 de nombreuses sessions [&hellip;]","og_url":"https:\/\/policyoptions.irpp.org\/fr\/authors\/dana-cotnareanu\/","og_site_name":"Policy Options","article_publisher":"https:\/\/www.facebook.com\/IRPP.org","article_modified_time":"2025-08-26T19:53:21+00:00","og_image":[{"width":500,"height":500,"url":"https:\/\/policyoptions.irpp.org\/wp-content\/uploads\/2025\/03\/Dana-Cotnareanu.jpg","type":"image\/jpeg"}],"twitter_card":"summary_large_image","twitter_site":"@irpp","schema":{"@context":"https:\/\/schema.org","@graph":[{"@type":"WebPage","@id":"https:\/\/policyoptions.irpp.org\/fr\/authors\/dana-cotnareanu\/","url":"https:\/\/policyoptions.irpp.org\/fr\/authors\/dana-cotnareanu\/","name":"Dana Cotnareanu","isPartOf":{"@id":"https:\/\/policyoptions.irpp.org\/fr\/#website"},"primaryImageOfPage":{"@id":"https:\/\/policyoptions.irpp.org\/fr\/authors\/dana-cotnareanu\/#primaryimage"},"image":{"@id":"https:\/\/policyoptions.irpp.org\/fr\/authors\/dana-cotnareanu\/#primaryimage"},"thumbnailUrl":"https:\/\/policyoptions.irpp.org\/wp-content\/uploads\/2025\/08\/Dana-Cotnareanu.jpg","datePublished":"2024-04-22T19:11:12+00:00","dateModified":"2025-08-26T19:53:21+00:00","breadcrumb":{"@id":"https:\/\/policyoptions.irpp.org\/fr\/authors\/dana-cotnareanu\/#breadcrumb"},"inLanguage":"fr-FR","potentialAction":[{"@type":"ReadAction","target":["https:\/\/policyoptions.irpp.org\/fr\/authors\/dana-cotnareanu\/"]}]},{"@type":"ImageObject","inLanguage":"fr-FR","@id":"https:\/\/policyoptions.irpp.org\/fr\/authors\/dana-cotnareanu\/#primaryimage","url":"https:\/\/policyoptions.irpp.org\/wp-content\/uploads\/2025\/08\/Dana-Cotnareanu.jpg","contentUrl":"https:\/\/policyoptions.irpp.org\/wp-content\/uploads\/2025\/08\/Dana-Cotnareanu.jpg","width":500,"height":500},{"@type":"BreadcrumbList","@id":"https:\/\/policyoptions.irpp.org\/fr\/authors\/dana-cotnareanu\/#breadcrumb","itemListElement":[{"@type":"ListItem","position":1,"name":"Home","item":"https:\/\/policyoptions.irpp.org\/fr\/"},{"@type":"ListItem","position":2,"name":"Authors","item":"https:\/\/policyoptions.irpp.org\/authors\/"},{"@type":"ListItem","position":3,"name":"Dana Cotnareanu"}]},{"@type":"WebSite","@id":"https:\/\/policyoptions.irpp.org\/fr\/#website","url":"https:\/\/policyoptions.irpp.org\/fr\/","name":"Policy Options","description":"Institute for Research on Public Policy","potentialAction":[{"@type":"SearchAction","target":{"@type":"EntryPoint","urlTemplate":"https:\/\/policyoptions.irpp.org\/fr\/?s={search_term_string}"},"query-input":{"@type":"PropertyValueSpecification","valueRequired":true,"valueName":"search_term_string"}}],"inLanguage":"fr-FR"}]}},"_links":{"self":[{"href":"https:\/\/policyoptions.irpp.org\/fr\/wp-json\/wp\/v2\/authors\/159604","targetHints":{"allow":["GET"]}}],"collection":[{"href":"https:\/\/policyoptions.irpp.org\/fr\/wp-json\/wp\/v2\/authors"}],"about":[{"href":"https:\/\/policyoptions.irpp.org\/fr\/wp-json\/wp\/v2\/types\/authors"}],"wp:featuredmedia":[{"embeddable":true,"href":"https:\/\/policyoptions.irpp.org\/fr\/wp-json\/wp\/v2\/media\/287860"}],"wp:attachment":[{"href":"https:\/\/policyoptions.irpp.org\/fr\/wp-json\/wp\/v2\/media?parent=159604"}],"curies":[{"name":"wp","href":"https:\/\/api.w.org\/{rel}","templated":true}]}}

<p>En tant que directrice de la programmation francophone chez CIVIX, <strong>Dana Cotnareanu</strong> contribue aux nombreux programmes de l’organisation qui visent à développer les compétences et les habitudes d’une citoyenneté active et informée chez les jeunes. Depuis cinq ans, elle participe à l’élaboration des ressources pour les programmes de l’organisme et a dirigé de nombreuses sessions de développement professionnel pour les enseignants.</p>

<!-- This site is optimized with the Yoast SEO plugin v27.4 - https://yoast.com/product/yoast-seo-wordpress/ -->
<title>Dana Cotnareanu</title>
<meta name="robots" content="index, follow, max-snippet:-1, max-image-preview:large, max-video-preview:-1" />
<link rel="canonical" href="https://policyoptions.irpp.org/fr/authors/dana-cotnareanu/" />
<meta property="og:locale" content="fr_FR" />
<meta property="og:type" content="article" />
<meta property="og:title" content="Dana Cotnareanu" />
<meta property="og:description" content="En tant que directrice de la programmation francophone chez CIVIX, Dana Cotnareanu contribue aux nombreux programmes de l’organisation qui visent à développer les compétences et les habitudes d’une citoyenneté active et informée chez les jeunes. Depuis cinq ans, elle participe à l’élaboration des ressources pour les programmes de l’organisme et a dirigé de nombreuses sessions [&hellip;]" />
<meta property="og:url" content="https://policyoptions.irpp.org/fr/authors/dana-cotnareanu/" />
<meta property="og:site_name" content="Policy Options" />
<meta property="article:publisher" content="https://www.facebook.com/IRPP.org" />
<meta property="article:modified_time" content="2025-08-26T19:53:21+00:00" />
<meta property="og:image" content="https://policyoptions.irpp.org/wp-content/uploads/2025/03/Dana-Cotnareanu.jpg" />
	<meta property="og:image:width" content="500" />
	<meta property="og:image:height" content="500" />
	<meta property="og:image:type" content="image/jpeg" />
<meta name="twitter:card" content="summary_large_image" />
<meta name="twitter:site" content="@irpp" />
<script type="application/ld+json" class="yoast-schema-graph">{"@context":"https:\/\/schema.org","@graph":[{"@type":"WebPage","@id":"https:\/\/policyoptions.irpp.org\/fr\/authors\/dana-cotnareanu\/","url":"https:\/\/policyoptions.irpp.org\/fr\/authors\/dana-cotnareanu\/","name":"Dana Cotnareanu","isPartOf":{"@id":"https:\/\/policyoptions.irpp.org\/fr\/#website"},"primaryImageOfPage":{"@id":"https:\/\/policyoptions.irpp.org\/fr\/authors\/dana-cotnareanu\/#primaryimage"},"image":{"@id":"https:\/\/policyoptions.irpp.org\/fr\/authors\/dana-cotnareanu\/#primaryimage"},"thumbnailUrl":"https:\/\/policyoptions.irpp.org\/wp-content\/uploads\/2025\/08\/Dana-Cotnareanu.jpg","datePublished":"2024-04-22T19:11:12+00:00","dateModified":"2025-08-26T19:53:21+00:00","breadcrumb":{"@id":"https:\/\/policyoptions.irpp.org\/fr\/authors\/dana-cotnareanu\/#breadcrumb"},"inLanguage":"fr-FR","potentialAction":[{"@type":"ReadAction","target":["https:\/\/policyoptions.irpp.org\/fr\/authors\/dana-cotnareanu\/"]}]},{"@type":"ImageObject","inLanguage":"fr-FR","@id":"https:\/\/policyoptions.irpp.org\/fr\/authors\/dana-cotnareanu\/#primaryimage","url":"https:\/\/policyoptions.irpp.org\/wp-content\/uploads\/2025\/08\/Dana-Cotnareanu.jpg","contentUrl":"https:\/\/policyoptions.irpp.org\/wp-content\/uploads\/2025\/08\/Dana-Cotnareanu.jpg","width":500,"height":500},{"@type":"BreadcrumbList","@id":"https:\/\/policyoptions.irpp.org\/fr\/authors\/dana-cotnareanu\/#breadcrumb","itemListElement":[{"@type":"ListItem","position":1,"name":"Home","item":"https:\/\/policyoptions.irpp.org\/fr\/"},{"@type":"ListItem","position":2,"name":"Authors","item":"https:\/\/policyoptions.irpp.org\/authors\/"},{"@type":"ListItem","position":3,"name":"Dana Cotnareanu"}]},{"@type":"WebSite","@id":"https:\/\/policyoptions.irpp.org\/fr\/#website","url":"https:\/\/policyoptions.irpp.org\/fr\/","name":"Policy Options","description":"Institute for Research on Public Policy","potentialAction":[{"@type":"SearchAction","target":{"@type":"EntryPoint","urlTemplate":"https:\/\/policyoptions.irpp.org\/fr\/?s={search_term_string}"},"query-input":{"@type":"PropertyValueSpecification","valueRequired":true,"valueName":"search_term_string"}}],"inLanguage":"fr-FR"}]}</script>
<!-- / Yoast SEO plugin. -->

En tant que directrice de la programmation francophone chez CIVIX, Dana Cotnareanu contribue aux nombreux programmes de l’organisation qui visent à développer les compétences et les habitudes d’une citoyenneté active et informée chez les jeunes. Depuis cinq ans, elle participe à l’élaboration des ressources pour les programmes de l’organisme et a dirigé de nombreuses sessions [&hellip;]
