{"id":154107,"date":"2017-04-14T16:03:37","date_gmt":"2017-04-14T20:03:37","guid":{"rendered":"https:\/\/irpp-policy-options.local\/authors\/myriam-gervais\/"},"modified":"2025-08-26T15:12:34","modified_gmt":"2025-08-26T19:12:34","slug":"myriam-gervais","status":"publish","type":"authors","link":"https:\/\/policyoptions.irpp.org\/fr\/authors\/myriam-gervais\/","title":{"rendered":"Myriam Gervais"},"content":{"rendered":"<p>Myriam Gervais, professeure adjointe \u00e0 l\u2019Institut Genre, sexualit\u00e9 et f\u00e9minisme (IGSF) de l\u2019Universit\u00e9 McGill, est l\u2019auteure d\u2019une \u00e9tude sur l\u2019int\u00e9gration de la dimension genre au sein de l\u2019aide canadienne. Poss\u00e9dant une expertise professionnelle en tant que conseill\u00e8re en suivi de projets canadiens, elle dirige actuellement un projet de recherche sur les in\u00e9galit\u00e9s de genre et la pauvret\u00e9 rurale en Afrique.<\/p>\n","protected":false},"featured_media":284799,"template":"","meta":{"_acf_changed":false,"content-type":"","ep_exclude_from_search":false},"class_list":["post-154107","authors","type-authors","status-publish","has-post-thumbnail","hentry"],"acf":[],"yoast_head":"<!-- This site is optimized with the Yoast SEO plugin v27.4 - https:\/\/yoast.com\/product\/yoast-seo-wordpress\/ -->\n<title>Myriam Gervais<\/title>\n<meta name=\"robots\" content=\"index, follow, max-snippet:-1, max-image-preview:large, max-video-preview:-1\" \/>\n<link rel=\"canonical\" href=\"https:\/\/policyoptions.irpp.org\/fr\/authors\/myriam-gervais\/\" \/>\n<meta property=\"og:locale\" content=\"fr_FR\" \/>\n<meta property=\"og:type\" content=\"article\" \/>\n<meta property=\"og:title\" content=\"Myriam Gervais\" \/>\n<meta property=\"og:description\" content=\"Myriam Gervais, professeure adjointe \u00e0 l\u2019Institut Genre, sexualit\u00e9 et f\u00e9minisme (IGSF) de l\u2019Universit\u00e9 McGill, est l\u2019auteure d\u2019une \u00e9tude sur l\u2019int\u00e9gration de la dimension genre au sein de l\u2019aide canadienne. Poss\u00e9dant une expertise professionnelle en tant que conseill\u00e8re en suivi de projets canadiens, elle dirige actuellement un projet de recherche sur les in\u00e9galit\u00e9s de genre et [&hellip;]\" \/>\n<meta property=\"og:url\" content=\"https:\/\/policyoptions.irpp.org\/fr\/authors\/myriam-gervais\/\" \/>\n<meta property=\"og:site_name\" content=\"Policy Options\" \/>\n<meta property=\"article:publisher\" content=\"https:\/\/www.facebook.com\/IRPP.org\" \/>\n<meta property=\"article:modified_time\" content=\"2025-08-26T19:12:34+00:00\" \/>\n<meta property=\"og:image\" content=\"https:\/\/policyoptions.irpp.org\/wp-content\/uploads\/2017\/04\/mgervais_avatar_1474464528-96x96.jpg\" \/>\n\t<meta property=\"og:image:width\" content=\"96\" \/>\n\t<meta property=\"og:image:height\" content=\"96\" \/>\n\t<meta property=\"og:image:type\" content=\"image\/jpeg\" \/>\n<meta name=\"twitter:card\" content=\"summary_large_image\" \/>\n<meta name=\"twitter:site\" content=\"@irpp\" \/>\n<script type=\"application\/ld+json\" class=\"yoast-schema-graph\">{\"@context\":\"https:\\\/\\\/schema.org\",\"@graph\":[{\"@type\":\"WebPage\",\"@id\":\"https:\\\/\\\/policyoptions.irpp.org\\\/fr\\\/authors\\\/myriam-gervais\\\/\",\"url\":\"https:\\\/\\\/policyoptions.irpp.org\\\/fr\\\/authors\\\/myriam-gervais\\\/\",\"name\":\"Myriam Gervais\",\"isPartOf\":{\"@id\":\"https:\\\/\\\/policyoptions.irpp.org\\\/fr\\\/#website\"},\"primaryImageOfPage\":{\"@id\":\"https:\\\/\\\/policyoptions.irpp.org\\\/fr\\\/authors\\\/myriam-gervais\\\/#primaryimage\"},\"image\":{\"@id\":\"https:\\\/\\\/policyoptions.irpp.org\\\/fr\\\/authors\\\/myriam-gervais\\\/#primaryimage\"},\"thumbnailUrl\":\"https:\\\/\\\/policyoptions.irpp.org\\\/wp-content\\\/uploads\\\/2025\\\/08\\\/mgervais_avatar_1474464528-96x96-1.jpg\",\"datePublished\":\"2017-04-14T20:03:37+00:00\",\"dateModified\":\"2025-08-26T19:12:34+00:00\",\"breadcrumb\":{\"@id\":\"https:\\\/\\\/policyoptions.irpp.org\\\/fr\\\/authors\\\/myriam-gervais\\\/#breadcrumb\"},\"inLanguage\":\"fr-FR\",\"potentialAction\":[{\"@type\":\"ReadAction\",\"target\":[\"https:\\\/\\\/policyoptions.irpp.org\\\/fr\\\/authors\\\/myriam-gervais\\\/\"]}]},{\"@type\":\"ImageObject\",\"inLanguage\":\"fr-FR\",\"@id\":\"https:\\\/\\\/policyoptions.irpp.org\\\/fr\\\/authors\\\/myriam-gervais\\\/#primaryimage\",\"url\":\"https:\\\/\\\/policyoptions.irpp.org\\\/wp-content\\\/uploads\\\/2025\\\/08\\\/mgervais_avatar_1474464528-96x96-1.jpg\",\"contentUrl\":\"https:\\\/\\\/policyoptions.irpp.org\\\/wp-content\\\/uploads\\\/2025\\\/08\\\/mgervais_avatar_1474464528-96x96-1.jpg\",\"width\":96,\"height\":96},{\"@type\":\"BreadcrumbList\",\"@id\":\"https:\\\/\\\/policyoptions.irpp.org\\\/fr\\\/authors\\\/myriam-gervais\\\/#breadcrumb\",\"itemListElement\":[{\"@type\":\"ListItem\",\"position\":1,\"name\":\"Home\",\"item\":\"https:\\\/\\\/policyoptions.irpp.org\\\/fr\\\/\"},{\"@type\":\"ListItem\",\"position\":2,\"name\":\"Authors\",\"item\":\"https:\\\/\\\/policyoptions.irpp.org\\\/authors\\\/\"},{\"@type\":\"ListItem\",\"position\":3,\"name\":\"Myriam Gervais\"}]},{\"@type\":\"WebSite\",\"@id\":\"https:\\\/\\\/policyoptions.irpp.org\\\/fr\\\/#website\",\"url\":\"https:\\\/\\\/policyoptions.irpp.org\\\/fr\\\/\",\"name\":\"Policy Options\",\"description\":\"Institute for Research on Public Policy\",\"potentialAction\":[{\"@type\":\"SearchAction\",\"target\":{\"@type\":\"EntryPoint\",\"urlTemplate\":\"https:\\\/\\\/policyoptions.irpp.org\\\/fr\\\/?s={search_term_string}\"},\"query-input\":{\"@type\":\"PropertyValueSpecification\",\"valueRequired\":true,\"valueName\":\"search_term_string\"}}],\"inLanguage\":\"fr-FR\"}]}<\/script>\n<!-- \/ Yoast SEO plugin. -->","yoast_head_json":{"title":"Myriam Gervais","robots":{"index":"index","follow":"follow","max-snippet":"max-snippet:-1","max-image-preview":"max-image-preview:large","max-video-preview":"max-video-preview:-1"},"canonical":"https:\/\/policyoptions.irpp.org\/fr\/authors\/myriam-gervais\/","og_locale":"fr_FR","og_type":"article","og_title":"Myriam Gervais","og_description":"Myriam Gervais, professeure adjointe \u00e0 l\u2019Institut Genre, sexualit\u00e9 et f\u00e9minisme (IGSF) de l\u2019Universit\u00e9 McGill, est l\u2019auteure d\u2019une \u00e9tude sur l\u2019int\u00e9gration de la dimension genre au sein de l\u2019aide canadienne. Poss\u00e9dant une expertise professionnelle en tant que conseill\u00e8re en suivi de projets canadiens, elle dirige actuellement un projet de recherche sur les in\u00e9galit\u00e9s de genre et [&hellip;]","og_url":"https:\/\/policyoptions.irpp.org\/fr\/authors\/myriam-gervais\/","og_site_name":"Policy Options","article_publisher":"https:\/\/www.facebook.com\/IRPP.org","article_modified_time":"2025-08-26T19:12:34+00:00","og_image":[{"width":96,"height":96,"url":"https:\/\/policyoptions.irpp.org\/wp-content\/uploads\/2017\/04\/mgervais_avatar_1474464528-96x96.jpg","type":"image\/jpeg"}],"twitter_card":"summary_large_image","twitter_site":"@irpp","schema":{"@context":"https:\/\/schema.org","@graph":[{"@type":"WebPage","@id":"https:\/\/policyoptions.irpp.org\/fr\/authors\/myriam-gervais\/","url":"https:\/\/policyoptions.irpp.org\/fr\/authors\/myriam-gervais\/","name":"Myriam Gervais","isPartOf":{"@id":"https:\/\/policyoptions.irpp.org\/fr\/#website"},"primaryImageOfPage":{"@id":"https:\/\/policyoptions.irpp.org\/fr\/authors\/myriam-gervais\/#primaryimage"},"image":{"@id":"https:\/\/policyoptions.irpp.org\/fr\/authors\/myriam-gervais\/#primaryimage"},"thumbnailUrl":"https:\/\/policyoptions.irpp.org\/wp-content\/uploads\/2025\/08\/mgervais_avatar_1474464528-96x96-1.jpg","datePublished":"2017-04-14T20:03:37+00:00","dateModified":"2025-08-26T19:12:34+00:00","breadcrumb":{"@id":"https:\/\/policyoptions.irpp.org\/fr\/authors\/myriam-gervais\/#breadcrumb"},"inLanguage":"fr-FR","potentialAction":[{"@type":"ReadAction","target":["https:\/\/policyoptions.irpp.org\/fr\/authors\/myriam-gervais\/"]}]},{"@type":"ImageObject","inLanguage":"fr-FR","@id":"https:\/\/policyoptions.irpp.org\/fr\/authors\/myriam-gervais\/#primaryimage","url":"https:\/\/policyoptions.irpp.org\/wp-content\/uploads\/2025\/08\/mgervais_avatar_1474464528-96x96-1.jpg","contentUrl":"https:\/\/policyoptions.irpp.org\/wp-content\/uploads\/2025\/08\/mgervais_avatar_1474464528-96x96-1.jpg","width":96,"height":96},{"@type":"BreadcrumbList","@id":"https:\/\/policyoptions.irpp.org\/fr\/authors\/myriam-gervais\/#breadcrumb","itemListElement":[{"@type":"ListItem","position":1,"name":"Home","item":"https:\/\/policyoptions.irpp.org\/fr\/"},{"@type":"ListItem","position":2,"name":"Authors","item":"https:\/\/policyoptions.irpp.org\/authors\/"},{"@type":"ListItem","position":3,"name":"Myriam Gervais"}]},{"@type":"WebSite","@id":"https:\/\/policyoptions.irpp.org\/fr\/#website","url":"https:\/\/policyoptions.irpp.org\/fr\/","name":"Policy Options","description":"Institute for Research on Public Policy","potentialAction":[{"@type":"SearchAction","target":{"@type":"EntryPoint","urlTemplate":"https:\/\/policyoptions.irpp.org\/fr\/?s={search_term_string}"},"query-input":{"@type":"PropertyValueSpecification","valueRequired":true,"valueName":"search_term_string"}}],"inLanguage":"fr-FR"}]}},"_links":{"self":[{"href":"https:\/\/policyoptions.irpp.org\/fr\/wp-json\/wp\/v2\/authors\/154107","targetHints":{"allow":["GET"]}}],"collection":[{"href":"https:\/\/policyoptions.irpp.org\/fr\/wp-json\/wp\/v2\/authors"}],"about":[{"href":"https:\/\/policyoptions.irpp.org\/fr\/wp-json\/wp\/v2\/types\/authors"}],"wp:featuredmedia":[{"embeddable":true,"href":"https:\/\/policyoptions.irpp.org\/fr\/wp-json\/wp\/v2\/media\/284799"}],"wp:attachment":[{"href":"https:\/\/policyoptions.irpp.org\/fr\/wp-json\/wp\/v2\/media?parent=154107"}],"curies":[{"name":"wp","href":"https:\/\/api.w.org\/{rel}","templated":true}]}}

<p>Myriam Gervais, professeure adjointe à l’Institut Genre, sexualité et féminisme (IGSF) de l’Université McGill, est l’auteure d’une étude sur l’intégration de la dimension genre au sein de l’aide canadienne. Possédant une expertise professionnelle en tant que conseillère en suivi de projets canadiens, elle dirige actuellement un projet de recherche sur les inégalités de genre et la pauvreté rurale en Afrique.</p>

<!-- This site is optimized with the Yoast SEO plugin v27.4 - https://yoast.com/product/yoast-seo-wordpress/ -->
<title>Myriam Gervais</title>
<meta name="robots" content="index, follow, max-snippet:-1, max-image-preview:large, max-video-preview:-1" />
<link rel="canonical" href="https://policyoptions.irpp.org/fr/authors/myriam-gervais/" />
<meta property="og:locale" content="fr_FR" />
<meta property="og:type" content="article" />
<meta property="og:title" content="Myriam Gervais" />
<meta property="og:description" content="Myriam Gervais, professeure adjointe à l’Institut Genre, sexualité et féminisme (IGSF) de l’Université McGill, est l’auteure d’une étude sur l’intégration de la dimension genre au sein de l’aide canadienne. Possédant une expertise professionnelle en tant que conseillère en suivi de projets canadiens, elle dirige actuellement un projet de recherche sur les inégalités de genre et [&hellip;]" />
<meta property="og:url" content="https://policyoptions.irpp.org/fr/authors/myriam-gervais/" />
<meta property="og:site_name" content="Policy Options" />
<meta property="article:publisher" content="https://www.facebook.com/IRPP.org" />
<meta property="article:modified_time" content="2025-08-26T19:12:34+00:00" />
<meta property="og:image" content="https://policyoptions.irpp.org/wp-content/uploads/2017/04/mgervais_avatar_1474464528-96x96.jpg" />
	<meta property="og:image:width" content="96" />
	<meta property="og:image:height" content="96" />
	<meta property="og:image:type" content="image/jpeg" />
<meta name="twitter:card" content="summary_large_image" />
<meta name="twitter:site" content="@irpp" />
<script type="application/ld+json" class="yoast-schema-graph">{"@context":"https:\/\/schema.org","@graph":[{"@type":"WebPage","@id":"https:\/\/policyoptions.irpp.org\/fr\/authors\/myriam-gervais\/","url":"https:\/\/policyoptions.irpp.org\/fr\/authors\/myriam-gervais\/","name":"Myriam Gervais","isPartOf":{"@id":"https:\/\/policyoptions.irpp.org\/fr\/#website"},"primaryImageOfPage":{"@id":"https:\/\/policyoptions.irpp.org\/fr\/authors\/myriam-gervais\/#primaryimage"},"image":{"@id":"https:\/\/policyoptions.irpp.org\/fr\/authors\/myriam-gervais\/#primaryimage"},"thumbnailUrl":"https:\/\/policyoptions.irpp.org\/wp-content\/uploads\/2025\/08\/mgervais_avatar_1474464528-96x96-1.jpg","datePublished":"2017-04-14T20:03:37+00:00","dateModified":"2025-08-26T19:12:34+00:00","breadcrumb":{"@id":"https:\/\/policyoptions.irpp.org\/fr\/authors\/myriam-gervais\/#breadcrumb"},"inLanguage":"fr-FR","potentialAction":[{"@type":"ReadAction","target":["https:\/\/policyoptions.irpp.org\/fr\/authors\/myriam-gervais\/"]}]},{"@type":"ImageObject","inLanguage":"fr-FR","@id":"https:\/\/policyoptions.irpp.org\/fr\/authors\/myriam-gervais\/#primaryimage","url":"https:\/\/policyoptions.irpp.org\/wp-content\/uploads\/2025\/08\/mgervais_avatar_1474464528-96x96-1.jpg","contentUrl":"https:\/\/policyoptions.irpp.org\/wp-content\/uploads\/2025\/08\/mgervais_avatar_1474464528-96x96-1.jpg","width":96,"height":96},{"@type":"BreadcrumbList","@id":"https:\/\/policyoptions.irpp.org\/fr\/authors\/myriam-gervais\/#breadcrumb","itemListElement":[{"@type":"ListItem","position":1,"name":"Home","item":"https:\/\/policyoptions.irpp.org\/fr\/"},{"@type":"ListItem","position":2,"name":"Authors","item":"https:\/\/policyoptions.irpp.org\/authors\/"},{"@type":"ListItem","position":3,"name":"Myriam Gervais"}]},{"@type":"WebSite","@id":"https:\/\/policyoptions.irpp.org\/fr\/#website","url":"https:\/\/policyoptions.irpp.org\/fr\/","name":"Policy Options","description":"Institute for Research on Public Policy","potentialAction":[{"@type":"SearchAction","target":{"@type":"EntryPoint","urlTemplate":"https:\/\/policyoptions.irpp.org\/fr\/?s={search_term_string}"},"query-input":{"@type":"PropertyValueSpecification","valueRequired":true,"valueName":"search_term_string"}}],"inLanguage":"fr-FR"}]}</script>
<!-- / Yoast SEO plugin. -->

Myriam Gervais, professeure adjointe à l’Institut Genre, sexualité et féminisme (IGSF) de l’Université McGill, est l’auteure d’une étude sur l’intégration de la dimension genre au sein de l’aide canadienne. Possédant une expertise professionnelle en tant que conseillère en suivi de projets canadiens, elle dirige actuellement un projet de recherche sur les inégalités de genre et [&hellip;]
