{"id":153093,"date":"2017-04-14T16:03:10","date_gmt":"2017-04-14T20:03:10","guid":{"rendered":"https:\/\/irpp-policy-options.local\/authors\/geraud-de-lassus-st-genies\/"},"modified":"2025-08-26T15:06:17","modified_gmt":"2025-08-26T19:06:17","slug":"geraud-de-lassus-st-genies","status":"publish","type":"authors","link":"https:\/\/policyoptions.irpp.org\/fr\/authors\/geraud-de-lassus-st-genies\/","title":{"rendered":"G\u00e9raud de Lassus St-Geni\u00e8s"},"content":{"rendered":"<p>G\u00e9raud de Lassus St-Geni\u00e8s est charg\u00e9 de cours \u00e0 la Facult\u00e9 de droit de l\u2019Universit\u00e9 Laval, et directeur adjoint de la Chaire de recherche et d\u2019innovation Goldcorp en droit des ressources naturelles et de l\u2019\u00e9nergie. Il est titulaire d\u2019un doctorat en droit des changements climatiques.<\/p>\n","protected":false},"featured_media":284631,"template":"","meta":{"_acf_changed":false,"content-type":"","ep_exclude_from_search":false},"class_list":["post-153093","authors","type-authors","status-publish","has-post-thumbnail","hentry"],"acf":[],"yoast_head":"<!-- This site is optimized with the Yoast SEO plugin v27.4 - https:\/\/yoast.com\/product\/yoast-seo-wordpress\/ -->\n<title>G\u00e9raud de Lassus St-Geni\u00e8s<\/title>\n<meta name=\"robots\" content=\"index, follow, max-snippet:-1, max-image-preview:large, max-video-preview:-1\" \/>\n<link rel=\"canonical\" href=\"https:\/\/policyoptions.irpp.org\/fr\/authors\/geraud-de-lassus-st-genies\/\" \/>\n<meta property=\"og:locale\" content=\"fr_FR\" \/>\n<meta property=\"og:type\" content=\"article\" \/>\n<meta property=\"og:title\" content=\"G\u00e9raud de Lassus St-Geni\u00e8s\" \/>\n<meta property=\"og:description\" content=\"G\u00e9raud de Lassus St-Geni\u00e8s est charg\u00e9 de cours \u00e0 la Facult\u00e9 de droit de l\u2019Universit\u00e9 Laval, et directeur adjoint de la Chaire de recherche et d\u2019innovation Goldcorp en droit des ressources naturelles et de l\u2019\u00e9nergie. Il est titulaire d\u2019un doctorat en droit des changements climatiques.\" \/>\n<meta property=\"og:url\" content=\"https:\/\/policyoptions.irpp.org\/fr\/authors\/geraud-de-lassus-st-genies\/\" \/>\n<meta property=\"og:site_name\" content=\"Policy Options\" \/>\n<meta property=\"article:publisher\" content=\"https:\/\/www.facebook.com\/IRPP.org\" \/>\n<meta property=\"article:modified_time\" content=\"2025-08-26T19:06:17+00:00\" \/>\n<meta property=\"og:image\" content=\"https:\/\/policyoptions.irpp.org\/wp-content\/uploads\/2017\/04\/gdelassusstgenies_avatar_1480098808-96x96.jpg\" \/>\n\t<meta property=\"og:image:width\" content=\"96\" \/>\n\t<meta property=\"og:image:height\" content=\"96\" \/>\n\t<meta property=\"og:image:type\" content=\"image\/jpeg\" \/>\n<meta name=\"twitter:card\" content=\"summary_large_image\" \/>\n<meta name=\"twitter:site\" content=\"@irpp\" \/>\n<script type=\"application\/ld+json\" class=\"yoast-schema-graph\">{\"@context\":\"https:\\\/\\\/schema.org\",\"@graph\":[{\"@type\":\"WebPage\",\"@id\":\"https:\\\/\\\/policyoptions.irpp.org\\\/fr\\\/authors\\\/geraud-de-lassus-st-genies\\\/\",\"url\":\"https:\\\/\\\/policyoptions.irpp.org\\\/fr\\\/authors\\\/geraud-de-lassus-st-genies\\\/\",\"name\":\"G\u00e9raud de Lassus St-Geni\u00e8s\",\"isPartOf\":{\"@id\":\"https:\\\/\\\/policyoptions.irpp.org\\\/fr\\\/#website\"},\"primaryImageOfPage\":{\"@id\":\"https:\\\/\\\/policyoptions.irpp.org\\\/fr\\\/authors\\\/geraud-de-lassus-st-genies\\\/#primaryimage\"},\"image\":{\"@id\":\"https:\\\/\\\/policyoptions.irpp.org\\\/fr\\\/authors\\\/geraud-de-lassus-st-genies\\\/#primaryimage\"},\"thumbnailUrl\":\"https:\\\/\\\/policyoptions.irpp.org\\\/wp-content\\\/uploads\\\/2025\\\/08\\\/gdelassusstgenies_avatar_1480098808-96x96-1.jpg\",\"datePublished\":\"2017-04-14T20:03:10+00:00\",\"dateModified\":\"2025-08-26T19:06:17+00:00\",\"breadcrumb\":{\"@id\":\"https:\\\/\\\/policyoptions.irpp.org\\\/fr\\\/authors\\\/geraud-de-lassus-st-genies\\\/#breadcrumb\"},\"inLanguage\":\"fr-FR\",\"potentialAction\":[{\"@type\":\"ReadAction\",\"target\":[\"https:\\\/\\\/policyoptions.irpp.org\\\/fr\\\/authors\\\/geraud-de-lassus-st-genies\\\/\"]}]},{\"@type\":\"ImageObject\",\"inLanguage\":\"fr-FR\",\"@id\":\"https:\\\/\\\/policyoptions.irpp.org\\\/fr\\\/authors\\\/geraud-de-lassus-st-genies\\\/#primaryimage\",\"url\":\"https:\\\/\\\/policyoptions.irpp.org\\\/wp-content\\\/uploads\\\/2025\\\/08\\\/gdelassusstgenies_avatar_1480098808-96x96-1.jpg\",\"contentUrl\":\"https:\\\/\\\/policyoptions.irpp.org\\\/wp-content\\\/uploads\\\/2025\\\/08\\\/gdelassusstgenies_avatar_1480098808-96x96-1.jpg\",\"width\":96,\"height\":96},{\"@type\":\"BreadcrumbList\",\"@id\":\"https:\\\/\\\/policyoptions.irpp.org\\\/fr\\\/authors\\\/geraud-de-lassus-st-genies\\\/#breadcrumb\",\"itemListElement\":[{\"@type\":\"ListItem\",\"position\":1,\"name\":\"Home\",\"item\":\"https:\\\/\\\/policyoptions.irpp.org\\\/fr\\\/\"},{\"@type\":\"ListItem\",\"position\":2,\"name\":\"Authors\",\"item\":\"https:\\\/\\\/policyoptions.irpp.org\\\/authors\\\/\"},{\"@type\":\"ListItem\",\"position\":3,\"name\":\"G\u00e9raud de Lassus St-Geni\u00e8s\"}]},{\"@type\":\"WebSite\",\"@id\":\"https:\\\/\\\/policyoptions.irpp.org\\\/fr\\\/#website\",\"url\":\"https:\\\/\\\/policyoptions.irpp.org\\\/fr\\\/\",\"name\":\"Policy Options\",\"description\":\"Institute for Research on Public Policy\",\"potentialAction\":[{\"@type\":\"SearchAction\",\"target\":{\"@type\":\"EntryPoint\",\"urlTemplate\":\"https:\\\/\\\/policyoptions.irpp.org\\\/fr\\\/?s={search_term_string}\"},\"query-input\":{\"@type\":\"PropertyValueSpecification\",\"valueRequired\":true,\"valueName\":\"search_term_string\"}}],\"inLanguage\":\"fr-FR\"}]}<\/script>\n<!-- \/ Yoast SEO plugin. -->","yoast_head_json":{"title":"G\u00e9raud de Lassus St-Geni\u00e8s","robots":{"index":"index","follow":"follow","max-snippet":"max-snippet:-1","max-image-preview":"max-image-preview:large","max-video-preview":"max-video-preview:-1"},"canonical":"https:\/\/policyoptions.irpp.org\/fr\/authors\/geraud-de-lassus-st-genies\/","og_locale":"fr_FR","og_type":"article","og_title":"G\u00e9raud de Lassus St-Geni\u00e8s","og_description":"G\u00e9raud de Lassus St-Geni\u00e8s est charg\u00e9 de cours \u00e0 la Facult\u00e9 de droit de l\u2019Universit\u00e9 Laval, et directeur adjoint de la Chaire de recherche et d\u2019innovation Goldcorp en droit des ressources naturelles et de l\u2019\u00e9nergie. Il est titulaire d\u2019un doctorat en droit des changements climatiques.","og_url":"https:\/\/policyoptions.irpp.org\/fr\/authors\/geraud-de-lassus-st-genies\/","og_site_name":"Policy Options","article_publisher":"https:\/\/www.facebook.com\/IRPP.org","article_modified_time":"2025-08-26T19:06:17+00:00","og_image":[{"width":96,"height":96,"url":"https:\/\/policyoptions.irpp.org\/wp-content\/uploads\/2017\/04\/gdelassusstgenies_avatar_1480098808-96x96.jpg","type":"image\/jpeg"}],"twitter_card":"summary_large_image","twitter_site":"@irpp","schema":{"@context":"https:\/\/schema.org","@graph":[{"@type":"WebPage","@id":"https:\/\/policyoptions.irpp.org\/fr\/authors\/geraud-de-lassus-st-genies\/","url":"https:\/\/policyoptions.irpp.org\/fr\/authors\/geraud-de-lassus-st-genies\/","name":"G\u00e9raud de Lassus St-Geni\u00e8s","isPartOf":{"@id":"https:\/\/policyoptions.irpp.org\/fr\/#website"},"primaryImageOfPage":{"@id":"https:\/\/policyoptions.irpp.org\/fr\/authors\/geraud-de-lassus-st-genies\/#primaryimage"},"image":{"@id":"https:\/\/policyoptions.irpp.org\/fr\/authors\/geraud-de-lassus-st-genies\/#primaryimage"},"thumbnailUrl":"https:\/\/policyoptions.irpp.org\/wp-content\/uploads\/2025\/08\/gdelassusstgenies_avatar_1480098808-96x96-1.jpg","datePublished":"2017-04-14T20:03:10+00:00","dateModified":"2025-08-26T19:06:17+00:00","breadcrumb":{"@id":"https:\/\/policyoptions.irpp.org\/fr\/authors\/geraud-de-lassus-st-genies\/#breadcrumb"},"inLanguage":"fr-FR","potentialAction":[{"@type":"ReadAction","target":["https:\/\/policyoptions.irpp.org\/fr\/authors\/geraud-de-lassus-st-genies\/"]}]},{"@type":"ImageObject","inLanguage":"fr-FR","@id":"https:\/\/policyoptions.irpp.org\/fr\/authors\/geraud-de-lassus-st-genies\/#primaryimage","url":"https:\/\/policyoptions.irpp.org\/wp-content\/uploads\/2025\/08\/gdelassusstgenies_avatar_1480098808-96x96-1.jpg","contentUrl":"https:\/\/policyoptions.irpp.org\/wp-content\/uploads\/2025\/08\/gdelassusstgenies_avatar_1480098808-96x96-1.jpg","width":96,"height":96},{"@type":"BreadcrumbList","@id":"https:\/\/policyoptions.irpp.org\/fr\/authors\/geraud-de-lassus-st-genies\/#breadcrumb","itemListElement":[{"@type":"ListItem","position":1,"name":"Home","item":"https:\/\/policyoptions.irpp.org\/fr\/"},{"@type":"ListItem","position":2,"name":"Authors","item":"https:\/\/policyoptions.irpp.org\/authors\/"},{"@type":"ListItem","position":3,"name":"G\u00e9raud de Lassus St-Geni\u00e8s"}]},{"@type":"WebSite","@id":"https:\/\/policyoptions.irpp.org\/fr\/#website","url":"https:\/\/policyoptions.irpp.org\/fr\/","name":"Policy Options","description":"Institute for Research on Public Policy","potentialAction":[{"@type":"SearchAction","target":{"@type":"EntryPoint","urlTemplate":"https:\/\/policyoptions.irpp.org\/fr\/?s={search_term_string}"},"query-input":{"@type":"PropertyValueSpecification","valueRequired":true,"valueName":"search_term_string"}}],"inLanguage":"fr-FR"}]}},"_links":{"self":[{"href":"https:\/\/policyoptions.irpp.org\/fr\/wp-json\/wp\/v2\/authors\/153093","targetHints":{"allow":["GET"]}}],"collection":[{"href":"https:\/\/policyoptions.irpp.org\/fr\/wp-json\/wp\/v2\/authors"}],"about":[{"href":"https:\/\/policyoptions.irpp.org\/fr\/wp-json\/wp\/v2\/types\/authors"}],"wp:featuredmedia":[{"embeddable":true,"href":"https:\/\/policyoptions.irpp.org\/fr\/wp-json\/wp\/v2\/media\/284631"}],"wp:attachment":[{"href":"https:\/\/policyoptions.irpp.org\/fr\/wp-json\/wp\/v2\/media?parent=153093"}],"curies":[{"name":"wp","href":"https:\/\/api.w.org\/{rel}","templated":true}]}}

Géraud de Lassus St-Geniès

<p>Géraud de Lassus St-Geniès est chargé de cours à la Faculté de droit de l’Université Laval, et directeur adjoint de la Chaire de recherche et d’innovation Goldcorp en droit des ressources naturelles et de l’énergie. Il est titulaire d’un doctorat en droit des changements climatiques.</p>

<!-- This site is optimized with the Yoast SEO plugin v27.4 - https://yoast.com/product/yoast-seo-wordpress/ -->
<title>Géraud de Lassus St-Geniès</title>
<meta name="robots" content="index, follow, max-snippet:-1, max-image-preview:large, max-video-preview:-1" />
<link rel="canonical" href="https://policyoptions.irpp.org/fr/authors/geraud-de-lassus-st-genies/" />
<meta property="og:locale" content="fr_FR" />
<meta property="og:type" content="article" />
<meta property="og:title" content="Géraud de Lassus St-Geniès" />
<meta property="og:description" content="Géraud de Lassus St-Geniès est chargé de cours à la Faculté de droit de l’Université Laval, et directeur adjoint de la Chaire de recherche et d’innovation Goldcorp en droit des ressources naturelles et de l’énergie. Il est titulaire d’un doctorat en droit des changements climatiques." />
<meta property="og:url" content="https://policyoptions.irpp.org/fr/authors/geraud-de-lassus-st-genies/" />
<meta property="og:site_name" content="Policy Options" />
<meta property="article:publisher" content="https://www.facebook.com/IRPP.org" />
<meta property="article:modified_time" content="2025-08-26T19:06:17+00:00" />
<meta property="og:image" content="https://policyoptions.irpp.org/wp-content/uploads/2017/04/gdelassusstgenies_avatar_1480098808-96x96.jpg" />
	<meta property="og:image:width" content="96" />
	<meta property="og:image:height" content="96" />
	<meta property="og:image:type" content="image/jpeg" />
<meta name="twitter:card" content="summary_large_image" />
<meta name="twitter:site" content="@irpp" />
<script type="application/ld+json" class="yoast-schema-graph">{"@context":"https:\/\/schema.org","@graph":[{"@type":"WebPage","@id":"https:\/\/policyoptions.irpp.org\/fr\/authors\/geraud-de-lassus-st-genies\/","url":"https:\/\/policyoptions.irpp.org\/fr\/authors\/geraud-de-lassus-st-genies\/","name":"Géraud de Lassus St-Geniès","isPartOf":{"@id":"https:\/\/policyoptions.irpp.org\/fr\/#website"},"primaryImageOfPage":{"@id":"https:\/\/policyoptions.irpp.org\/fr\/authors\/geraud-de-lassus-st-genies\/#primaryimage"},"image":{"@id":"https:\/\/policyoptions.irpp.org\/fr\/authors\/geraud-de-lassus-st-genies\/#primaryimage"},"thumbnailUrl":"https:\/\/policyoptions.irpp.org\/wp-content\/uploads\/2025\/08\/gdelassusstgenies_avatar_1480098808-96x96-1.jpg","datePublished":"2017-04-14T20:03:10+00:00","dateModified":"2025-08-26T19:06:17+00:00","breadcrumb":{"@id":"https:\/\/policyoptions.irpp.org\/fr\/authors\/geraud-de-lassus-st-genies\/#breadcrumb"},"inLanguage":"fr-FR","potentialAction":[{"@type":"ReadAction","target":["https:\/\/policyoptions.irpp.org\/fr\/authors\/geraud-de-lassus-st-genies\/"]}]},{"@type":"ImageObject","inLanguage":"fr-FR","@id":"https:\/\/policyoptions.irpp.org\/fr\/authors\/geraud-de-lassus-st-genies\/#primaryimage","url":"https:\/\/policyoptions.irpp.org\/wp-content\/uploads\/2025\/08\/gdelassusstgenies_avatar_1480098808-96x96-1.jpg","contentUrl":"https:\/\/policyoptions.irpp.org\/wp-content\/uploads\/2025\/08\/gdelassusstgenies_avatar_1480098808-96x96-1.jpg","width":96,"height":96},{"@type":"BreadcrumbList","@id":"https:\/\/policyoptions.irpp.org\/fr\/authors\/geraud-de-lassus-st-genies\/#breadcrumb","itemListElement":[{"@type":"ListItem","position":1,"name":"Home","item":"https:\/\/policyoptions.irpp.org\/fr\/"},{"@type":"ListItem","position":2,"name":"Authors","item":"https:\/\/policyoptions.irpp.org\/authors\/"},{"@type":"ListItem","position":3,"name":"Géraud de Lassus St-Geniès"}]},{"@type":"WebSite","@id":"https:\/\/policyoptions.irpp.org\/fr\/#website","url":"https:\/\/policyoptions.irpp.org\/fr\/","name":"Policy Options","description":"Institute for Research on Public Policy","potentialAction":[{"@type":"SearchAction","target":{"@type":"EntryPoint","urlTemplate":"https:\/\/policyoptions.irpp.org\/fr\/?s={search_term_string}"},"query-input":{"@type":"PropertyValueSpecification","valueRequired":true,"valueName":"search_term_string"}}],"inLanguage":"fr-FR"}]}</script>
<!-- / Yoast SEO plugin. -->

Géraud de Lassus St-Geniès est chargé de cours à la Faculté de droit de l’Université Laval, et directeur adjoint de la Chaire de recherche et d’innovation Goldcorp en droit des ressources naturelles et de l’énergie. Il est titulaire d’un doctorat en droit des changements climatiques.
