{"version":"1.0","provider_name":"Policy Options","provider_url":"https:\/\/policyoptions.irpp.org\/fr\/","title":"Countering violent extremism in Canada - Policy Options","type":"rich","width":600,"height":338,"html":"<blockquote class=\"wp-embedded-content\" data-secret=\"BMlQRabxQf\"><a href=\"https:\/\/policyoptions.irpp.org\/fr\/podcast\/policy-options-podcast-countering-violent-extremism-2\/\">Countering violent extremism in Canada<\/a><\/blockquote><iframe sandbox=\"allow-scripts\" security=\"restricted\" src=\"https:\/\/policyoptions.irpp.org\/fr\/podcast\/policy-options-podcast-countering-violent-extremism-2\/embed\/#?secret=BMlQRabxQf\" width=\"600\" height=\"338\" title=\"&#8220;Countering violent extremism in Canada&#8221; &#8212; Policy Options\" data-secret=\"BMlQRabxQf\" frameborder=\"0\" marginwidth=\"0\" marginheight=\"0\" scrolling=\"no\" class=\"wp-embedded-content\"><\/iframe><script>\n\/*! This file is auto-generated *\/\n!function(d,l){\"use strict\";l.querySelector&&d.addEventListener&&\"undefined\"!=typeof URL&&(d.wp=d.wp||{},d.wp.receiveEmbedMessage||(d.wp.receiveEmbedMessage=function(e){var t=e.data;if((t||t.secret||t.message||t.value)&&!\/[^a-zA-Z0-9]\/.test(t.secret)){for(var s,r,n,a=l.querySelectorAll('iframe[data-secret=\"'+t.secret+'\"]'),o=l.querySelectorAll('blockquote[data-secret=\"'+t.secret+'\"]'),c=new RegExp(\"^https?:$\",\"i\"),i=0;i<o.length;i++)o[i].style.display=\"none\";for(i=0;i<a.length;i++)s=a[i],e.source===s.contentWindow&&(s.removeAttribute(\"style\"),\"height\"===t.message?(1e3<(r=parseInt(t.value,10))?r=1e3:~~r<200&&(r=200),s.height=r):\"link\"===t.message&&(r=new URL(s.getAttribute(\"src\")),n=new URL(t.value),c.test(n.protocol))&&n.host===r.host&&l.activeElement===s&&(d.top.location.href=t.value))}},d.addEventListener(\"message\",d.wp.receiveEmbedMessage,!1),l.addEventListener(\"DOMContentLoaded\",function(){for(var e,t,s=l.querySelectorAll(\"iframe.wp-embedded-content\"),r=0;r<s.length;r++)(t=(e=s[r]).getAttribute(\"data-secret\"))||(t=Math.random().toString(36).substring(2,12),e.src+=\"#?secret=\"+t,e.setAttribute(\"data-secret\",t)),e.contentWindow.postMessage({message:\"ready\",secret:t},\"*\")},!1)))}(window,document);\n<\/script>\n","thumbnail_url":"https:\/\/policyoptions.irpp.org\/wp-content\/uploads\/2025\/08\/WordPress-Image-aaron-driver-RCMP-1920x672.png","thumbnail_width":1920,"thumbnail_height":672,"description":"Dans son Rapport public de 2016 sur la menace terroriste pour le Canada, S\u00e9curit\u00e9 publique Canada juge que les extr\u00e9mistes violents inspir\u00e9s par les attentats terroristes constituent la principale menace \u00e0 la s\u00e9curit\u00e9 du pays. Tandis que des groupes comme al-Qa\u00efda et le soi-disant \u00c9tat islamique continuent d\u2019utiliser efficacement Internet pour propager leur id\u00e9ologie radicale [&hellip;]"}

Dans son Rapport public de 2016 sur la menace terroriste pour le Canada, Sécurité publique Canada juge que les extrémistes violents inspirés par les attentats terroristes constituent la principale menace à la sécurité du pays. Tandis que des groupes comme al-Qaïda et le soi-disant État islamique continuent d’utiliser efficacement Internet pour propager leur idéologie radicale [&hellip;]
