{"version":"1.0","provider_name":"Policy Options","provider_url":"https:\/\/policyoptions.irpp.org\/fr\/","title":"\u00ab Western Alienation, Quebec Sovereignty\u202fand the Future of Canadian Unity \u00bb (Webinaire) - Policy Options","type":"rich","width":600,"height":338,"html":"<blockquote class=\"wp-embedded-content\" data-secret=\"iS3DuHExH1\"><a href=\"https:\/\/policyoptions.irpp.org\/fr\/events\/future-of-canadian-unity\/\">\u00ab Western Alienation, Quebec Sovereignty\u202fand the Future of Canadian Unity \u00bb (Webinaire)<\/a><\/blockquote><iframe sandbox=\"allow-scripts\" security=\"restricted\" src=\"https:\/\/policyoptions.irpp.org\/fr\/events\/future-of-canadian-unity\/embed\/#?secret=iS3DuHExH1\" width=\"600\" height=\"338\" title=\"&#8220;\u00ab Western Alienation, Quebec Sovereignty\u202fand the Future of Canadian Unity \u00bb (Webinaire)&#8221; &#8212; Policy Options\" data-secret=\"iS3DuHExH1\" frameborder=\"0\" marginwidth=\"0\" marginheight=\"0\" scrolling=\"no\" class=\"wp-embedded-content\"><\/iframe><script>\n\/*! This file is auto-generated *\/\n!function(d,l){\"use strict\";l.querySelector&&d.addEventListener&&\"undefined\"!=typeof URL&&(d.wp=d.wp||{},d.wp.receiveEmbedMessage||(d.wp.receiveEmbedMessage=function(e){var t=e.data;if((t||t.secret||t.message||t.value)&&!\/[^a-zA-Z0-9]\/.test(t.secret)){for(var s,r,n,a=l.querySelectorAll('iframe[data-secret=\"'+t.secret+'\"]'),o=l.querySelectorAll('blockquote[data-secret=\"'+t.secret+'\"]'),c=new RegExp(\"^https?:$\",\"i\"),i=0;i<o.length;i++)o[i].style.display=\"none\";for(i=0;i<a.length;i++)s=a[i],e.source===s.contentWindow&&(s.removeAttribute(\"style\"),\"height\"===t.message?(1e3<(r=parseInt(t.value,10))?r=1e3:~~r<200&&(r=200),s.height=r):\"link\"===t.message&&(r=new URL(s.getAttribute(\"src\")),n=new URL(t.value),c.test(n.protocol))&&n.host===r.host&&l.activeElement===s&&(d.top.location.href=t.value))}},d.addEventListener(\"message\",d.wp.receiveEmbedMessage,!1),l.addEventListener(\"DOMContentLoaded\",function(){for(var e,t,s=l.querySelectorAll(\"iframe.wp-embedded-content\"),r=0;r<s.length;r++)(t=(e=s[r]).getAttribute(\"data-secret\"))||(t=Math.random().toString(36).substring(2,12),e.src+=\"#?secret=\"+t,e.setAttribute(\"data-secret\",t)),e.contentWindow.postMessage({message:\"ready\",secret:t},\"*\")},!1)))}(window,document);\n<\/script>\n","thumbnail_url":"https:\/\/policyoptions.irpp.org\/wp-content\/uploads\/2025\/08\/25.05.07_image-scaled-3.jpg","thumbnail_width":2560,"thumbnail_height":1707,"description":"Les \u00e9lections f\u00e9d\u00e9rales \u00e9tant maintenant termin\u00e9es, l\u2019attention se tourne \u00e0 nouveau vers les habituels sujets chauds au Canada.\u00a0 O\u00f9 en sont d\u00e9sormais les mouvements ind\u00e9pendantistes albertains et saskatchewanais et le ressentiment qui les anime ? Comment se compare le projet souverainiste qu\u00e9b\u00e9cois ? Quel impact ces mouvements ont-ils sur l\u2019unit\u00e9 nationale, les relations intergouvernementales et [&hellip;]"}

Les élections fédérales étant maintenant terminées, l’attention se tourne à nouveau vers les habituels sujets chauds au Canada.  Où en sont désormais les mouvements indépendantistes albertains et saskatchewanais et le ressentiment qui les anime ? Comment se compare le projet souverainiste québécois ? Quel impact ces mouvements ont-ils sur l’unité nationale, les relations intergouvernementales et [&hellip;]
