{"version":"1.0","provider_name":"Policy Options","provider_url":"https:\/\/policyoptions.irpp.org\/fr\/","title":"Discours principal de notre gala : Les politiques publiques dans une perspective autochtone.  - Policy Options","type":"rich","width":600,"height":338,"html":"<blockquote class=\"wp-embedded-content\" data-secret=\"wDN69ng9gJ\"><a href=\"https:\/\/policyoptions.irpp.org\/fr\/events\/discours-principal\/\">Discours principal de notre gala :<em> Les politiques publiques dans une perspective autochtone. <\/em><\/a><\/blockquote><iframe sandbox=\"allow-scripts\" security=\"restricted\" src=\"https:\/\/policyoptions.irpp.org\/fr\/events\/discours-principal\/embed\/#?secret=wDN69ng9gJ\" width=\"600\" height=\"338\" title=\"&#8220;Discours principal de notre gala :&lt;em&gt; Les politiques publiques dans une perspective autochtone. &lt;\/em&gt;&#8221; &#8212; Policy Options\" data-secret=\"wDN69ng9gJ\" frameborder=\"0\" marginwidth=\"0\" marginheight=\"0\" scrolling=\"no\" class=\"wp-embedded-content\"><\/iframe><script>\n\/*! This file is auto-generated *\/\n!function(d,l){\"use strict\";l.querySelector&&d.addEventListener&&\"undefined\"!=typeof URL&&(d.wp=d.wp||{},d.wp.receiveEmbedMessage||(d.wp.receiveEmbedMessage=function(e){var t=e.data;if((t||t.secret||t.message||t.value)&&!\/[^a-zA-Z0-9]\/.test(t.secret)){for(var s,r,n,a=l.querySelectorAll('iframe[data-secret=\"'+t.secret+'\"]'),o=l.querySelectorAll('blockquote[data-secret=\"'+t.secret+'\"]'),c=new RegExp(\"^https?:$\",\"i\"),i=0;i<o.length;i++)o[i].style.display=\"none\";for(i=0;i<a.length;i++)s=a[i],e.source===s.contentWindow&&(s.removeAttribute(\"style\"),\"height\"===t.message?(1e3<(r=parseInt(t.value,10))?r=1e3:~~r<200&&(r=200),s.height=r):\"link\"===t.message&&(r=new URL(s.getAttribute(\"src\")),n=new URL(t.value),c.test(n.protocol))&&n.host===r.host&&l.activeElement===s&&(d.top.location.href=t.value))}},d.addEventListener(\"message\",d.wp.receiveEmbedMessage,!1),l.addEventListener(\"DOMContentLoaded\",function(){for(var e,t,s=l.querySelectorAll(\"iframe.wp-embedded-content\"),r=0;r<s.length;r++)(t=(e=s[r]).getAttribute(\"data-secret\"))||(t=Math.random().toString(36).substring(2,12),e.src+=\"#?secret=\"+t,e.setAttribute(\"data-secret\",t)),e.contentWindow.postMessage({message:\"ready\",secret:t},\"*\")},!1)))}(window,document);\n<\/script>\n","thumbnail_url":"https:\/\/policyoptions.irpp.org\/wp-content\/uploads\/2025\/08\/website-keynote.jpg","thumbnail_width":1920,"thumbnail_height":1080,"description":"Le professeur agr\u00e9g\u00e9 de la facult\u00e9 de droit de l\u2019Universit\u00e9 de Toronto et collaborateur r\u00e9gulier d\u2019Options politiques Douglas Sanderson (Amo Binashii) prononcera le discours principal lors de notre gala du 50e anniversaire \u00e0 Ottawa. En tant que membre de la Nation Cri Opaskwayak, il abordera le sujet des politiques publiques canadiennes dans une perspective autochtone. [&hellip;]"}

Le professeur agrégé de la faculté de droit de l’Université de Toronto et collaborateur régulier d’Options politiques Douglas Sanderson (Amo Binashii) prononcera le discours principal lors de notre gala du 50e anniversaire à Ottawa. En tant que membre de la Nation Cri Opaskwayak, il abordera le sujet des politiques publiques canadiennes dans une perspective autochtone. [&hellip;]
