{"version":"1.0","provider_name":"Policy Options","provider_url":"https:\/\/policyoptions.irpp.org\/fr\/","title":"Congr\u00e8s annuel de l'Association canadienne d'\u00e9conomique - Policy Options","type":"rich","width":600,"height":338,"html":"<blockquote class=\"wp-embedded-content\" data-secret=\"HRST5DmfmM\"><a href=\"https:\/\/policyoptions.irpp.org\/fr\/events\/congres-annuel-de-lassociation-canadienne-deconomique\/\">Congr\u00e8s annuel de l&#8217;Association canadienne d&#8217;\u00e9conomique<\/a><\/blockquote><iframe sandbox=\"allow-scripts\" security=\"restricted\" src=\"https:\/\/policyoptions.irpp.org\/fr\/events\/congres-annuel-de-lassociation-canadienne-deconomique\/embed\/#?secret=HRST5DmfmM\" width=\"600\" height=\"338\" title=\"&#8220;Congr\u00e8s annuel de l&#8217;Association canadienne d&#8217;\u00e9conomique&#8221; &#8212; Policy Options\" data-secret=\"HRST5DmfmM\" frameborder=\"0\" marginwidth=\"0\" marginheight=\"0\" scrolling=\"no\" class=\"wp-embedded-content\"><\/iframe><script>\n\/*! This file is auto-generated *\/\n!function(d,l){\"use strict\";l.querySelector&&d.addEventListener&&\"undefined\"!=typeof URL&&(d.wp=d.wp||{},d.wp.receiveEmbedMessage||(d.wp.receiveEmbedMessage=function(e){var t=e.data;if((t||t.secret||t.message||t.value)&&!\/[^a-zA-Z0-9]\/.test(t.secret)){for(var s,r,n,a=l.querySelectorAll('iframe[data-secret=\"'+t.secret+'\"]'),o=l.querySelectorAll('blockquote[data-secret=\"'+t.secret+'\"]'),c=new RegExp(\"^https?:$\",\"i\"),i=0;i<o.length;i++)o[i].style.display=\"none\";for(i=0;i<a.length;i++)s=a[i],e.source===s.contentWindow&&(s.removeAttribute(\"style\"),\"height\"===t.message?(1e3<(r=parseInt(t.value,10))?r=1e3:~~r<200&&(r=200),s.height=r):\"link\"===t.message&&(r=new URL(s.getAttribute(\"src\")),n=new URL(t.value),c.test(n.protocol))&&n.host===r.host&&l.activeElement===s&&(d.top.location.href=t.value))}},d.addEventListener(\"message\",d.wp.receiveEmbedMessage,!1),l.addEventListener(\"DOMContentLoaded\",function(){for(var e,t,s=l.querySelectorAll(\"iframe.wp-embedded-content\"),r=0;r<s.length;r++)(t=(e=s[r]).getAttribute(\"data-secret\"))||(t=Math.random().toString(36).substring(2,12),e.src+=\"#?secret=\"+t,e.setAttribute(\"data-secret\",t)),e.contentWindow.postMessage({message:\"ready\",secret:t},\"*\")},!1)))}(window,document);\n<\/script>\n","thumbnail_url":"https:\/\/policyoptions.irpp.org\/wp-content\/uploads\/2025\/08\/crowd-of-people.jpg","thumbnail_width":2000,"thumbnail_height":700,"description":"Au congr\u00e8s annuel de l&#8217;Association canadienne d&#8217;\u00e9conomique (ACE), Stephen Tapp, Ari Van Assche et Robert Wolfe ont pr\u00e9sent\u00e9 les r\u00e9sultats de r\u00e9centes recherches sur le lien entre productivit\u00e9 et activit\u00e9 commerciale, les cha\u00eenes de valeur mondiales et les politiques commerciales du Canada, tout en donnant un aper\u00e7u des \u00e9tudes \u00e0 venir de l&#8217;IRPP dans le [&hellip;]"}

Congrès annuel de l'Association canadienne d'économique - Policy Options

<blockquote class="wp-embedded-content" data-secret="HRST5DmfmM"><a href="https://policyoptions.irpp.org/fr/events/congres-annuel-de-lassociation-canadienne-deconomique/">Congrès annuel de l&#8217;Association canadienne d&#8217;économique</a></blockquote><iframe sandbox="allow-scripts" security="restricted" src="https://policyoptions.irpp.org/fr/events/congres-annuel-de-lassociation-canadienne-deconomique/embed/#?secret=HRST5DmfmM" width="600" height="338" title="&#8220;Congrès annuel de l&#8217;Association canadienne d&#8217;économique&#8221; &#8212; Policy Options" data-secret="HRST5DmfmM" frameborder="0" marginwidth="0" marginheight="0" scrolling="no" class="wp-embedded-content"></iframe><script>
/*! This file is auto-generated */
!function(d,l){"use strict";l.querySelector&&d.addEventListener&&"undefined"!=typeof URL&&(d.wp=d.wp||{},d.wp.receiveEmbedMessage||(d.wp.receiveEmbedMessage=function(e){var t=e.data;if((t||t.secret||t.message||t.value)&&!/[^a-zA-Z0-9]/.test(t.secret)){for(var s,r,n,a=l.querySelectorAll('iframe[data-secret="'+t.secret+'"]'),o=l.querySelectorAll('blockquote[data-secret="'+t.secret+'"]'),c=new RegExp("^https?:$","i"),i=0;i<o.length;i++)o[i].style.display="none";for(i=0;i<a.length;i++)s=a[i],e.source===s.contentWindow&&(s.removeAttribute("style"),"height"===t.message?(1e3<(r=parseInt(t.value,10))?r=1e3:~~r<200&&(r=200),s.height=r):"link"===t.message&&(r=new URL(s.getAttribute("src")),n=new URL(t.value),c.test(n.protocol))&&n.host===r.host&&l.activeElement===s&&(d.top.location.href=t.value))}},d.addEventListener("message",d.wp.receiveEmbedMessage,!1),l.addEventListener("DOMContentLoaded",function(){for(var e,t,s=l.querySelectorAll("iframe.wp-embedded-content"),r=0;r<s.length;r++)(t=(e=s[r]).getAttribute("data-secret"))||(t=Math.random().toString(36).substring(2,12),e.src+="#?secret="+t,e.setAttribute("data-secret",t)),e.contentWindow.postMessage({message:"ready",secret:t},"*")},!1)))}(window,document);
</script>

Au congrès annuel de l&#8217;Association canadienne d&#8217;économique (ACE), Stephen Tapp, Ari Van Assche et Robert Wolfe ont présenté les résultats de récentes recherches sur le lien entre productivité et activité commerciale, les chaînes de valeur mondiales et les politiques commerciales du Canada, tout en donnant un aperçu des études à venir de l&#8217;IRPP dans le [&hellip;]
