{"version":"1.0","provider_name":"Policy Options","provider_url":"https:\/\/policyoptions.irpp.org\/fr\/","title":"Les progressistes, les conservateurs et le climat","type":"rich","width":600,"height":338,"html":"<blockquote class=\"wp-embedded-content\" data-secret=\"270VxnLu9f\"><a href=\"https:\/\/policyoptions.irpp.org\/fr\/2023\/02\/progressistes-conservateurs-changements-climatiques\/\">Les progressistes, les conservateurs et le climat<\/a><\/blockquote><iframe sandbox=\"allow-scripts\" security=\"restricted\" src=\"https:\/\/policyoptions.irpp.org\/fr\/2023\/02\/progressistes-conservateurs-changements-climatiques\/embed\/#?secret=270VxnLu9f\" width=\"600\" height=\"338\" title=\"&#8220;Les progressistes, les conservateurs et le climat&#8221; &#8212; Policy Options\" data-secret=\"270VxnLu9f\" frameborder=\"0\" marginwidth=\"0\" marginheight=\"0\" scrolling=\"no\" class=\"wp-embedded-content\"><\/iframe><script>\n\/*! This file is auto-generated *\/\n!function(d,l){\"use strict\";l.querySelector&&d.addEventListener&&\"undefined\"!=typeof URL&&(d.wp=d.wp||{},d.wp.receiveEmbedMessage||(d.wp.receiveEmbedMessage=function(e){var t=e.data;if((t||t.secret||t.message||t.value)&&!\/[^a-zA-Z0-9]\/.test(t.secret)){for(var s,r,n,a=l.querySelectorAll('iframe[data-secret=\"'+t.secret+'\"]'),o=l.querySelectorAll('blockquote[data-secret=\"'+t.secret+'\"]'),c=new RegExp(\"^https?:$\",\"i\"),i=0;i<o.length;i++)o[i].style.display=\"none\";for(i=0;i<a.length;i++)s=a[i],e.source===s.contentWindow&&(s.removeAttribute(\"style\"),\"height\"===t.message?(1e3<(r=parseInt(t.value,10))?r=1e3:~~r<200&&(r=200),s.height=r):\"link\"===t.message&&(r=new URL(s.getAttribute(\"src\")),n=new URL(t.value),c.test(n.protocol))&&n.host===r.host&&l.activeElement===s&&(d.top.location.href=t.value))}},d.addEventListener(\"message\",d.wp.receiveEmbedMessage,!1),l.addEventListener(\"DOMContentLoaded\",function(){for(var e,t,s=l.querySelectorAll(\"iframe.wp-embedded-content\"),r=0;r<s.length;r++)(t=(e=s[r]).getAttribute(\"data-secret\"))||(t=Math.random().toString(36).substring(2,12),e.src+=\"#?secret=\"+t,e.setAttribute(\"data-secret\",t)),e.contentWindow.postMessage({message:\"ready\",secret:t},\"*\")},!1)))}(window,document);\n<\/script>\n","thumbnail_url":"https:\/\/policyoptions.irpp.org\/wp-content\/uploads\/2025\/08\/Wordpress-Les-progressistes-les-conservateurs-et-le-climat.jpg","thumbnail_width":1920,"thumbnail_height":1080,"description":"(English version available here) Les climaton\u00e9gationnistes n\u2019ont pas la cote dans les cercles progressistes. Dans les entrevues que j\u2019ai men\u00e9es pour pr\u00e9parer un ouvrage r\u00e9cemment paru, portant sur la polarisation politique et la protection de l\u2019environnement, des progressistes m\u2019ont confi\u00e9 \u00e0 quel point ils d\u00e9testaient les conservateurs, parce que ces derniers se fichent des changements [&hellip;]"}

(English version available here) Les climatonégationnistes n’ont pas la cote dans les cercles progressistes. Dans les entrevues que j’ai menées pour préparer un ouvrage récemment paru, portant sur la polarisation politique et la protection de l’environnement, des progressistes m’ont confié à quel point ils détestaient les conservateurs, parce que ces derniers se fichent des changements [&hellip;]
