{"version":"1.0","provider_name":"Policy Options","provider_url":"https:\/\/policyoptions.irpp.org\/fr\/","title":"\u00c0 qui appartient la Colline du Parlement ?","type":"rich","width":600,"height":338,"html":"<blockquote class=\"wp-embedded-content\" data-secret=\"xUcLBBy3Ae\"><a href=\"https:\/\/policyoptions.irpp.org\/fr\/2022\/02\/a-qui-appartient-la-colline-du-parlement\/\">\u00c0 qui appartient la Colline du Parlement ?<\/a><\/blockquote><iframe sandbox=\"allow-scripts\" security=\"restricted\" src=\"https:\/\/policyoptions.irpp.org\/fr\/2022\/02\/a-qui-appartient-la-colline-du-parlement\/embed\/#?secret=xUcLBBy3Ae\" width=\"600\" height=\"338\" title=\"&#8220;\u00c0 qui appartient la Colline du Parlement ?&#8221; &#8212; Policy Options\" data-secret=\"xUcLBBy3Ae\" frameborder=\"0\" marginwidth=\"0\" marginheight=\"0\" scrolling=\"no\" class=\"wp-embedded-content\"><\/iframe><script>\n\/*! This file is auto-generated *\/\n!function(d,l){\"use strict\";l.querySelector&&d.addEventListener&&\"undefined\"!=typeof URL&&(d.wp=d.wp||{},d.wp.receiveEmbedMessage||(d.wp.receiveEmbedMessage=function(e){var t=e.data;if((t||t.secret||t.message||t.value)&&!\/[^a-zA-Z0-9]\/.test(t.secret)){for(var s,r,n,a=l.querySelectorAll('iframe[data-secret=\"'+t.secret+'\"]'),o=l.querySelectorAll('blockquote[data-secret=\"'+t.secret+'\"]'),c=new RegExp(\"^https?:$\",\"i\"),i=0;i<o.length;i++)o[i].style.display=\"none\";for(i=0;i<a.length;i++)s=a[i],e.source===s.contentWindow&&(s.removeAttribute(\"style\"),\"height\"===t.message?(1e3<(r=parseInt(t.value,10))?r=1e3:~~r<200&&(r=200),s.height=r):\"link\"===t.message&&(r=new URL(s.getAttribute(\"src\")),n=new URL(t.value),c.test(n.protocol))&&n.host===r.host&&l.activeElement===s&&(d.top.location.href=t.value))}},d.addEventListener(\"message\",d.wp.receiveEmbedMessage,!1),l.addEventListener(\"DOMContentLoaded\",function(){for(var e,t,s=l.querySelectorAll(\"iframe.wp-embedded-content\"),r=0;r<s.length;r++)(t=(e=s[r]).getAttribute(\"data-secret\"))||(t=Math.random().toString(36).substring(2,12),e.src+=\"#?secret=\"+t,e.setAttribute(\"data-secret\",t)),e.contentWindow.postMessage({message:\"ready\",secret:t},\"*\")},!1)))}(window,document);\n<\/script>\n","thumbnail_url":"https:\/\/policyoptions.irpp.org\/wp-content\/uploads\/2025\/08\/c084734-v8.jpg","thumbnail_width":1000,"thumbnail_height":1001,"description":"En regardant les images chaotiques des rues congestionn\u00e9es du centre-ville d\u2019Ottawa, on pourrait oublier ce qui se dresse derri\u00e8re elles. Les \u00e9difices de la Colline du Parlement, qui sont le si\u00e8ge du gouvernement et un endroit o\u00f9 le premier ministre passe une grande partie de son temps, sont pourtant ce qui a attir\u00e9 le soi-disant [&hellip;]"}

À qui appartient la Colline du Parlement ?

<blockquote class="wp-embedded-content" data-secret="xUcLBBy3Ae"><a href="https://policyoptions.irpp.org/fr/2022/02/a-qui-appartient-la-colline-du-parlement/">À qui appartient la Colline du Parlement ?</a></blockquote><iframe sandbox="allow-scripts" security="restricted" src="https://policyoptions.irpp.org/fr/2022/02/a-qui-appartient-la-colline-du-parlement/embed/#?secret=xUcLBBy3Ae" width="600" height="338" title="&#8220;À qui appartient la Colline du Parlement ?&#8221; &#8212; Policy Options" data-secret="xUcLBBy3Ae" frameborder="0" marginwidth="0" marginheight="0" scrolling="no" class="wp-embedded-content"></iframe><script>
/*! This file is auto-generated */
!function(d,l){"use strict";l.querySelector&&d.addEventListener&&"undefined"!=typeof URL&&(d.wp=d.wp||{},d.wp.receiveEmbedMessage||(d.wp.receiveEmbedMessage=function(e){var t=e.data;if((t||t.secret||t.message||t.value)&&!/[^a-zA-Z0-9]/.test(t.secret)){for(var s,r,n,a=l.querySelectorAll('iframe[data-secret="'+t.secret+'"]'),o=l.querySelectorAll('blockquote[data-secret="'+t.secret+'"]'),c=new RegExp("^https?:$","i"),i=0;i<o.length;i++)o[i].style.display="none";for(i=0;i<a.length;i++)s=a[i],e.source===s.contentWindow&&(s.removeAttribute("style"),"height"===t.message?(1e3<(r=parseInt(t.value,10))?r=1e3:~~r<200&&(r=200),s.height=r):"link"===t.message&&(r=new URL(s.getAttribute("src")),n=new URL(t.value),c.test(n.protocol))&&n.host===r.host&&l.activeElement===s&&(d.top.location.href=t.value))}},d.addEventListener("message",d.wp.receiveEmbedMessage,!1),l.addEventListener("DOMContentLoaded",function(){for(var e,t,s=l.querySelectorAll("iframe.wp-embedded-content"),r=0;r<s.length;r++)(t=(e=s[r]).getAttribute("data-secret"))||(t=Math.random().toString(36).substring(2,12),e.src+="#?secret="+t,e.setAttribute("data-secret",t)),e.contentWindow.postMessage({message:"ready",secret:t},"*")},!1)))}(window,document);
</script>

En regardant les images chaotiques des rues congestionnées du centre-ville d’Ottawa, on pourrait oublier ce qui se dresse derrière elles. Les édifices de la Colline du Parlement, qui sont le siège du gouvernement et un endroit où le premier ministre passe une grande partie de son temps, sont pourtant ce qui a attiré le soi-disant [&hellip;]
