{"version":"1.0","provider_name":"Policy Options","provider_url":"https:\/\/policyoptions.irpp.org\/fr\/","title":"\u00c0 quand une pratique r\u00e9flexive pour les IPS ?","type":"rich","width":600,"height":338,"html":"<blockquote class=\"wp-embedded-content\" data-secret=\"Gs6fSyhl8Z\"><a href=\"https:\/\/policyoptions.irpp.org\/fr\/2019\/12\/a-quand-une-pratique-reflexive-pour-les-ips\/\">\u00c0 quand une pratique r\u00e9flexive pour les IPS ?<\/a><\/blockquote><iframe sandbox=\"allow-scripts\" security=\"restricted\" src=\"https:\/\/policyoptions.irpp.org\/fr\/2019\/12\/a-quand-une-pratique-reflexive-pour-les-ips\/embed\/#?secret=Gs6fSyhl8Z\" width=\"600\" height=\"338\" title=\"&#8220;\u00c0 quand une pratique r\u00e9flexive pour les IPS ?&#8221; &#8212; Policy Options\" data-secret=\"Gs6fSyhl8Z\" frameborder=\"0\" marginwidth=\"0\" marginheight=\"0\" scrolling=\"no\" class=\"wp-embedded-content\"><\/iframe><script>\n\/*! This file is auto-generated *\/\n!function(d,l){\"use strict\";l.querySelector&&d.addEventListener&&\"undefined\"!=typeof URL&&(d.wp=d.wp||{},d.wp.receiveEmbedMessage||(d.wp.receiveEmbedMessage=function(e){var t=e.data;if((t||t.secret||t.message||t.value)&&!\/[^a-zA-Z0-9]\/.test(t.secret)){for(var s,r,n,a=l.querySelectorAll('iframe[data-secret=\"'+t.secret+'\"]'),o=l.querySelectorAll('blockquote[data-secret=\"'+t.secret+'\"]'),c=new RegExp(\"^https?:$\",\"i\"),i=0;i<o.length;i++)o[i].style.display=\"none\";for(i=0;i<a.length;i++)s=a[i],e.source===s.contentWindow&&(s.removeAttribute(\"style\"),\"height\"===t.message?(1e3<(r=parseInt(t.value,10))?r=1e3:~~r<200&&(r=200),s.height=r):\"link\"===t.message&&(r=new URL(s.getAttribute(\"src\")),n=new URL(t.value),c.test(n.protocol))&&n.host===r.host&&l.activeElement===s&&(d.top.location.href=t.value))}},d.addEventListener(\"message\",d.wp.receiveEmbedMessage,!1),l.addEventListener(\"DOMContentLoaded\",function(){for(var e,t,s=l.querySelectorAll(\"iframe.wp-embedded-content\"),r=0;r<s.length;r++)(t=(e=s[r]).getAttribute(\"data-secret\"))||(t=Math.random().toString(36).substring(2,12),e.src+=\"#?secret=\"+t,e.setAttribute(\"data-secret\",t)),e.contentWindow.postMessage({message:\"ready\",secret:t},\"*\")},!1)))}(window,document);\n<\/script>\n","thumbnail_url":"https:\/\/policyoptions.irpp.org\/wp-content\/uploads\/2025\/08\/girard-1.jpg","thumbnail_width":2000,"thumbnail_height":700,"description":"Les 12 et 13\u00a0novembre derniers ont eu lieu les audiences publiques sur le projet de loi\u00a043, derni\u00e8re \u00e9tape d\u2019une modification importante qui sera apport\u00e9e au syst\u00e8me de soins de sant\u00e9 au Qu\u00e9bec. Ce projet de loi modifie la Loi sur les infirmi\u00e8res et les infirmiers \u00ab afin d\u2019accro\u00eetre les activit\u00e9s pouvant \u00eatre exerc\u00e9es par les [&hellip;]"}

À quand une pratique réflexive pour les IPS ?

<blockquote class="wp-embedded-content" data-secret="Gs6fSyhl8Z"><a href="https://policyoptions.irpp.org/fr/2019/12/a-quand-une-pratique-reflexive-pour-les-ips/">À quand une pratique réflexive pour les IPS ?</a></blockquote><iframe sandbox="allow-scripts" security="restricted" src="https://policyoptions.irpp.org/fr/2019/12/a-quand-une-pratique-reflexive-pour-les-ips/embed/#?secret=Gs6fSyhl8Z" width="600" height="338" title="&#8220;À quand une pratique réflexive pour les IPS ?&#8221; &#8212; Policy Options" data-secret="Gs6fSyhl8Z" frameborder="0" marginwidth="0" marginheight="0" scrolling="no" class="wp-embedded-content"></iframe><script>
/*! This file is auto-generated */
!function(d,l){"use strict";l.querySelector&&d.addEventListener&&"undefined"!=typeof URL&&(d.wp=d.wp||{},d.wp.receiveEmbedMessage||(d.wp.receiveEmbedMessage=function(e){var t=e.data;if((t||t.secret||t.message||t.value)&&!/[^a-zA-Z0-9]/.test(t.secret)){for(var s,r,n,a=l.querySelectorAll('iframe[data-secret="'+t.secret+'"]'),o=l.querySelectorAll('blockquote[data-secret="'+t.secret+'"]'),c=new RegExp("^https?:$","i"),i=0;i<o.length;i++)o[i].style.display="none";for(i=0;i<a.length;i++)s=a[i],e.source===s.contentWindow&&(s.removeAttribute("style"),"height"===t.message?(1e3<(r=parseInt(t.value,10))?r=1e3:~~r<200&&(r=200),s.height=r):"link"===t.message&&(r=new URL(s.getAttribute("src")),n=new URL(t.value),c.test(n.protocol))&&n.host===r.host&&l.activeElement===s&&(d.top.location.href=t.value))}},d.addEventListener("message",d.wp.receiveEmbedMessage,!1),l.addEventListener("DOMContentLoaded",function(){for(var e,t,s=l.querySelectorAll("iframe.wp-embedded-content"),r=0;r<s.length;r++)(t=(e=s[r]).getAttribute("data-secret"))||(t=Math.random().toString(36).substring(2,12),e.src+="#?secret="+t,e.setAttribute("data-secret",t)),e.contentWindow.postMessage({message:"ready",secret:t},"*")},!1)))}(window,document);
</script>

Les 12 et 13 novembre derniers ont eu lieu les audiences publiques sur le projet de loi 43, dernière étape d’une modification importante qui sera apportée au système de soins de santé au Québec. Ce projet de loi modifie la Loi sur les infirmières et les infirmiers « afin d’accroître les activités pouvant être exercées par les [&hellip;]
