{"version":"1.0","provider_name":"Policy Options","provider_url":"https:\/\/policyoptions.irpp.org\/fr\/","title":"La g\u00e9n\u00e9ration du postcentenaire du Canada","type":"rich","width":600,"height":338,"html":"<blockquote class=\"wp-embedded-content\" data-secret=\"iY8VJqnorp\"><a href=\"https:\/\/policyoptions.irpp.org\/fr\/2017\/06\/canadas-postcentennial-generation\/\">La g\u00e9n\u00e9ration du postcentenaire du Canada<\/a><\/blockquote><iframe sandbox=\"allow-scripts\" security=\"restricted\" src=\"https:\/\/policyoptions.irpp.org\/fr\/2017\/06\/canadas-postcentennial-generation\/embed\/#?secret=iY8VJqnorp\" width=\"600\" height=\"338\" title=\"&#8220;La g\u00e9n\u00e9ration du postcentenaire du Canada&#8221; &#8212; Policy Options\" data-secret=\"iY8VJqnorp\" frameborder=\"0\" marginwidth=\"0\" marginheight=\"0\" scrolling=\"no\" class=\"wp-embedded-content\"><\/iframe><script>\n\/*! This file is auto-generated *\/\n!function(d,l){\"use strict\";l.querySelector&&d.addEventListener&&\"undefined\"!=typeof URL&&(d.wp=d.wp||{},d.wp.receiveEmbedMessage||(d.wp.receiveEmbedMessage=function(e){var t=e.data;if((t||t.secret||t.message||t.value)&&!\/[^a-zA-Z0-9]\/.test(t.secret)){for(var s,r,n,a=l.querySelectorAll('iframe[data-secret=\"'+t.secret+'\"]'),o=l.querySelectorAll('blockquote[data-secret=\"'+t.secret+'\"]'),c=new RegExp(\"^https?:$\",\"i\"),i=0;i<o.length;i++)o[i].style.display=\"none\";for(i=0;i<a.length;i++)s=a[i],e.source===s.contentWindow&&(s.removeAttribute(\"style\"),\"height\"===t.message?(1e3<(r=parseInt(t.value,10))?r=1e3:~~r<200&&(r=200),s.height=r):\"link\"===t.message&&(r=new URL(s.getAttribute(\"src\")),n=new URL(t.value),c.test(n.protocol))&&n.host===r.host&&l.activeElement===s&&(d.top.location.href=t.value))}},d.addEventListener(\"message\",d.wp.receiveEmbedMessage,!1),l.addEventListener(\"DOMContentLoaded\",function(){for(var e,t,s=l.querySelectorAll(\"iframe.wp-embedded-content\"),r=0;r<s.length;r++)(t=(e=s[r]).getAttribute(\"data-secret\"))||(t=Math.random().toString(36).substring(2,12),e.src+=\"#?secret=\"+t,e.setAttribute(\"data-secret\",t)),e.contentWindow.postMessage({message:\"ready\",secret:t},\"*\")},!1)))}(window,document);\n<\/script>\n","thumbnail_url":"https:\/\/policyoptions.irpp.org\/wp-content\/uploads\/2025\/08\/fox-e1498671308402.jpg","thumbnail_width":1224,"thumbnail_height":1632,"description":"(Cet article a \u00e9t\u00e9 traduit de l&#8217;anglais.) Soyons honn\u00eate, le chiffre 150 ne suscite pas beaucoup d\u2019\u00e9motions.\u00a0Il n\u2019\u00e9voque rien de particuli\u00e8rement personnel.\u00a0Car si le cent-cinquantenaire du Canada marque une \u00e9tape et des r\u00e9alisations majeures (quelques \u00e9checs aussi), il ne marque pas nos propres parcours de citoyens. C\u2019est sans doute pourquoi la statue de Terry Fox [&hellip;]"}

La génération du postcentenaire du Canada

<blockquote class="wp-embedded-content" data-secret="iY8VJqnorp"><a href="https://policyoptions.irpp.org/fr/2017/06/canadas-postcentennial-generation/">La génération du postcentenaire du Canada</a></blockquote><iframe sandbox="allow-scripts" security="restricted" src="https://policyoptions.irpp.org/fr/2017/06/canadas-postcentennial-generation/embed/#?secret=iY8VJqnorp" width="600" height="338" title="&#8220;La génération du postcentenaire du Canada&#8221; &#8212; Policy Options" data-secret="iY8VJqnorp" frameborder="0" marginwidth="0" marginheight="0" scrolling="no" class="wp-embedded-content"></iframe><script>
/*! This file is auto-generated */
!function(d,l){"use strict";l.querySelector&&d.addEventListener&&"undefined"!=typeof URL&&(d.wp=d.wp||{},d.wp.receiveEmbedMessage||(d.wp.receiveEmbedMessage=function(e){var t=e.data;if((t||t.secret||t.message||t.value)&&!/[^a-zA-Z0-9]/.test(t.secret)){for(var s,r,n,a=l.querySelectorAll('iframe[data-secret="'+t.secret+'"]'),o=l.querySelectorAll('blockquote[data-secret="'+t.secret+'"]'),c=new RegExp("^https?:$","i"),i=0;i<o.length;i++)o[i].style.display="none";for(i=0;i<a.length;i++)s=a[i],e.source===s.contentWindow&&(s.removeAttribute("style"),"height"===t.message?(1e3<(r=parseInt(t.value,10))?r=1e3:~~r<200&&(r=200),s.height=r):"link"===t.message&&(r=new URL(s.getAttribute("src")),n=new URL(t.value),c.test(n.protocol))&&n.host===r.host&&l.activeElement===s&&(d.top.location.href=t.value))}},d.addEventListener("message",d.wp.receiveEmbedMessage,!1),l.addEventListener("DOMContentLoaded",function(){for(var e,t,s=l.querySelectorAll("iframe.wp-embedded-content"),r=0;r<s.length;r++)(t=(e=s[r]).getAttribute("data-secret"))||(t=Math.random().toString(36).substring(2,12),e.src+="#?secret="+t,e.setAttribute("data-secret",t)),e.contentWindow.postMessage({message:"ready",secret:t},"*")},!1)))}(window,document);
</script>

(Cet article a été traduit de l&#8217;anglais.) Soyons honnête, le chiffre 150 ne suscite pas beaucoup d’émotions. Il n’évoque rien de particulièrement personnel. Car si le cent-cinquantenaire du Canada marque une étape et des réalisations majeures (quelques échecs aussi), il ne marque pas nos propres parcours de citoyens. C’est sans doute pourquoi la statue de Terry Fox [&hellip;]
